114.119.144.222 - - [18/Sep/2022:06:40:32 -0700] "GET /images/ HTTP/1.1" 200 311 "https://earthmint.com?C=N%3BO%3DD" "Mozilla/5.0 (Linux; Android 7.0;) AppleWebKit/537.36 (KHTML, like Gecko) Mobile Safari/537.36 (compatible; PetalBot;+https://webmaster.petalsearch.com/site/petalbot)" "earthmint.com"
114.119.144.23 - - [18/Sep/2022:06:45:42 -0700] "GET /images?S=A HTTP/1.1" 301 1413 "https://earthmint.com/images?S=D" "Mozilla/5.0 (Linux; Android 7.0;) AppleWebKit/537.36 (KHTML, like Gecko) Mobile Safari/537.36 (compatible; PetalBot;+https://webmaster.petalsearch.com/site/petalbot)" "earthmint.com"
114.119.144.23 - - [18/Sep/2022:06:45:43 -0700] "GET /images/?S=A HTTP/1.1" 200 311 "https://earthmint.com/images?S=D" "Mozilla/5.0 (Linux; Android 7.0;) AppleWebKit/537.36 (KHTML, like Gecko) Mobile Safari/537.36 (compatible; PetalBot;+https://webmaster.petalsearch.com/site/petalbot)" "earthmint.com"
114.119.144.222 - - [18/Sep/2022:06:56:09 -0700] "GET /?S=D HTTP/1.1" 200 379 "-" "Mozilla/5.0 (Linux; Android 7.0;) AppleWebKit/537.36 (KHTML, like Gecko) Mobile Safari/537.36 (compatible; PetalBot;+https://webmaster.petalsearch.com/site/petalbot)" "www.earthmint.com"
114.119.144.226 - - [18/Sep/2022:07:01:23 -0700] "GET /index_files/ HTTP/1.1" 200 314 "https://www.earthmint.com/?D=A" "Mozilla/5.0 (Linux; Android 7.0;) AppleWebKit/537.36 (KHTML, like Gecko) Mobile Safari/537.36 (compatible; PetalBot;+https://webmaster.petalsearch.com/site/petalbot)" "www.earthmint.com"
114.119.144.229 - - [18/Sep/2022:07:06:34 -0700] "GET /index_files?S=A HTTP/1.1" 301 1419 "https://www.earthmint.com/index_files?M=D" "Mozilla/5.0 (Linux; Android 7.0;) AppleWebKit/537.36 (KHTML, like Gecko) Mobile Safari/537.36 (compatible; PetalBot;+https://webmaster.petalsearch.com/site/petalbot)" "www.earthmint.com"
114.119.144.229 - - [18/Sep/2022:07:06:34 -0700] "GET /index_files/?S=A HTTP/1.1" 200 314 "https://www.earthmint.com/index_files?M=D" "Mozilla/5.0 (Linux; Android 7.0;) AppleWebKit/537.36 (KHTML, like Gecko) Mobile Safari/537.36 (compatible; PetalBot;+https://webmaster.petalsearch.com/site/petalbot)" "www.earthmint.com"
114.119.144.222 - - [18/Sep/2022:07:11:47 -0700] "GET /images/?C=M%3BO%3DA HTTP/1.1" 200 311 "https://www.earthmint.com/images?D=A" "Mozilla/5.0 (Linux; Android 7.0;) AppleWebKit/537.36 (KHTML, like Gecko) Mobile Safari/537.36 (compatible; PetalBot;+https://webmaster.petalsearch.com/site/petalbot)" "www.earthmint.com"
114.119.129.36 - - [18/Sep/2022:07:16:56 -0700] "GET /index_files?D=A HTTP/1.1" 301 1414 "http://earthmint.com/index_files?M=A" "Mozilla/5.0 (Linux; Android 7.0;) AppleWebKit/537.36 (KHTML, like Gecko) Mobile Safari/537.36 (compatible; PetalBot;+https://webmaster.petalsearch.com/site/petalbot)" "earthmint.com"
114.119.129.36 - - [18/Sep/2022:07:16:56 -0700] "GET /index_files/?D=A HTTP/1.1" 200 314 "http://earthmint.com/index_files?M=A" "Mozilla/5.0 (Linux; Android 7.0;) AppleWebKit/537.36 (KHTML, like Gecko) Mobile Safari/537.36 (compatible; PetalBot;+https://webmaster.petalsearch.com/site/petalbot)" "earthmint.com"
114.119.144.222 - - [18/Sep/2022:07:22:07 -0700] "GET /tmp HTTP/1.1" 403 170 "https://www.earthmint.com/" "Mozilla/5.0 (Linux; Android 7.0;) AppleWebKit/537.36 (KHTML, like Gecko) Mobile Safari/537.36 (compatible; PetalBot;+https://webmaster.petalsearch.com/site/petalbot)" "www.earthmint.com"
114.119.129.36 - - [18/Sep/2022:07:27:19 -0700] "GET /index_files/?C=D%3BO%3DA HTTP/1.1" 200 314 "https://www.earthmint.com/index_files?D=D" "Mozilla/5.0 (Linux; Android 7.0;) AppleWebKit/537.36 (KHTML, like Gecko) Mobile Safari/537.36 (compatible; PetalBot;+https://webmaster.petalsearch.com/site/petalbot)" "www.earthmint.com"
114.119.144.226 - - [18/Sep/2022:07:32:36 -0700] "GET / HTTP/1.1" 200 379 "https://www.earthmint.com/index_files?D=D" "Mozilla/5.0 (Linux; Android 7.0;) AppleWebKit/537.36 (KHTML, like Gecko) Mobile Safari/537.36 (compatible; PetalBot;+https://webmaster.petalsearch.com/site/petalbot)" "www.earthmint.com"
208.67.104.167 - - [18/Sep/2022:08:44:09 -0700] "GET / HTTP/1.1" 200 379 "-" "python-requests/2.27.1" "earthmint.com"
207.46.13.208 - - [18/Sep/2022:09:12:44 -0700] "GET / HTTP/1.1" 200 379 "-" "Mozilla/5.0 (compatible; bingbot/2.0; +http://www.bing.com/bingbot.htm)" "earthmint.com"
207.46.13.208 - - [18/Sep/2022:10:07:38 -0700] "GET / HTTP/1.1" 200 379 "-" "Mozilla/5.0 (compatible; bingbot/2.0; +http://www.bing.com/bingbot.htm)" "www.earthmint.com"
40.77.167.105 - - [18/Sep/2022:10:35:22 -0700] "GET /robots.txt HTTP/1.1" 404 88 "-" "Mozilla/5.0 (compatible; bingbot/2.0; +http://www.bing.com/bingbot.htm)" "www.earthmint.com"
40.77.167.105 - - [18/Sep/2022:10:35:22 -0700] "GET /robots.txt HTTP/1.1" 404 88 "-" "Mozilla/5.0 (compatible; bingbot/2.0; +http://www.bing.com/bingbot.htm)" "www.earthmint.com"
207.46.13.206 - - [18/Sep/2022:10:35:25 -0700] "GET / HTTP/1.1" 200 379 "-" "Mozilla/5.0 (compatible; bingbot/2.0; +http://www.bing.com/bingbot.htm)" "www.earthmint.com"
162.55.85.227 - - [18/Sep/2022:12:19:33 -0700] "GET /robots.txt HTTP/1.1" 404 88 "-" "Mozilla/5.0 (compatible; BLEXBot/1.0; +http://webmeup-crawler.com/)" "www.earthmint.com"
162.55.85.227 - - [18/Sep/2022:12:19:35 -0700] "GET /sitemap HTTP/1.1" 404 88 "-" "Mozilla/5.0 (compatible; BLEXBot/1.0; +http://webmeup-crawler.com/)" "www.earthmint.com"
162.55.85.227 - - [18/Sep/2022:12:19:38 -0700] "GET /sitemap.txt HTTP/1.1" 404 88 "-" "Mozilla/5.0 (compatible; BLEXBot/1.0; +http://webmeup-crawler.com/)" "www.earthmint.com"
162.55.85.227 - - [18/Sep/2022:12:19:42 -0700] "GET /?C=D;O=D HTTP/1.1" 200 378 "-" "Mozilla/5.0 (compatible; BLEXBot/1.0; +http://webmeup-crawler.com/)" "www.earthmint.com"
162.55.85.227 - - [18/Sep/2022:12:19:45 -0700] "GET /?C=M;O=D HTTP/1.1" 200 378 "-" "Mozilla/5.0 (compatible; BLEXBot/1.0; +http://webmeup-crawler.com/)" "www.earthmint.com"
162.55.85.227 - - [18/Sep/2022:12:19:47 -0700] "GET /?C=N;O=A HTTP/1.1" 200 379 "-" "Mozilla/5.0 (compatible; BLEXBot/1.0; +http://webmeup-crawler.com/)" "www.earthmint.com"
162.55.85.227 - - [18/Sep/2022:12:19:50 -0700] "GET /?C=S;O=D HTTP/1.1" 200 378 "-" "Mozilla/5.0 (compatible; BLEXBot/1.0; +http://webmeup-crawler.com/)" "www.earthmint.com"
162.55.85.227 - - [18/Sep/2022:12:19:52 -0700] "GET /_private/ HTTP/1.1" 403 170 "-" "Mozilla/5.0 (compatible; BLEXBot/1.0; +http://webmeup-crawler.com/)" "www.earthmint.com"
162.55.85.227 - - [18/Sep/2022:12:19:55 -0700] "GET /images/?C=D;O=A HTTP/1.1" 200 311 "-" "Mozilla/5.0 (compatible; BLEXBot/1.0; +http://webmeup-crawler.com/)" "www.earthmint.com"
162.55.85.227 - - [18/Sep/2022:12:19:58 -0700] "GET /images/?C=M;O=A HTTP/1.1" 200 312 "-" "Mozilla/5.0 (compatible; BLEXBot/1.0; +http://webmeup-crawler.com/)" "www.earthmint.com"
162.55.85.227 - - [18/Sep/2022:12:20:37 -0700] "GET /images/?C=S;O=A HTTP/1.1" 200 311 "-" "Mozilla/5.0 (compatible; BLEXBot/1.0; +http://webmeup-crawler.com/)" "www.earthmint.com"
162.55.85.227 - - [18/Sep/2022:12:20:39 -0700] "GET /index_files/?C=D;O=A HTTP/1.1" 200 314 "-" "Mozilla/5.0 (compatible; BLEXBot/1.0; +http://webmeup-crawler.com/)" "www.earthmint.com"
162.55.85.227 - - [18/Sep/2022:12:20:41 -0700] "GET /index_files/?C=M;O=A HTTP/1.1" 200 314 "-" "Mozilla/5.0 (compatible; BLEXBot/1.0; +http://webmeup-crawler.com/)" "www.earthmint.com"
162.55.85.227 - - [18/Sep/2022:12:20:50 -0700] "GET /index_files/?C=N;O=D HTTP/1.1" 200 313 "-" "Mozilla/5.0 (compatible; BLEXBot/1.0; +http://webmeup-crawler.com/)" "www.earthmint.com"
162.55.85.227 - - [18/Sep/2022:12:20:54 -0700] "GET /index_files/?C=S;O=A HTTP/1.1" 200 315 "-" "Mozilla/5.0 (compatible; BLEXBot/1.0; +http://webmeup-crawler.com/)" "www.earthmint.com"
114.119.144.222 - - [18/Sep/2022:12:59:14 -0700] "GET /index_files HTTP/1.1" 301 1414 "https://earthmint.com?C=D%3BO%3DA" "Mozilla/5.0 (Linux; Android 7.0;) AppleWebKit/537.36 (KHTML, like Gecko) Mobile Safari/537.36 (compatible; PetalBot;+https://webmaster.petalsearch.com/site/petalbot)" "earthmint.com"
114.119.144.222 - - [18/Sep/2022:12:59:19 -0700] "GET /index_files/ HTTP/1.1" 200 314 "https://earthmint.com?C=D%3BO%3DA" "Mozilla/5.0 (Linux; Android 7.0;) AppleWebKit/537.36 (KHTML, like Gecko) Mobile Safari/537.36 (compatible; PetalBot;+https://webmaster.petalsearch.com/site/petalbot)" "earthmint.com"
207.46.13.206 - - [18/Sep/2022:14:15:38 -0700] "GET /_private/ HTTP/1.1" 403 170 "-" "Mozilla/5.0 AppleWebKit/537.36 (KHTML, like Gecko; compatible; bingbot/2.0; +http://www.bing.com/bingbot.htm) Chrome/103.0.5060.134 Safari/537.36" "earthmint.com"
114.119.148.49 - - [18/Sep/2022:14:17:14 -0700] "GET /robots.txt HTTP/1.1" 404 88 "-" "Mozilla/5.0 (compatible;PetalBot;+https://webmaster.petalsearch.com/site/petalbot)" "earthmint.com"
114.119.144.226 - - [18/Sep/2022:14:32:23 -0700] "GET /?M=A HTTP/1.1" 200 379 "-" "Mozilla/5.0 (Linux; Android 7.0;) AppleWebKit/537.36 (KHTML, like Gecko) Mobile Safari/537.36 (compatible; PetalBot;+https://webmaster.petalsearch.com/site/petalbot)" "earthmint.com"
114.119.144.23 - - [18/Sep/2022:14:42:19 -0700] "GET /images?D=D HTTP/1.1" 301 1414 "https://www.earthmint.com/images?D=A" "Mozilla/5.0 (Linux; Android 7.0;) AppleWebKit/537.36 (KHTML, like Gecko) Mobile Safari/537.36 (compatible; PetalBot;+https://webmaster.petalsearch.com/site/petalbot)" "www.earthmint.com"
114.119.144.23 - - [18/Sep/2022:14:42:20 -0700] "GET /images/?D=D HTTP/1.1" 200 311 "https://www.earthmint.com/images?D=A" "Mozilla/5.0 (Linux; Android 7.0;) AppleWebKit/537.36 (KHTML, like Gecko) Mobile Safari/537.36 (compatible; PetalBot;+https://webmaster.petalsearch.com/site/petalbot)" "www.earthmint.com"
114.119.144.23 - - [18/Sep/2022:15:02:53 -0700] "GET /robots.txt HTTP/1.1" 404 88 "-" "Mozilla/5.0 (Linux; Android 7.0;) AppleWebKit/537.36 (KHTML, like Gecko) Mobile Safari/537.36 (compatible; PetalBot;+https://webmaster.petalsearch.com/site/petalbot)" "www.earthmint.com"
114.119.144.222 - - [18/Sep/2022:15:08:27 -0700] "GET /?C=M%3BO%3DA HTTP/1.1" 200 379 "https://www.earthmint.com/?D=A" "Mozilla/5.0 (Linux; Android 7.0;) AppleWebKit/537.36 (KHTML, like Gecko) Mobile Safari/537.36 (compatible; PetalBot;+https://webmaster.petalsearch.com/site/petalbot)" "www.earthmint.com"
40.77.167.105 - - [18/Sep/2022:15:48:27 -0700] "GET /robots.txt HTTP/1.1" 404 88 "-" "Mozilla/5.0 (compatible; bingbot/2.0; +http://www.bing.com/bingbot.htm)" "earthmint.com"
40.77.167.105 - - [18/Sep/2022:15:48:27 -0700] "GET /robots.txt HTTP/1.1" 404 88 "-" "Mozilla/5.0 (compatible; bingbot/2.0; +http://www.bing.com/bingbot.htm)" "earthmint.com"
207.46.13.206 - - [18/Sep/2022:15:48:37 -0700] "GET / HTTP/1.1" 200 379 "-" "Mozilla/5.0 (compatible; bingbot/2.0; +http://www.bing.com/bingbot.htm)" "earthmint.com"
193.235.141.171 - - [18/Sep/2022:16:43:02 -0700] "GET / HTTP/1.1" 200 379 "-" "Mozilla/5.0 (Windows NT 10.0; Win64; x64) AppleWebKit/537.36 (KHTML, like Gecko) Chrome/105.0.0.0 Safari/537.36" "earthmint.com"
193.235.141.171 - - [18/Sep/2022:16:43:02 -0700] "GET /favicon.ico HTTP/1.1" 404 88 "-" "Mozilla/5.0 (Windows NT 10.0; Win64; x64) AppleWebKit/537.36 (KHTML, like Gecko) Chrome/105.0.0.0 Safari/537.36" "earthmint.com"
208.100.26.249 - - [18/Sep/2022:17:16:15 -0700] "GET / HTTP/1.1" 200 379 "-" "Mozilla/5.0 (Linux; Android 10; Pixel 4 XL) AppleWebKit/537.36 (KHTML, like Gecko) Chrome/80.0.3987.149 Mobile Safari/537.36" "earthmint.com"
208.100.26.249 - - [18/Sep/2022:17:16:15 -0700] "GET / HTTP/1.1" 200 379 "-" "Mozilla/5.0 (Android 7.0; Mobile; rv:65.0) Gecko/65.0 Firefox/65.0" "earthmint.com"
51.15.183.168 - - [18/Sep/2022:17:18:46 -0700] "GET /FCKeditor/editor/filemanager/browser/default/connectors/php/connector.php?Command=GetFoldersAndFiles&Type=File&CurrentFolder=%2F HTTP/1.1" 404 73 "-" "Mozilla/5.0 (Windows NT 6.3; Win64; x64) AppleWebKit/537.36 (KHTML, like Gecko) Chrome/75.0.3770.100 Safari/537.36" "earthmint.com"
118.184.177.50 - - [18/Sep/2022:18:10:33 -0700] "GET / HTTP/1.1" 200 379 "-" "Sogou web spider/4.0(+http://www.sogou.com/docs/help/webmasters.htm#07)" "earthmint.com"
157.55.39.225 - - [18/Sep/2022:18:22:12 -0700] "GET /images/ HTTP/1.1" 200 311 "-" "Mozilla/5.0 (compatible; bingbot/2.0; +http://www.bing.com/bingbot.htm)" "earthmint.com"
207.46.13.208 - - [18/Sep/2022:19:09:11 -0700] "GET / HTTP/1.1" 200 379 "-" "Mozilla/5.0 (compatible; bingbot/2.0; +http://www.bing.com/bingbot.htm)" "earthmint.com"
123.125.109.35 - - [18/Sep/2022:19:09:25 -0700] "GET / HTTP/1.1" 200 379 "-" "Sogou web spider/4.0(+http://www.sogou.com/docs/help/webmasters.htm#07)" "www.earthmint.com"
34.136.159.231 - - [18/Sep/2022:19:57:19 -0700] "GET / HTTP/1.1" 200 379 "-" "Mozilla/5.0 (X11; Linux x86_64) AppleWebKit/537.36 (KHTML, like Gecko) Chrome/108.0.0.0 Safari/537.36" "earthmint.com"
34.136.159.231 - - [18/Sep/2022:19:57:21 -0700] "GET /favicon.ico HTTP/1.1" 404 88 "http://earthmint.com/" "Mozilla/5.0 (X11; Linux x86_64) AppleWebKit/537.36 (KHTML, like Gecko) Chrome/108.0.0.0 Safari/537.36" "earthmint.com"
35.184.160.108 - - [18/Sep/2022:20:07:54 -0700] "GET / HTTP/1.1" 200 379 "-" "Mozilla/5.0 (X11; Linux x86_64) AppleWebKit/537.36 (KHTML, like Gecko) Chrome/108.0.0.0 Safari/537.36" "earthmint.com"
35.184.160.108 - - [18/Sep/2022:20:07:55 -0700] "GET /favicon.ico HTTP/1.1" 404 88 "http://earthmint.com/" "Mozilla/5.0 (X11; Linux x86_64) AppleWebKit/537.36 (KHTML, like Gecko) Chrome/108.0.0.0 Safari/537.36" "earthmint.com"
35.193.66.33 - - [18/Sep/2022:20:16:35 -0700] "GET / HTTP/1.1" 200 379 "-" "Mozilla/5.0 (X11; Linux x86_64) AppleWebKit/537.36 (KHTML, like Gecko) Chrome/108.0.0.0 Safari/537.36" "earthmint.com"
35.193.66.33 - - [18/Sep/2022:20:16:37 -0700] "GET /favicon.ico HTTP/1.1" 404 88 "http://earthmint.com/" "Mozilla/5.0 (X11; Linux x86_64) AppleWebKit/537.36 (KHTML, like Gecko) Chrome/108.0.0.0 Safari/537.36" "earthmint.com"
195.191.219.133 - - [18/Sep/2022:20:45:04 -0700] "GET /robots.txt HTTP/1.1" 404 73 "-" "Mozilla/5.0 (compatible; MJ12bot/v1.4.8; http://mj12bot.com/)" "www.earthmint.com"
195.191.219.133 - - [18/Sep/2022:20:45:06 -0700] "GET / HTTP/1.1" 200 379 "-" "Mozilla/5.0 (compatible; MJ12bot/v1.4.8; http://mj12bot.com/)" "www.earthmint.com"
118.184.177.85 - - [18/Sep/2022:21:00:53 -0700] "GET / HTTP/1.1" 200 379 "-" "Sogou web spider/4.0(+http://www.sogou.com/docs/help/webmasters.htm#07)" "earthmint.com"
176.9.146.74 - - [18/Sep/2022:21:15:24 -0700] "GET / HTTP/1.1" 200 379 "-" "Mozilla/5.0 (compatible; MegaIndex.ru/2.0; +http://megaindex.com/crawler)" "www.earthmint.com"
176.9.146.74 - - [18/Sep/2022:21:15:34 -0700] "GET /robots.txt HTTP/1.1" 404 88 "-" "Mozilla/5.0 (compatible; MegaIndex.ru/2.0; +http://megaindex.com/crawler)" "www.earthmint.com"
176.9.146.74 - - [18/Sep/2022:21:15:35 -0700] "GET /?C=N;O=D HTTP/1.1" 200 378 "-" "Mozilla/5.0 (compatible; MegaIndex.ru/2.0; +http://megaindex.com/crawler)" "www.earthmint.com"
176.9.146.74 - - [18/Sep/2022:21:15:36 -0700] "GET /?C=M;O=A HTTP/1.1" 200 380 "-" "Mozilla/5.0 (compatible; MegaIndex.ru/2.0; +http://megaindex.com/crawler)" "www.earthmint.com"
176.9.146.74 - - [18/Sep/2022:21:15:38 -0700] "GET /?C=S;O=A HTTP/1.1" 200 379 "-" "Mozilla/5.0 (compatible; MegaIndex.ru/2.0; +http://megaindex.com/crawler)" "www.earthmint.com"
176.9.146.74 - - [18/Sep/2022:21:15:39 -0700] "GET /?C=D;O=A HTTP/1.1" 200 379 "-" "Mozilla/5.0 (compatible; MegaIndex.ru/2.0; +http://megaindex.com/crawler)" "www.earthmint.com"
176.9.146.74 - - [18/Sep/2022:21:15:40 -0700] "GET /_private/ HTTP/1.1" 403 170 "-" "Mozilla/5.0 (compatible; MegaIndex.ru/2.0; +http://megaindex.com/crawler)" "www.earthmint.com"
176.9.146.74 - - [18/Sep/2022:21:15:41 -0700] "GET /images/ HTTP/1.1" 200 311 "-" "Mozilla/5.0 (compatible; MegaIndex.ru/2.0; +http://megaindex.com/crawler)" "www.earthmint.com"
176.9.146.74 - - [18/Sep/2022:21:15:43 -0700] "GET /index_files/ HTTP/1.1" 200 314 "-" "Mozilla/5.0 (compatible; MegaIndex.ru/2.0; +http://megaindex.com/crawler)" "www.earthmint.com"
176.9.146.74 - - [18/Sep/2022:21:15:44 -0700] "GET /?C=N;O=A HTTP/1.1" 200 379 "-" "Mozilla/5.0 (compatible; MegaIndex.ru/2.0; +http://megaindex.com/crawler)" "www.earthmint.com"
176.9.146.74 - - [18/Sep/2022:21:15:45 -0700] "GET /?C=M;O=D HTTP/1.1" 200 378 "-" "Mozilla/5.0 (compatible; MegaIndex.ru/2.0; +http://megaindex.com/crawler)" "www.earthmint.com"
176.9.146.74 - - [18/Sep/2022:21:15:46 -0700] "GET /?C=S;O=D HTTP/1.1" 200 378 "-" "Mozilla/5.0 (compatible; MegaIndex.ru/2.0; +http://megaindex.com/crawler)" "www.earthmint.com"
176.9.146.74 - - [18/Sep/2022:21:15:48 -0700] "GET /?C=D;O=D HTTP/1.1" 200 378 "-" "Mozilla/5.0 (compatible; MegaIndex.ru/2.0; +http://megaindex.com/crawler)" "www.earthmint.com"
176.9.146.74 - - [18/Sep/2022:21:15:49 -0700] "GET /images/?C=N;O=D HTTP/1.1" 200 309 "-" "Mozilla/5.0 (compatible; MegaIndex.ru/2.0; +http://megaindex.com/crawler)" "www.earthmint.com"
176.9.146.74 - - [18/Sep/2022:21:15:50 -0700] "GET /images/?C=M;O=A HTTP/1.1" 200 312 "-" "Mozilla/5.0 (compatible; MegaIndex.ru/2.0; +http://megaindex.com/crawler)" "www.earthmint.com"
176.9.146.74 - - [18/Sep/2022:21:15:51 -0700] "GET /images/?C=S;O=A HTTP/1.1" 200 311 "-" "Mozilla/5.0 (compatible; MegaIndex.ru/2.0; +http://megaindex.com/crawler)" "www.earthmint.com"
176.9.146.74 - - [18/Sep/2022:21:15:53 -0700] "GET /images/?C=D;O=A HTTP/1.1" 200 311 "-" "Mozilla/5.0 (compatible; MegaIndex.ru/2.0; +http://megaindex.com/crawler)" "www.earthmint.com"
176.9.146.74 - - [18/Sep/2022:21:15:54 -0700] "GET /index_files/?C=N;O=D HTTP/1.1" 200 313 "-" "Mozilla/5.0 (compatible; MegaIndex.ru/2.0; +http://megaindex.com/crawler)" "www.earthmint.com"
176.9.146.74 - - [18/Sep/2022:21:15:56 -0700] "GET /index_files/?C=M;O=A HTTP/1.1" 200 314 "-" "Mozilla/5.0 (compatible; MegaIndex.ru/2.0; +http://megaindex.com/crawler)" "www.earthmint.com"
176.9.146.74 - - [18/Sep/2022:21:15:57 -0700] "GET /index_files/?C=S;O=A HTTP/1.1" 200 315 "-" "Mozilla/5.0 (compatible; MegaIndex.ru/2.0; +http://megaindex.com/crawler)" "www.earthmint.com"
176.9.146.74 - - [18/Sep/2022:21:15:59 -0700] "GET /index_files/?C=D;O=A HTTP/1.1" 200 314 "-" "Mozilla/5.0 (compatible; MegaIndex.ru/2.0; +http://megaindex.com/crawler)" "www.earthmint.com"
176.9.146.74 - - [18/Sep/2022:21:15:59 -0700] "GET /images/?C=N;O=A HTTP/1.1" 200 311 "-" "Mozilla/5.0 (compatible; MegaIndex.ru/2.0; +http://megaindex.com/crawler)" "www.earthmint.com"
176.9.146.74 - - [18/Sep/2022:21:16:01 -0700] "GET /images/?C=M;O=D HTTP/1.1" 200 309 "-" "Mozilla/5.0 (compatible; MegaIndex.ru/2.0; +http://megaindex.com/crawler)" "www.earthmint.com"
176.9.146.74 - - [18/Sep/2022:21:16:02 -0700] "GET /images/?C=S;O=D HTTP/1.1" 200 309 "-" "Mozilla/5.0 (compatible; MegaIndex.ru/2.0; +http://megaindex.com/crawler)" "www.earthmint.com"
176.9.146.74 - - [18/Sep/2022:21:16:03 -0700] "GET /images/?C=D;O=D HTTP/1.1" 200 309 "-" "Mozilla/5.0 (compatible; MegaIndex.ru/2.0; +http://megaindex.com/crawler)" "www.earthmint.com"
176.9.146.74 - - [18/Sep/2022:21:16:05 -0700] "GET /index_files/?C=N;O=A HTTP/1.1" 200 314 "-" "Mozilla/5.0 (compatible; MegaIndex.ru/2.0; +http://megaindex.com/crawler)" "www.earthmint.com"
176.9.146.74 - - [18/Sep/2022:21:16:07 -0700] "GET /index_files/?C=M;O=D HTTP/1.1" 200 313 "-" "Mozilla/5.0 (compatible; MegaIndex.ru/2.0; +http://megaindex.com/crawler)" "www.earthmint.com"
176.9.146.74 - - [18/Sep/2022:21:16:08 -0700] "GET /index_files/?C=S;O=D HTTP/1.1" 200 313 "-" "Mozilla/5.0 (compatible; MegaIndex.ru/2.0; +http://megaindex.com/crawler)" "www.earthmint.com"
176.9.146.74 - - [18/Sep/2022:21:16:10 -0700] "GET /index_files/?C=D;O=D HTTP/1.1" 200 313 "-" "Mozilla/5.0 (compatible; MegaIndex.ru/2.0; +http://megaindex.com/crawler)" "www.earthmint.com"
157.55.39.225 - - [18/Sep/2022:22:23:54 -0700] "GET /index_files/ HTTP/1.1" 200 314 "-" "Mozilla/5.0 AppleWebKit/537.36 (KHTML, like Gecko; compatible; bingbot/2.0; +http://www.bing.com/bingbot.htm) Chrome/103.0.5060.134 Safari/537.36" "earthmint.com"
207.46.13.208 - - [18/Sep/2022:22:44:42 -0700] "GET / HTTP/1.1" 200 379 "-" "Mozilla/5.0 (compatible; bingbot/2.0; +http://www.bing.com/bingbot.htm)" "www.earthmint.com"
114.119.144.222 - - [18/Sep/2022:23:00:20 -0700] "GET /index_files?C=S%3BO%3DA HTTP/1.1" 301 1427 "https://earthmint.com/index_files?N=D" "Mozilla/5.0 (Linux; Android 7.0;) AppleWebKit/537.36 (KHTML, like Gecko) Mobile Safari/537.36 (compatible; PetalBot;+https://webmaster.petalsearch.com/site/petalbot)" "earthmint.com"
114.119.144.222 - - [18/Sep/2022:23:00:33 -0700] "GET /index_files/?C=S%3BO%3DA HTTP/1.1" 200 314 "https://earthmint.com/index_files?N=D" "Mozilla/5.0 (Linux; Android 7.0;) AppleWebKit/537.36 (KHTML, like Gecko) Mobile Safari/537.36 (compatible; PetalBot;+https://webmaster.petalsearch.com/site/petalbot)" "earthmint.com"
114.119.129.36 - - [18/Sep/2022:23:06:59 -0700] "GET /_private/ HTTP/1.1" 403 170 "http://earthmint.com?C=M%3BO%3DA" "Mozilla/5.0 (Linux; Android 7.0;) AppleWebKit/537.36 (KHTML, like Gecko) Mobile Safari/537.36 (compatible; PetalBot;+https://webmaster.petalsearch.com/site/petalbot)" "earthmint.com"
207.46.13.206 - - [18/Sep/2022:23:12:28 -0700] "GET / HTTP/1.1" 200 379 "-" "Mozilla/5.0 (compatible; bingbot/2.0; +http://www.bing.com/bingbot.htm)" "www.earthmint.com"
114.119.144.23 - - [18/Sep/2022:23:25:59 -0700] "GET /?C=M%3BO%3DA HTTP/1.1" 200 379 "https://www.earthmint.com?C=S%3BO%3DA" "Mozilla/5.0 (Linux; Android 7.0;) AppleWebKit/537.36 (KHTML, like Gecko) Mobile Safari/537.36 (compatible; PetalBot;+https://webmaster.petalsearch.com/site/petalbot)" "www.earthmint.com"
5.45.207.116 - - [19/Sep/2022:00:17:48 -0700] "GET /robots.txt HTTP/1.1" 404 73 "-" "Mozilla/5.0 (compatible; YandexBot/3.0; +http://yandex.com/bots)" "earthmint.com"
87.250.224.96 - - [19/Sep/2022:00:17:51 -0700] "GET /?C=D;O=A HTTP/1.1" 200 379 "-" "Mozilla/5.0 (compatible; YandexBot/3.0; +http://yandex.com/bots)" "earthmint.com"
184.94.240.88 - - [19/Sep/2022:00:22:31 -0700] "GET / HTTP/1.1" 200 849 "-" "Mozilla/5.0 (Windows NT 10.0; Win64; x64; rv:65.0) Gecko/20100101 Firefox/65.0" "earthmint.com"
184.94.240.88 - - [19/Sep/2022:00:22:42 -0700] "GET /?C=M;O=A HTTP/1.1" 200 849 "-" "Mozilla/5.0 (Windows NT 10.0; Win64; x64; rv:65.0) Gecko/20100101 Firefox/65.0" "earthmint.com"
184.94.240.88 - - [19/Sep/2022:00:22:43 -0700] "GET /?C=S;O=A HTTP/1.1" 200 849 "-" "Mozilla/5.0 (Windows NT 10.0; Win64; x64; rv:65.0) Gecko/20100101 Firefox/65.0" "earthmint.com"
184.94.240.88 - - [19/Sep/2022:00:22:45 -0700] "GET /?C=D;O=A HTTP/1.1" 200 849 "-" "Mozilla/5.0 (Windows NT 10.0; Win64; x64; rv:65.0) Gecko/20100101 Firefox/65.0" "earthmint.com"
184.94.240.88 - - [19/Sep/2022:00:22:45 -0700] "GET /?C=N;O=A HTTP/1.1" 200 849 "-" "Mozilla/5.0 (Windows NT 10.0; Win64; x64; rv:65.0) Gecko/20100101 Firefox/65.0" "earthmint.com"
184.94.240.88 - - [19/Sep/2022:00:22:46 -0700] "GET /?C=M;O=D HTTP/1.1" 200 849 "-" "Mozilla/5.0 (Windows NT 10.0; Win64; x64; rv:65.0) Gecko/20100101 Firefox/65.0" "earthmint.com"
184.94.240.88 - - [19/Sep/2022:00:22:46 -0700] "GET /?C=N;O=D HTTP/1.1" 200 849 "-" "Mozilla/5.0 (Windows NT 10.0; Win64; x64; rv:65.0) Gecko/20100101 Firefox/65.0" "earthmint.com"
184.94.240.88 - - [19/Sep/2022:00:22:57 -0700] "GET /index_files/ HTTP/1.1" 200 560 "-" "Mozilla/5.0 (Windows NT 10.0; Win64; x64; rv:65.0) Gecko/20100101 Firefox/65.0" "earthmint.com"
184.94.240.88 - - [19/Sep/2022:00:22:58 -0700] "GET /index_files/?C=S;O=A HTTP/1.1" 200 560 "-" "Mozilla/5.0 (Windows NT 10.0; Win64; x64; rv:65.0) Gecko/20100101 Firefox/65.0" "earthmint.com"
184.94.240.88 - - [19/Sep/2022:00:22:58 -0700] "GET /index_files/?C=N;O=D HTTP/1.1" 200 560 "-" "Mozilla/5.0 (Windows NT 10.0; Win64; x64; rv:65.0) Gecko/20100101 Firefox/65.0" "earthmint.com"
184.94.240.88 - - [19/Sep/2022:00:22:59 -0700] "GET /index_files/?C=D;O=A HTTP/1.1" 200 560 "-" "Mozilla/5.0 (Windows NT 10.0; Win64; x64; rv:65.0) Gecko/20100101 Firefox/65.0" "earthmint.com"
184.94.240.88 - - [19/Sep/2022:00:22:59 -0700] "GET /index_files/?C=M;O=A HTTP/1.1" 200 560 "-" "Mozilla/5.0 (Windows NT 10.0; Win64; x64; rv:65.0) Gecko/20100101 Firefox/65.0" "earthmint.com"
20.0.153.29 - - [19/Sep/2022:01:37:49 -0700] "GET / HTTP/1.1" 200 379 "-" "Go-http-client/1.1" "earthmint.com"
20.0.153.29 - - [19/Sep/2022:01:37:49 -0700] "GET /wp-includes/css/buttons.css HTTP/1.1" 404 88 "-" "Go-http-client/1.1" "earthmint.com"
20.0.153.29 - - [19/Sep/2022:01:37:50 -0700] "GET /media/system/js/core.js HTTP/1.1" 404 88 "-" "Go-http-client/1.1" "earthmint.com"
123.125.109.128 - - [19/Sep/2022:01:47:06 -0700] "GET / HTTP/1.1" 200 379 "-" "Sogou web spider/4.0(+http://www.sogou.com/docs/help/webmasters.htm#07)" "earthmint.com"
207.46.13.206 - - [19/Sep/2022:02:19:15 -0700] "GET / HTTP/1.1" 200 379 "-" "Mozilla/5.0 AppleWebKit/537.36 (KHTML, like Gecko; compatible; bingbot/2.0; +http://www.bing.com/bingbot.htm) Chrome/103.0.5060.134 Safari/537.36" "earthmint.com"
194.38.20.161 - - [19/Sep/2022:02:25:47 -0700] "GET /wp-content/themes/optimizepress/lib/admin/media-upload.php HTTP/1.1" 404 73 "-" "ALittle Client" "earthmint.com"
157.55.39.225 - - [19/Sep/2022:02:48:11 -0700] "GET /?c=s;o=a HTTP/1.1" 200 379 "-" "Mozilla/5.0 (compatible; bingbot/2.0; +http://www.bing.com/bingbot.htm)" "earthmint.com"
61.135.159.193 - - [19/Sep/2022:03:21:44 -0700] "GET / HTTP/1.1" 200 379 "-" "Sogou web spider/4.0(+http://www.sogou.com/docs/help/webmasters.htm#07)" "www.earthmint.com"
157.55.39.225 - - [19/Sep/2022:03:39:55 -0700] "GET /index_files HTTP/1.1" 301 1410 "-" "Mozilla/5.0 (compatible; bingbot/2.0; +http://www.bing.com/bingbot.htm)" "earthmint.com"
157.55.39.225 - - [19/Sep/2022:03:39:56 -0700] "GET /index_files/ HTTP/1.1" 200 314 "-" "Mozilla/5.0 (compatible; bingbot/2.0; +http://www.bing.com/bingbot.htm)" "earthmint.com"
63.34.179.201 - - [19/Sep/2022:04:35:07 -0700] "GET / HTTP/1.1" 200 379 "-" "Mozilla/5.0 (Macintosh; Intel Mac OS X 10_9_3) AppleWebKit/537.36 (KHTML, like Gecko) Chrome/35.0.1916.47 Safari/537.36" "www.earthmint.com"
207.46.13.206 - - [19/Sep/2022:04:36:00 -0700] "GET /?c=m;o=a HTTP/1.1" 200 379 "-" "Mozilla/5.0 AppleWebKit/537.36 (KHTML, like Gecko; compatible; bingbot/2.0; +http://www.bing.com/bingbot.htm) Chrome/103.0.5060.134 Safari/537.36" "earthmint.com"
207.46.13.206 - - [19/Sep/2022:05:13:24 -0700] "GET /_private HTTP/1.1" 301 1406 "-" "Mozilla/5.0 (compatible; bingbot/2.0; +http://www.bing.com/bingbot.htm)" "earthmint.com"
207.46.13.206 - - [19/Sep/2022:05:13:25 -0700] "GET /_private/ HTTP/1.1" 403 170 "-" "Mozilla/5.0 (compatible; bingbot/2.0; +http://www.bing.com/bingbot.htm)" "earthmint.com"
207.46.13.208 - - [19/Sep/2022:05:15:41 -0700] "GET / HTTP/1.1" 200 379 "-" "Mozilla/5.0 (compatible; bingbot/2.0; +http://www.bing.com/bingbot.htm)" "earthmint.com"
114.119.139.110 - - [19/Sep/2022:05:17:28 -0700] "GET /robots.txt HTTP/1.1" 404 88 "-" "Mozilla/5.0 (compatible;PetalBot;+https://webmaster.petalsearch.com/site/petalbot)" "www.earthmint.com"
54.188.240.187 - - [19/Sep/2022:05:24:41 -0700] "GET / HTTP/1.1" 200 379 "-" "Mozilla/5.0 (X11; Linux x86_64) AppleWebKit/537.36 (KHTML, like Gecko) Chrome/83.0.4103.97 Safari/537.36" "earthmint.com"
34.210.28.115 - - [19/Sep/2022:05:25:03 -0700] "GET / HTTP/1.1" 200 379 "-" "Mozilla/5.0 (X11; Linux x86_64) AppleWebKit/537.36 (KHTML, like Gecko) Chrome/83.0.4103.97 Safari/537.36" "earthmint.com"
54.218.104.84 - - [19/Sep/2022:05:25:19 -0700] "GET /favicon.ico HTTP/1.1" 404 88 "-" "Mozilla/5.0 (X11; Linux x86_64) AppleWebKit/537.36 (KHTML, like Gecko) Chrome/83.0.4103.97 Safari/537.36" "earthmint.com"
54.218.104.84 - - [19/Sep/2022:05:25:20 -0700] "GET / HTTP/1.1" 200 379 "-" "Mozilla/5.0 (X11; Linux x86_64) AppleWebKit/537.36 (KHTML, like Gecko) Chrome/83.0.4103.97 Safari/537.36" "earthmint.com"
35.89.57.101 - - [19/Sep/2022:05:25:42 -0700] "GET / HTTP/1.1" 200 379 "-" "Mozilla/5.0 (X11; Linux x86_64) AppleWebKit/537.36 (KHTML, like Gecko) Chrome/83.0.4103.97 Safari/537.36" "earthmint.com"
52.12.234.97 - - [19/Sep/2022:05:26:02 -0700] "GET /favicon.ico HTTP/1.1" 404 88 "-" "Mozilla/5.0 (X11; Linux x86_64) AppleWebKit/537.36 (KHTML, like Gecko) Chrome/83.0.4103.97 Safari/537.36" "earthmint.com"
52.12.234.97 - - [19/Sep/2022:05:26:02 -0700] "GET / HTTP/1.1" 200 379 "-" "Mozilla/5.0 (X11; Linux x86_64) AppleWebKit/537.36 (KHTML, like Gecko) Chrome/83.0.4103.97 Safari/537.36" "earthmint.com"
34.221.195.188 - - [19/Sep/2022:05:26:30 -0700] "GET /favicon.ico HTTP/1.1" 404 88 "-" "Mozilla/5.0 (X11; Linux x86_64) AppleWebKit/537.36 (KHTML, like Gecko) Chrome/83.0.4103.97 Safari/537.36" "earthmint.com"
34.221.195.188 - - [19/Sep/2022:05:26:30 -0700] "GET / HTTP/1.1" 200 379 "-" "Mozilla/5.0 (X11; Linux x86_64) AppleWebKit/537.36 (KHTML, like Gecko) Chrome/83.0.4103.97 Safari/537.36" "earthmint.com"
207.46.13.206 - - [19/Sep/2022:05:34:16 -0700] "GET /?c=n;o=d HTTP/1.1" 200 379 "-" "Mozilla/5.0 (compatible; bingbot/2.0; +http://www.bing.com/bingbot.htm)" "earthmint.com"
195.201.9.240 - - [19/Sep/2022:05:53:51 -0700] "GET / HTTP/1.1" 200 849 "-" "Mozilla/5.0 (X11; Linux x86_64) AppleWebKit/537.36 (KHTML, like Gecko) Chrome/90.0.4430.212 Safari/537.36" "www.earthmint.com"
61.135.159.193 - - [19/Sep/2022:06:18:04 -0700] "GET / HTTP/1.1" 200 379 "-" "Sogou web spider/4.0(+http://www.sogou.com/docs/help/webmasters.htm#07)" "www.earthmint.com"
123.125.109.128 - - [19/Sep/2022:06:26:01 -0700] "GET / HTTP/1.1" 200 379 "-" "Sogou web spider/4.0(+http://www.sogou.com/docs/help/webmasters.htm#07)" "earthmint.com"
104.154.33.250 - - [19/Sep/2022:06:26:35 -0700] "GET / HTTP/1.1" 200 379 "-" "Mozilla/5.0 (X11; Linux x86_64) AppleWebKit/537.36 (KHTML, like Gecko) Chrome/108.0.0.0 Safari/537.36" "earthmint.com"
104.154.33.250 - - [19/Sep/2022:06:26:36 -0700] "GET /favicon.ico HTTP/1.1" 404 88 "http://earthmint.com/" "Mozilla/5.0 (X11; Linux x86_64) AppleWebKit/537.36 (KHTML, like Gecko) Chrome/108.0.0.0 Safari/537.36" "earthmint.com"
87.250.224.147 - - [19/Sep/2022:06:34:07 -0700] "GET /robots.txt HTTP/1.1" 404 73 "-" "Mozilla/5.0 (compatible; YandexBot/3.0; +http://yandex.com/bots)" "earthmint.com"
154.210.118.66 - - [19/Sep/2022:07:02:09 -0700] "GET / HTTP/1.1" 200 379 "-" "Mozilla/5.0 (Windows NT 10.0; Win64; x64) AppleWebKit/537.36 (KHTML, like Gecko) Chrome/85.0.4183.121 Safari/537.36" "earthmint.com"
157.55.39.86 - - [19/Sep/2022:07:18:39 -0700] "GET /robots.txt HTTP/1.1" 404 88 "-" "Mozilla/5.0 AppleWebKit/537.36 (KHTML, like Gecko; compatible; bingbot/2.0; +http://www.bing.com/bingbot.htm) Chrome/103.0.5060.134 Safari/537.36" "www.earthmint.com"
207.46.13.208 - - [19/Sep/2022:07:18:42 -0700] "GET / HTTP/1.1" 200 379 "-" "Mozilla/5.0 (compatible; bingbot/2.0; +http://www.bing.com/bingbot.htm)" "www.earthmint.com"
157.55.39.225 - - [19/Sep/2022:07:19:28 -0700] "GET /images HTTP/1.1" 301 1404 "-" "Mozilla/5.0 (compatible; bingbot/2.0; +http://www.bing.com/bingbot.htm)" "earthmint.com"
157.55.39.225 - - [19/Sep/2022:07:19:29 -0700] "GET /images/ HTTP/1.1" 200 311 "-" "Mozilla/5.0 (compatible; bingbot/2.0; +http://www.bing.com/bingbot.htm)" "earthmint.com"
114.119.144.226 - - [19/Sep/2022:07:22:47 -0700] "GET /?N=D HTTP/1.1" 200 379 "https://www.earthmint.com/" "Mozilla/5.0 (Linux; Android 7.0;) AppleWebKit/537.36 (KHTML, like Gecko) Mobile Safari/537.36 (compatible; PetalBot;+https://webmaster.petalsearch.com/site/petalbot)" "www.earthmint.com"
114.119.129.36 - - [19/Sep/2022:07:29:11 -0700] "GET /images?M=D HTTP/1.1" 301 1414 "https://www.earthmint.com/images?M=A" "Mozilla/5.0 (Linux; Android 7.0;) AppleWebKit/537.36 (KHTML, like Gecko) Mobile Safari/537.36 (compatible; PetalBot;+https://webmaster.petalsearch.com/site/petalbot)" "www.earthmint.com"
114.119.129.36 - - [19/Sep/2022:07:29:25 -0700] "GET /images/?M=D HTTP/1.1" 200 311 "https://www.earthmint.com/images?M=A" "Mozilla/5.0 (Linux; Android 7.0;) AppleWebKit/537.36 (KHTML, like Gecko) Mobile Safari/537.36 (compatible; PetalBot;+https://webmaster.petalsearch.com/site/petalbot)" "www.earthmint.com"
207.46.13.206 - - [19/Sep/2022:07:48:28 -0700] "GET / HTTP/1.1" 200 379 "-" "Mozilla/5.0 (compatible; bingbot/2.0; +http://www.bing.com/bingbot.htm)" "www.earthmint.com"
207.46.13.208 - - [19/Sep/2022:08:00:38 -0700] "GET /?c=d;o=a HTTP/1.1" 200 379 "-" "Mozilla/5.0 (compatible; bingbot/2.0; +http://www.bing.com/bingbot.htm)" "earthmint.com"
114.119.144.23 - - [19/Sep/2022:08:14:21 -0700] "GET /_private HTTP/1.1" 301 1412 "https://www.earthmint.com/?D=A" "Mozilla/5.0 (Linux; Android 7.0;) AppleWebKit/537.36 (KHTML, like Gecko) Mobile Safari/537.36 (compatible; PetalBot;+https://webmaster.petalsearch.com/site/petalbot)" "www.earthmint.com"
114.119.144.23 - - [19/Sep/2022:08:14:30 -0700] "GET /_private/ HTTP/1.1" 403 170 "https://www.earthmint.com/?D=A" "Mozilla/5.0 (Linux; Android 7.0;) AppleWebKit/537.36 (KHTML, like Gecko) Mobile Safari/537.36 (compatible; PetalBot;+https://webmaster.petalsearch.com/site/petalbot)" "www.earthmint.com"
51.15.183.168 - - [19/Sep/2022:08:24:24 -0700] "GET /fckeditor/editor/filemanager/browser/default/connectors/php/connector.php?Command=GetFoldersAndFiles&Type=File&CurrentFolder=%2F HTTP/1.1" 404 73 "-" "Mozilla/5.0 (Windows NT 6.3; Win64; x64) AppleWebKit/537.36 (KHTML, like Gecko) Chrome/75.0.3770.100 Safari/537.36" "earthmint.com"
54.163.185.81 - - [19/Sep/2022:08:36:36 -0700] "GET /robots.txt HTTP/1.1" 404 73 "-" "Mozilla/5.0 (X11; Linux x86_64) AppleWebKit/537.36 (KHTML, like Gecko) Chrome/94.0.4606.81 Safari/537.36" "earthmint.com"
54.163.185.81 - - [19/Sep/2022:08:36:36 -0700] "GET / HTTP/1.1" 200 849 "-" "Mozilla/5.0 (X11; Linux x86_64) AppleWebKit/537.36 (KHTML, like Gecko) Chrome/94.0.4606.81 Safari/537.36" "earthmint.com"
17.121.114.119 - - [19/Sep/2022:09:23:48 -0700] "GET /robots.txt HTTP/1.1" 404 88 "-" "Mozilla/5.0 (Macintosh; Intel Mac OS X 10_15_5) AppleWebKit/605.1.15 (KHTML, like Gecko) Version/13.1.1 Safari/605.1.15 (Applebot/0.1; +http://www.apple.com/go/applebot)" "www.earthmint.com"
17.121.114.119 - - [19/Sep/2022:09:23:48 -0700] "GET / HTTP/1.1" 200 379 "-" "Mozilla/5.0 (Macintosh; Intel Mac OS X 10_15_5) AppleWebKit/605.1.15 (KHTML, like Gecko) Version/13.1.1 Safari/605.1.15 (Applebot/0.1; +http://www.apple.com/go/applebot)" "www.earthmint.com"
46.140.115.194 - - [19/Sep/2022:10:23:55 -0700] "HEAD / HTTP/1.1" 200 - "-" "Mozilla/5.0 (X11; Linux x86_64) AppleWebKit/537.36 (KHTML, like Gecko) Chrome/59.0.3071.115 Safari/537.36" "earthmint.com"
46.140.115.194 - - [19/Sep/2022:10:23:56 -0700] "HEAD / HTTP/1.1" 200 - "-" "Mozilla/5.0 (Windows NT 10.0; Win64; x64) AppleWebKit/537.36 (KHTML, like Gecko) Chrome/76.0.3809.132 Safari/537.36" "earthmint.com"
46.140.115.194 - - [19/Sep/2022:10:23:56 -0700] "GET / HTTP/1.1" 200 379 "-" "Mozilla/5.0 (Windows NT 10.0; Win64; x64) AppleWebKit/537.36 (KHTML, like Gecko) Chrome/104.0.5112.81 Safari/537.36" "earthmint.com"
207.46.13.206 - - [19/Sep/2022:10:25:32 -0700] "GET / HTTP/1.1" 200 379 "-" "Mozilla/5.0 (compatible; bingbot/2.0; +http://www.bing.com/bingbot.htm)" "earthmint.com"
114.119.129.36 - - [19/Sep/2022:10:50:00 -0700] "GET /?M=A HTTP/1.1" 200 379 "-" "Mozilla/5.0 (Linux; Android 7.0;) AppleWebKit/537.36 (KHTML, like Gecko) Mobile Safari/537.36 (compatible; PetalBot;+https://webmaster.petalsearch.com/site/petalbot)" "www.earthmint.com"
114.119.144.209 - - [19/Sep/2022:10:55:04 -0700] "GET /images?S=D HTTP/1.1" 301 1409 "https://earthmint.com/images?S=A" "Mozilla/5.0 (Linux; Android 7.0;) AppleWebKit/537.36 (KHTML, like Gecko) Mobile Safari/537.36 (compatible; PetalBot;+https://webmaster.petalsearch.com/site/petalbot)" "earthmint.com"
114.119.144.209 - - [19/Sep/2022:10:55:05 -0700] "GET /images/?S=D HTTP/1.1" 200 311 "https://earthmint.com/images?S=A" "Mozilla/5.0 (Linux; Android 7.0;) AppleWebKit/537.36 (KHTML, like Gecko) Mobile Safari/537.36 (compatible; PetalBot;+https://webmaster.petalsearch.com/site/petalbot)" "earthmint.com"
72.13.62.25 - - [19/Sep/2022:10:58:12 -0700] "GET /robots.txt HTTP/1.1" 404 88 "-" "Mozilla/5.0 (compatible; ips-agent)" "www.earthmint.com"
72.13.62.25 - - [19/Sep/2022:10:58:14 -0700] "GET / HTTP/1.1" 200 379 "-" "Mozilla/5.0 (compatible; ips-agent)" "www.earthmint.com"
72.13.62.25 - - [19/Sep/2022:10:58:15 -0700] "GET /?C=N;O=D HTTP/1.1" 200 378 "-" "Mozilla/5.0 (compatible; ips-agent)" "www.earthmint.com"
72.13.62.25 - - [19/Sep/2022:10:58:16 -0700] "GET /?C=M;O=A HTTP/1.1" 200 380 "-" "Mozilla/5.0 (compatible; ips-agent)" "www.earthmint.com"
114.119.144.229 - - [19/Sep/2022:11:09:29 -0700] "GET /?C=N%3BO%3DD HTTP/1.1" 200 379 "https://www.earthmint.com?S=D" "Mozilla/5.0 (Linux; Android 7.0;) AppleWebKit/537.36 (KHTML, like Gecko) Mobile Safari/537.36 (compatible; PetalBot;+https://webmaster.petalsearch.com/site/petalbot)" "www.earthmint.com"
114.119.144.222 - - [19/Sep/2022:11:21:50 -0700] "GET /images?N=D HTTP/1.1" 301 1409 "http://earthmint.com/images/" "Mozilla/5.0 (Linux; Android 7.0;) AppleWebKit/537.36 (KHTML, like Gecko) Mobile Safari/537.36 (compatible; PetalBot;+https://webmaster.petalsearch.com/site/petalbot)" "earthmint.com"
114.119.144.222 - - [19/Sep/2022:11:21:55 -0700] "GET /images/?N=D HTTP/1.1" 200 311 "http://earthmint.com/images/" "Mozilla/5.0 (Linux; Android 7.0;) AppleWebKit/537.36 (KHTML, like Gecko) Mobile Safari/537.36 (compatible; PetalBot;+https://webmaster.petalsearch.com/site/petalbot)" "earthmint.com"
18.207.133.214 - - [19/Sep/2022:11:43:01 -0700] "GET /robots.txt HTTP/1.1" 404 73 "-" "Mozilla/5.0 (X11; Linux x86_64) AppleWebKit/537.36 (KHTML, like Gecko) Chrome/94.0.4606.81 Safari/537.36" "earthmint.com"
18.207.133.214 - - [19/Sep/2022:11:43:01 -0700] "GET / HTTP/1.1" 200 849 "-" "Mozilla/5.0 (X11; Linux x86_64) AppleWebKit/537.36 (KHTML, like Gecko) Chrome/94.0.4606.81 Safari/537.36" "earthmint.com"
46.161.27.153 - - [19/Sep/2022:12:07:38 -0700] "GET /administrator/ HTTP/1.1" 404 88 "-" "Mozilla/5.0 (Windows NT 10.0; Win64; x64) AppleWebKit/537.36 (KHTML, like Gecko) Chrome/64.0.3282.140 Safari/537.36 Edge/18.17763" "earthmint.com"
51.15.183.168 - - [19/Sep/2022:14:56:26 -0700] "GET /admin/fckeditor/editor/filemanager/browser/default/connectors/php/connector.php?Command=GetFoldersAndFiles&Type=File&CurrentFolder=%2F HTTP/1.1" 404 73 "-" "Mozilla/5.0 (Windows NT 6.3; Win64; x64) AppleWebKit/537.36 (KHTML, like Gecko) Chrome/75.0.3770.100 Safari/537.36" "earthmint.com"
52.55.168.229 - - [19/Sep/2022:14:56:45 -0700] "GET /robots.txt HTTP/1.1" 404 73 "-" "Mozilla/5.0 (X11; Linux x86_64) AppleWebKit/537.36 (KHTML, like Gecko) Chrome/94.0.4606.81 Safari/537.36" "earthmint.com"
52.55.168.229 - - [19/Sep/2022:14:56:45 -0700] "GET / HTTP/1.1" 200 849 "-" "Mozilla/5.0 (X11; Linux x86_64) AppleWebKit/537.36 (KHTML, like Gecko) Chrome/94.0.4606.81 Safari/537.36" "earthmint.com"
42.83.147.34 - - [19/Sep/2022:15:21:10 -0700] "GET / HTTP/1.1" 200 379 "-" "Mozilla/5.0 (Windows NT 6.1; Win64; x64) AppleWebKit/537.36 (KHTML, like Gecko)Chrome/74.0.3729.169 Safari/537.36" "earthmint.com"
114.119.149.215 - - [19/Sep/2022:15:51:07 -0700] "GET /robots.txt HTTP/1.1" 404 88 "-" "Mozilla/5.0 (compatible;PetalBot;+https://webmaster.petalsearch.com/site/petalbot)" "earthmint.com"
207.46.13.208 - - [19/Sep/2022:15:59:54 -0700] "GET / HTTP/1.1" 200 379 "-" "Mozilla/5.0 (compatible; bingbot/2.0; +http://www.bing.com/bingbot.htm)" "www.earthmint.com"
207.46.13.206 - - [19/Sep/2022:17:04:00 -0700] "GET / HTTP/1.1" 200 379 "-" "Mozilla/5.0 (compatible; bingbot/2.0; +http://www.bing.com/bingbot.htm)" "www.earthmint.com"
162.55.85.227 - - [19/Sep/2022:17:21:44 -0700] "GET /robots.txt HTTP/1.1" 404 88 "-" "Mozilla/5.0 (compatible; BLEXBot/1.0; +http://webmeup-crawler.com/)" "www.earthmint.com"
162.55.85.227 - - [19/Sep/2022:17:21:45 -0700] "GET /sitemap HTTP/1.1" 404 88 "-" "Mozilla/5.0 (compatible; BLEXBot/1.0; +http://webmeup-crawler.com/)" "www.earthmint.com"
162.55.85.227 - - [19/Sep/2022:17:21:48 -0700] "GET /sitemap.txt HTTP/1.1" 404 88 "-" "Mozilla/5.0 (compatible; BLEXBot/1.0; +http://webmeup-crawler.com/)" "www.earthmint.com"
162.55.85.227 - - [19/Sep/2022:17:21:51 -0700] "GET /_private/ HTTP/1.1" 403 170 "-" "Mozilla/5.0 (compatible; BLEXBot/1.0; +http://webmeup-crawler.com/)" "www.earthmint.com"
162.55.85.227 - - [19/Sep/2022:17:21:54 -0700] "GET /images/?C=D;O=D HTTP/1.1" 200 309 "-" "Mozilla/5.0 (compatible; BLEXBot/1.0; +http://webmeup-crawler.com/)" "www.earthmint.com"
162.55.85.227 - - [19/Sep/2022:17:21:57 -0700] "GET /images/?C=M;O=D HTTP/1.1" 200 309 "-" "Mozilla/5.0 (compatible; BLEXBot/1.0; +http://webmeup-crawler.com/)" "www.earthmint.com"
162.55.85.227 - - [19/Sep/2022:17:21:58 -0700] "GET /images/?C=N;O=A HTTP/1.1" 200 311 "-" "Mozilla/5.0 (compatible; BLEXBot/1.0; +http://webmeup-crawler.com/)" "www.earthmint.com"
162.55.85.227 - - [19/Sep/2022:17:22:02 -0700] "GET /images/?C=S;O=D HTTP/1.1" 200 309 "-" "Mozilla/5.0 (compatible; BLEXBot/1.0; +http://webmeup-crawler.com/)" "www.earthmint.com"
162.55.85.227 - - [19/Sep/2022:17:22:04 -0700] "GET /index_files/?C=D;O=D HTTP/1.1" 200 313 "-" "Mozilla/5.0 (compatible; BLEXBot/1.0; +http://webmeup-crawler.com/)" "www.earthmint.com"
162.55.85.227 - - [19/Sep/2022:17:22:08 -0700] "GET /index_files/?C=M;O=D HTTP/1.1" 200 313 "-" "Mozilla/5.0 (compatible; BLEXBot/1.0; +http://webmeup-crawler.com/)" "www.earthmint.com"
162.55.85.227 - - [19/Sep/2022:17:22:13 -0700] "GET /index_files/?C=N;O=A HTTP/1.1" 200 314 "-" "Mozilla/5.0 (compatible; BLEXBot/1.0; +http://webmeup-crawler.com/)" "www.earthmint.com"
162.55.85.227 - - [19/Sep/2022:17:22:18 -0700] "GET /index_files/?C=S;O=D HTTP/1.1" 200 313 "-" "Mozilla/5.0 (compatible; BLEXBot/1.0; +http://webmeup-crawler.com/)" "www.earthmint.com"
63.34.179.201 - - [19/Sep/2022:17:41:54 -0700] "GET / HTTP/1.1" 200 379 "-" "Mozilla/5.0 (Macintosh; Intel Mac OS X 10_9_3) AppleWebKit/537.36 (KHTML, like Gecko) Chrome/35.0.1916.47 Safari/537.36" "www.earthmint.com"
52.207.207.5 - - [19/Sep/2022:18:05:58 -0700] "GET /robots.txt HTTP/1.1" 404 73 "-" "Mozilla/5.0 (X11; Linux x86_64) AppleWebKit/537.36 (KHTML, like Gecko) Chrome/94.0.4606.81 Safari/537.36" "earthmint.com"
52.207.207.5 - - [19/Sep/2022:18:05:58 -0700] "GET / HTTP/1.1" 200 849 "-" "Mozilla/5.0 (X11; Linux x86_64) AppleWebKit/537.36 (KHTML, like Gecko) Chrome/94.0.4606.81 Safari/537.36" "earthmint.com"
123.125.109.86 - - [19/Sep/2022:18:08:35 -0700] "GET / HTTP/1.1" 200 379 "-" "Sogou web spider/4.0(+http://www.sogou.com/docs/help/webmasters.htm#07)" "earthmint.com"
114.119.144.229 - - [19/Sep/2022:18:56:24 -0700] "GET /index_files?N=A HTTP/1.1" 301 1414 "http://earthmint.com/index_files?M=A" "Mozilla/5.0 (Linux; Android 7.0;) AppleWebKit/537.36 (KHTML, like Gecko) Mobile Safari/537.36 (compatible; PetalBot;+https://webmaster.petalsearch.com/site/petalbot)" "earthmint.com"
114.119.144.229 - - [19/Sep/2022:18:56:42 -0700] "GET /index_files/?N=A HTTP/1.1" 200 314 "http://earthmint.com/index_files?M=A" "Mozilla/5.0 (Linux; Android 7.0;) AppleWebKit/537.36 (KHTML, like Gecko) Mobile Safari/537.36 (compatible; PetalBot;+https://webmaster.petalsearch.com/site/petalbot)" "earthmint.com"
114.119.133.146 - - [19/Sep/2022:18:59:39 -0700] "GET /robots.txt HTTP/1.1" 404 88 "-" "Mozilla/5.0 (compatible;PetalBot;+https://webmaster.petalsearch.com/site/petalbot)" "earthmint.com"
61.135.159.183 - - [19/Sep/2022:19:18:55 -0700] "GET / HTTP/1.1" 200 379 "-" "Sogou web spider/4.0(+http://www.sogou.com/docs/help/webmasters.htm#07)" "www.earthmint.com"
114.119.144.222 - - [19/Sep/2022:19:25:23 -0700] "GET /logs HTTP/1.1" 403 170 "https://earthmint.com/" "Mozilla/5.0 (Linux; Android 7.0;) AppleWebKit/537.36 (KHTML, like Gecko) Mobile Safari/537.36 (compatible; PetalBot;+https://webmaster.petalsearch.com/site/petalbot)" "earthmint.com"
114.119.136.51 - - [19/Sep/2022:19:26:18 -0700] "GET /robots.txt HTTP/1.1" 404 88 "-" "Mozilla/5.0 (compatible;PetalBot;+https://webmaster.petalsearch.com/site/petalbot)" "www.earthmint.com"
114.119.144.229 - - [19/Sep/2022:19:39:42 -0700] "GET /images?N=A HTTP/1.1" 301 1409 "https://earthmint.com/images?S=D" "Mozilla/5.0 (Linux; Android 7.0;) AppleWebKit/537.36 (KHTML, like Gecko) Mobile Safari/537.36 (compatible; PetalBot;+https://webmaster.petalsearch.com/site/petalbot)" "earthmint.com"
114.119.144.229 - - [19/Sep/2022:19:39:43 -0700] "GET /images/?N=A HTTP/1.1" 200 311 "https://earthmint.com/images?S=D" "Mozilla/5.0 (Linux; Android 7.0;) AppleWebKit/537.36 (KHTML, like Gecko) Mobile Safari/537.36 (compatible; PetalBot;+https://webmaster.petalsearch.com/site/petalbot)" "earthmint.com"
207.46.13.206 - - [19/Sep/2022:19:44:35 -0700] "GET / HTTP/1.1" 200 379 "-" "Mozilla/5.0 (compatible; bingbot/2.0; +http://www.bing.com/bingbot.htm)" "earthmint.com"
68.183.19.32 - - [19/Sep/2022:20:35:18 -0700] "GET /contact HTTP/1.1" 404 88 "-" "Mozilla/5.0 (X11; Linux x86_64) AppleWebKit/537.36 (KHTML, like Gecko) Chrome/104.0.0.0 Safari/537.36" "earthmint.com"
68.183.19.32 - - [19/Sep/2022:20:35:19 -0700] "GET /contacts HTTP/1.1" 404 88 "-" "Mozilla/5.0 (X11; Linux x86_64) AppleWebKit/537.36 (KHTML, like Gecko) Chrome/104.0.0.0 Safari/537.36" "earthmint.com"
68.183.19.32 - - [19/Sep/2022:20:35:20 -0700] "GET / HTTP/1.1" 200 379 "-" "Mozilla/5.0 (X11; Linux x86_64) AppleWebKit/537.36 (KHTML, like Gecko) Chrome/104.0.0.0 Safari/537.36" "earthmint.com"
123.125.109.128 - - [19/Sep/2022:21:17:21 -0700] "GET / HTTP/1.1" 200 379 "-" "Sogou web spider/4.0(+http://www.sogou.com/docs/help/webmasters.htm#07)" "www.earthmint.com"
118.184.177.85 - - [19/Sep/2022:21:26:37 -0700] "GET / HTTP/1.1" 200 379 "-" "Sogou web spider/4.0(+http://www.sogou.com/docs/help/webmasters.htm#07)" "earthmint.com"
128.14.209.250 - - [19/Sep/2022:22:33:39 -0700] "GET / HTTP/1.1" 200 379 "-" "Mozilla/5.0 (Windows NT 10.0; WOW64) AppleWebKit/537.36 (KHTML, like Gecko) Chrome/66.0.3359.117 Safari/537.36" "www.earthmint.com"
157.55.39.86 - - [19/Sep/2022:22:39:47 -0700] "GET /robots.txt HTTP/1.1" 404 88 "-" "Mozilla/5.0 (compatible; bingbot/2.0; +http://www.bing.com/bingbot.htm)" "earthmint.com"
207.46.13.205 - - [19/Sep/2022:22:39:57 -0700] "GET / HTTP/1.1" 200 379 "-" "Mozilla/5.0 (compatible; bingbot/2.0; +http://www.bing.com/bingbot.htm)" "earthmint.com"
114.119.138.35 - - [19/Sep/2022:23:47:51 -0700] "GET /robots.txt HTTP/1.1" 404 88 "-" "Mozilla/5.0 (compatible;PetalBot;+https://webmaster.petalsearch.com/site/petalbot)" "www.earthmint.com"
114.119.141.203 - - [20/Sep/2022:00:21:36 -0700] "GET /?S=D HTTP/1.1" 200 379 "-" "Mozilla/5.0 (Linux; Android 7.0;) AppleWebKit/537.36 (KHTML, like Gecko) Mobile Safari/537.36 (compatible; PetalBot;+https://webmaster.petalsearch.com/site/petalbot)" "www.earthmint.com"
114.119.144.226 - - [20/Sep/2022:00:29:36 -0700] "GET /index_files?S=A HTTP/1.1" 301 1419 "https://www.earthmint.com/index_files?M=D" "Mozilla/5.0 (Linux; Android 7.0;) AppleWebKit/537.36 (KHTML, like Gecko) Mobile Safari/537.36 (compatible; PetalBot;+https://webmaster.petalsearch.com/site/petalbot)" "www.earthmint.com"
114.119.144.226 - - [20/Sep/2022:00:29:37 -0700] "GET /index_files/?S=A HTTP/1.1" 200 314 "https://www.earthmint.com/index_files?M=D" "Mozilla/5.0 (Linux; Android 7.0;) AppleWebKit/537.36 (KHTML, like Gecko) Mobile Safari/537.36 (compatible; PetalBot;+https://webmaster.petalsearch.com/site/petalbot)" "www.earthmint.com"
114.119.144.222 - - [20/Sep/2022:00:35:27 -0700] "GET /index_files/?C=D%3BO%3DA HTTP/1.1" 200 314 "https://www.earthmint.com/index_files?D=D" "Mozilla/5.0 (Linux; Android 7.0;) AppleWebKit/537.36 (KHTML, like Gecko) Mobile Safari/537.36 (compatible; PetalBot;+https://webmaster.petalsearch.com/site/petalbot)" "www.earthmint.com"
114.119.144.23 - - [20/Sep/2022:00:41:09 -0700] "GET /index_files/ HTTP/1.1" 200 314 "https://www.earthmint.com/?D=A" "Mozilla/5.0 (Linux; Android 7.0;) AppleWebKit/537.36 (KHTML, like Gecko) Mobile Safari/537.36 (compatible; PetalBot;+https://webmaster.petalsearch.com/site/petalbot)" "www.earthmint.com"
114.119.144.229 - - [20/Sep/2022:00:47:03 -0700] "GET /images?S=A HTTP/1.1" 301 1413 "https://earthmint.com/images?S=D" "Mozilla/5.0 (Linux; Android 7.0;) AppleWebKit/537.36 (KHTML, like Gecko) Mobile Safari/537.36 (compatible; PetalBot;+https://webmaster.petalsearch.com/site/petalbot)" "earthmint.com"
114.119.144.229 - - [20/Sep/2022:00:47:09 -0700] "GET /images/?S=A HTTP/1.1" 200 311 "https://earthmint.com/images?S=D" "Mozilla/5.0 (Linux; Android 7.0;) AppleWebKit/537.36 (KHTML, like Gecko) Mobile Safari/537.36 (compatible; PetalBot;+https://webmaster.petalsearch.com/site/petalbot)" "earthmint.com"
114.119.144.209 - - [20/Sep/2022:00:53:05 -0700] "GET /images/ HTTP/1.1" 200 311 "https://earthmint.com?C=N%3BO%3DD" "Mozilla/5.0 (Linux; Android 7.0;) AppleWebKit/537.36 (KHTML, like Gecko) Mobile Safari/537.36 (compatible; PetalBot;+https://webmaster.petalsearch.com/site/petalbot)" "earthmint.com"
114.119.129.36 - - [20/Sep/2022:00:59:02 -0700] "GET /index_files?C=M%3BO%3DA HTTP/1.1" 301 1427 "https://earthmint.com/index_files?N=D" "Mozilla/5.0 (Linux; Android 7.0;) AppleWebKit/537.36 (KHTML, like Gecko) Mobile Safari/537.36 (compatible; PetalBot;+https://webmaster.petalsearch.com/site/petalbot)" "earthmint.com"
114.119.129.36 - - [20/Sep/2022:00:59:03 -0700] "GET /index_files/?C=M%3BO%3DA HTTP/1.1" 200 314 "https://earthmint.com/index_files?N=D" "Mozilla/5.0 (Linux; Android 7.0;) AppleWebKit/537.36 (KHTML, like Gecko) Mobile Safari/537.36 (compatible; PetalBot;+https://webmaster.petalsearch.com/site/petalbot)" "earthmint.com"
114.119.144.209 - - [20/Sep/2022:01:05:07 -0700] "GET / HTTP/1.1" 200 379 "https://www.earthmint.com/index_files?D=D" "Mozilla/5.0 (Linux; Android 7.0;) AppleWebKit/537.36 (KHTML, like Gecko) Mobile Safari/537.36 (compatible; PetalBot;+https://webmaster.petalsearch.com/site/petalbot)" "www.earthmint.com"
114.119.144.209 - - [20/Sep/2022:01:10:58 -0700] "GET /images/?C=M%3BO%3DA HTTP/1.1" 200 311 "https://www.earthmint.com/images?D=A" "Mozilla/5.0 (Linux; Android 7.0;) AppleWebKit/537.36 (KHTML, like Gecko) Mobile Safari/537.36 (compatible; PetalBot;+https://webmaster.petalsearch.com/site/petalbot)" "www.earthmint.com"
