114.119.144.23 - - [20/Sep/2022:01:16:46 -0700] "GET /index_files?D=A HTTP/1.1" 301 1414 "http://earthmint.com/index_files?M=A" "Mozilla/5.0 (Linux; Android 7.0;) AppleWebKit/537.36 (KHTML, like Gecko) Mobile Safari/537.36 (compatible; PetalBot;+https://webmaster.petalsearch.com/site/petalbot)" "earthmint.com"
114.119.144.23 - - [20/Sep/2022:01:16:47 -0700] "GET /index_files/?D=A HTTP/1.1" 200 314 "http://earthmint.com/index_files?M=A" "Mozilla/5.0 (Linux; Android 7.0;) AppleWebKit/537.36 (KHTML, like Gecko) Mobile Safari/537.36 (compatible; PetalBot;+https://webmaster.petalsearch.com/site/petalbot)" "earthmint.com"
114.119.144.23 - - [20/Sep/2022:01:22:54 -0700] "GET /tmp HTTP/1.1" 403 170 "https://www.earthmint.com/" "Mozilla/5.0 (Linux; Android 7.0;) AppleWebKit/537.36 (KHTML, like Gecko) Mobile Safari/537.36 (compatible; PetalBot;+https://webmaster.petalsearch.com/site/petalbot)" "www.earthmint.com"
114.119.144.29 - - [20/Sep/2022:01:30:52 -0700] "GET /?C=M%3BO%3DA HTTP/1.1" 200 379 "https://earthmint.com" "Mozilla/5.0 (Linux; Android 7.0;) AppleWebKit/537.36 (KHTML, like Gecko) Mobile Safari/537.36 (compatible; PetalBot;+https://webmaster.petalsearch.com/site/petalbot)" "earthmint.com"
34.77.248.236 - - [20/Sep/2022:02:03:07 -0700] "GET / HTTP/1.1" 200 849 "-" "Mozilla/5.0 (Windows NT 10.0; Win64; x64) AppleWebKit/537.36 (KHTML, like Gecko) Chrome/84.0.4147.105 Safari/537.36" "www.earthmint.com"
61.135.159.193 - - [20/Sep/2022:02:20:58 -0700] "GET / HTTP/1.1" 200 379 "-" "Sogou web spider/4.0(+http://www.sogou.com/docs/help/webmasters.htm#07)" "earthmint.com"
207.46.13.205 - - [20/Sep/2022:02:50:01 -0700] "GET / HTTP/1.1" 200 379 "-" "Mozilla/5.0 (compatible; bingbot/2.0; +http://www.bing.com/bingbot.htm)" "www.earthmint.com"
207.46.13.209 - - [20/Sep/2022:03:17:41 -0700] "GET / HTTP/1.1" 200 379 "-" "Mozilla/5.0 (compatible; bingbot/2.0; +http://www.bing.com/bingbot.htm)" "www.earthmint.com"
49.7.20.125 - - [20/Sep/2022:03:29:07 -0700] "GET / HTTP/1.1" 200 379 "-" "Sogou web spider/4.0(+http://www.sogou.com/docs/help/webmasters.htm#07)" "www.earthmint.com"
114.119.144.222 - - [20/Sep/2022:03:41:27 -0700] "GET /robots.txt HTTP/1.1" 404 88 "-" "Mozilla/5.0 (Linux; Android 7.0;) AppleWebKit/537.36 (KHTML, like Gecko) Mobile Safari/537.36 (compatible; PetalBot;+https://webmaster.petalsearch.com/site/petalbot)" "www.earthmint.com"
207.46.13.205 - - [20/Sep/2022:05:19:42 -0700] "GET / HTTP/1.1" 200 379 "-" "Mozilla/5.0 (compatible; bingbot/2.0; +http://www.bing.com/bingbot.htm)" "earthmint.com"
185.158.115.77 - - [20/Sep/2022:05:23:38 -0700] "GET / HTTP/1.1" 200 379 "http://earthmint.com/" "Mozilla/4.0 (compatible; MSIE 6.0; Windows NT 5.1; SV1)" "earthmint.com"
185.158.115.77 - - [20/Sep/2022:05:25:24 -0700] "GET /?C=N;O=D HTTP/1.1" 200 378 "http://earthmint.com/?C=N;O=D" "Mozilla/4.0 (compatible; MSIE 6.0; Windows NT 5.1; SV1)" "earthmint.com"
185.158.115.77 - - [20/Sep/2022:05:25:24 -0700] "GET /?C=M;O=A HTTP/1.1" 200 380 "http://earthmint.com/?C=M;O=A" "Mozilla/4.0 (compatible; MSIE 6.0; Windows NT 5.1; SV1)" "earthmint.com"
185.158.115.77 - - [20/Sep/2022:05:25:24 -0700] "GET /?C=S;O=A HTTP/1.1" 200 379 "http://earthmint.com/?C=S;O=A" "Mozilla/4.0 (compatible; MSIE 6.0; Windows NT 5.1; SV1)" "earthmint.com"
185.158.115.77 - - [20/Sep/2022:05:25:24 -0700] "GET /?C=D;O=A HTTP/1.1" 200 379 "http://earthmint.com/?C=D;O=A" "Mozilla/4.0 (compatible; MSIE 6.0; Windows NT 5.1; SV1)" "earthmint.com"
185.158.115.77 - - [20/Sep/2022:05:25:24 -0700] "GET /_private/ HTTP/1.1" 403 170 "http://earthmint.com/_private/" "Mozilla/4.0 (compatible; MSIE 6.0; Windows NT 5.1; SV1)" "earthmint.com"
185.158.115.77 - - [20/Sep/2022:05:25:24 -0700] "GET /images/ HTTP/1.1" 200 311 "http://earthmint.com/images/" "Mozilla/4.0 (compatible; MSIE 6.0; Windows NT 5.1; SV1)" "earthmint.com"
185.158.115.77 - - [20/Sep/2022:05:25:25 -0700] "GET /index_files/ HTTP/1.1" 200 314 "http://earthmint.com/index_files/" "Mozilla/4.0 (compatible; MSIE 6.0; Windows NT 5.1; SV1)" "earthmint.com"
54.190.105.228 - - [20/Sep/2022:05:26:44 -0700] "GET / HTTP/1.1" 200 379 "-" "Mozilla/5.0 (X11; Linux x86_64) AppleWebKit/537.36 (KHTML, like Gecko) Chrome/83.0.4103.97 Safari/537.36" "earthmint.com"
54.186.145.0 - - [20/Sep/2022:05:26:51 -0700] "GET / HTTP/1.1" 200 379 "-" "Mozilla/5.0 (X11; Linux x86_64) AppleWebKit/537.36 (KHTML, like Gecko) Chrome/83.0.4103.97 Safari/537.36" "earthmint.com"
54.200.140.86 - - [20/Sep/2022:05:27:13 -0700] "GET /favicon.ico HTTP/1.1" 404 88 "-" "Mozilla/5.0 (X11; Linux x86_64) AppleWebKit/537.36 (KHTML, like Gecko) Chrome/83.0.4103.97 Safari/537.36" "earthmint.com"
54.200.140.86 - - [20/Sep/2022:05:27:14 -0700] "GET / HTTP/1.1" 200 379 "-" "Mozilla/5.0 (X11; Linux x86_64) AppleWebKit/537.36 (KHTML, like Gecko) Chrome/83.0.4103.97 Safari/537.36" "earthmint.com"
54.244.193.44 - - [20/Sep/2022:05:27:21 -0700] "GET /favicon.ico HTTP/1.1" 404 88 "-" "Mozilla/5.0 (X11; Linux x86_64) AppleWebKit/537.36 (KHTML, like Gecko) Chrome/83.0.4103.97 Safari/537.36" "earthmint.com"
54.244.193.44 - - [20/Sep/2022:05:27:21 -0700] "GET / HTTP/1.1" 200 379 "-" "Mozilla/5.0 (X11; Linux x86_64) AppleWebKit/537.36 (KHTML, like Gecko) Chrome/83.0.4103.97 Safari/537.36" "earthmint.com"
61.135.159.193 - - [20/Sep/2022:05:35:42 -0700] "GET / HTTP/1.1" 200 379 "-" "Sogou web spider/4.0(+http://www.sogou.com/docs/help/webmasters.htm#07)" "www.earthmint.com"
207.46.13.209 - - [20/Sep/2022:05:50:58 -0700] "GET /_private HTTP/1.1" 301 1406 "-" "Mozilla/5.0 AppleWebKit/537.36 (KHTML, like Gecko; compatible; bingbot/2.0; +http://www.bing.com/bingbot.htm) Chrome/103.0.5060.134 Safari/537.36" "earthmint.com"
207.46.13.209 - - [20/Sep/2022:05:50:58 -0700] "GET /_private/ HTTP/1.1" 403 170 "-" "Mozilla/5.0 (compatible; bingbot/2.0; +http://www.bing.com/bingbot.htm)" "earthmint.com"
114.119.144.222 - - [20/Sep/2022:05:51:45 -0700] "GET /images HTTP/1.1" 301 1406 "https://www.earthmint.com/?D=A" "Mozilla/5.0 (Linux; Android 7.0;) AppleWebKit/537.36 (KHTML, like Gecko) Mobile Safari/537.36 (compatible; PetalBot;+https://webmaster.petalsearch.com/site/petalbot)" "www.earthmint.com"
114.119.144.222 - - [20/Sep/2022:05:51:46 -0700] "GET /images/ HTTP/1.1" 200 311 "https://www.earthmint.com/?D=A" "Mozilla/5.0 (Linux; Android 7.0;) AppleWebKit/537.36 (KHTML, like Gecko) Mobile Safari/537.36 (compatible; PetalBot;+https://webmaster.petalsearch.com/site/petalbot)" "www.earthmint.com"
207.46.13.209 - - [20/Sep/2022:05:53:05 -0700] "GET / HTTP/1.1" 200 379 "-" "Mozilla/5.0 (compatible; bingbot/2.0; +http://www.bing.com/bingbot.htm)" "earthmint.com"
123.125.109.128 - - [20/Sep/2022:05:54:59 -0700] "GET / HTTP/1.1" 200 379 "-" "Sogou web spider/4.0(+http://www.sogou.com/docs/help/webmasters.htm#07)" "earthmint.com"
147.78.47.233 - - [20/Sep/2022:06:05:34 -0700] "GET /administrator/ HTTP/1.1" 404 88 "-" "Mozilla/5.0 (Windows NT 10.0; Win64; x64) AppleWebKit/537.36 (KHTML, like Gecko) Chrome/64.0.3282.140 Safari/537.36 Edge/18.17763" "earthmint.com"
114.119.144.229 - - [20/Sep/2022:06:52:03 -0700] "GET /index_files?C=S%3BO%3DA HTTP/1.1" 301 1427 "https://earthmint.com/index_files?N=D" "Mozilla/5.0 (Linux; Android 7.0;) AppleWebKit/537.36 (KHTML, like Gecko) Mobile Safari/537.36 (compatible; PetalBot;+https://webmaster.petalsearch.com/site/petalbot)" "earthmint.com"
114.119.144.229 - - [20/Sep/2022:06:52:04 -0700] "GET /index_files/?C=S%3BO%3DA HTTP/1.1" 200 314 "https://earthmint.com/index_files?N=D" "Mozilla/5.0 (Linux; Android 7.0;) AppleWebKit/537.36 (KHTML, like Gecko) Mobile Safari/537.36 (compatible; PetalBot;+https://webmaster.petalsearch.com/site/petalbot)" "earthmint.com"
114.119.129.36 - - [20/Sep/2022:07:15:24 -0700] "GET /images?S=D HTTP/1.1" 301 1409 "https://earthmint.com/images?S=A" "Mozilla/5.0 (Linux; Android 7.0;) AppleWebKit/537.36 (KHTML, like Gecko) Mobile Safari/537.36 (compatible; PetalBot;+https://webmaster.petalsearch.com/site/petalbot)" "earthmint.com"
114.119.129.36 - - [20/Sep/2022:07:15:28 -0700] "GET /images/?S=D HTTP/1.1" 200 311 "https://earthmint.com/images?S=A" "Mozilla/5.0 (Linux; Android 7.0;) AppleWebKit/537.36 (KHTML, like Gecko) Mobile Safari/537.36 (compatible; PetalBot;+https://webmaster.petalsearch.com/site/petalbot)" "earthmint.com"
114.119.144.23 - - [20/Sep/2022:07:28:54 -0700] "GET /images?M=D HTTP/1.1" 301 1414 "https://www.earthmint.com/images?M=A" "Mozilla/5.0 (Linux; Android 7.0;) AppleWebKit/537.36 (KHTML, like Gecko) Mobile Safari/537.36 (compatible; PetalBot;+https://webmaster.petalsearch.com/site/petalbot)" "www.earthmint.com"
114.119.144.23 - - [20/Sep/2022:07:28:56 -0700] "GET /images/?M=D HTTP/1.1" 200 311 "https://www.earthmint.com/images?M=A" "Mozilla/5.0 (Linux; Android 7.0;) AppleWebKit/537.36 (KHTML, like Gecko) Mobile Safari/537.36 (compatible; PetalBot;+https://webmaster.petalsearch.com/site/petalbot)" "www.earthmint.com"
157.55.39.222 - - [20/Sep/2022:07:32:58 -0700] "GET /images HTTP/1.1" 301 1404 "-" "Mozilla/5.0 AppleWebKit/537.36 (KHTML, like Gecko; compatible; bingbot/2.0; +http://www.bing.com/bingbot.htm) Chrome/103.0.5060.134 Safari/537.36" "earthmint.com"
157.55.39.222 - - [20/Sep/2022:07:32:59 -0700] "GET /images/ HTTP/1.1" 200 311 "-" "Mozilla/5.0 (compatible; bingbot/2.0; +http://www.bing.com/bingbot.htm)" "earthmint.com"
114.119.144.229 - - [20/Sep/2022:07:38:26 -0700] "GET /?N=D HTTP/1.1" 200 379 "https://www.earthmint.com/" "Mozilla/5.0 (Linux; Android 7.0;) AppleWebKit/537.36 (KHTML, like Gecko) Mobile Safari/537.36 (compatible; PetalBot;+https://webmaster.petalsearch.com/site/petalbot)" "www.earthmint.com"
157.55.39.222 - - [20/Sep/2022:07:39:38 -0700] "GET /index_files HTTP/1.1" 301 1410 "-" "Mozilla/5.0 (compatible; bingbot/2.0; +http://www.bing.com/bingbot.htm)" "earthmint.com"
157.55.39.222 - - [20/Sep/2022:07:39:39 -0700] "GET /index_files/ HTTP/1.1" 200 314 "-" "Mozilla/5.0 (compatible; bingbot/2.0; +http://www.bing.com/bingbot.htm)" "earthmint.com"
114.119.144.23 - - [20/Sep/2022:07:48:41 -0700] "GET /_private HTTP/1.1" 301 1412 "https://www.earthmint.com/?D=A" "Mozilla/5.0 (Linux; Android 7.0;) AppleWebKit/537.36 (KHTML, like Gecko) Mobile Safari/537.36 (compatible; PetalBot;+https://webmaster.petalsearch.com/site/petalbot)" "www.earthmint.com"
114.119.144.23 - - [20/Sep/2022:07:48:42 -0700] "GET /_private/ HTTP/1.1" 403 170 "https://www.earthmint.com/?D=A" "Mozilla/5.0 (Linux; Android 7.0;) AppleWebKit/537.36 (KHTML, like Gecko) Mobile Safari/537.36 (compatible; PetalBot;+https://webmaster.petalsearch.com/site/petalbot)" "www.earthmint.com"
161.35.127.186 - - [20/Sep/2022:08:04:16 -0700] "POST / HTTP/1.1" 404 73 "-" "Mozilla/5.0 (X11; Linux x86_64) AppleWebKit/537.36 (KHTML, like Gecko) Chrome/81.0.4044.129 Safari/537.36" "earthmint.com"
114.119.129.36 - - [20/Sep/2022:08:22:02 -0700] "GET /?C=D%3BO%3DA HTTP/1.1" 200 379 "https://www.earthmint.com/?N=D" "Mozilla/5.0 (Linux; Android 7.0;) AppleWebKit/537.36 (KHTML, like Gecko) Mobile Safari/537.36 (compatible; PetalBot;+https://webmaster.petalsearch.com/site/petalbot)" "www.earthmint.com"
147.78.47.249 - - [20/Sep/2022:08:23:49 -0700] "GET /_ignition/health-check/ HTTP/1.1" 404 88 "-" "Mozilla/5.0 (Windows NT 10.0; Win64; x64) AppleWebKit/537.36 (KHTML, like Gecko) Chrome/105.0.0.0 Safari/537.36" "earthmint.com"
147.78.47.249 - - [20/Sep/2022:08:23:51 -0700] "GET /public/_ignition/health-check/ HTTP/1.1" 404 88 "-" "Mozilla/5.0 (Windows NT 10.0; Win64; x64) AppleWebKit/537.36 (KHTML, like Gecko) Chrome/105.0.0.0 Safari/537.36" "earthmint.com"
147.78.47.249 - - [20/Sep/2022:08:23:53 -0700] "GET /wp-includes/wlwmanifest.xml HTTP/1.1" 404 88 "-" "Mozilla/5.0 (Windows NT 10.0; Win64; x64) AppleWebKit/537.36 (KHTML, like Gecko) Chrome/105.0.0.0 Safari/537.36" "earthmint.com"
114.119.132.173 - - [20/Sep/2022:08:31:38 -0700] "GET /?M=A HTTP/1.1" 200 379 "-" "Mozilla/5.0 (Linux; Android 7.0;) AppleWebKit/537.36 (KHTML, like Gecko) Mobile Safari/537.36 (compatible; PetalBot;+https://webmaster.petalsearch.com/site/petalbot)" "www.earthmint.com"
114.119.144.222 - - [20/Sep/2022:08:33:22 -0700] "GET /logs HTTP/1.1" 403 170 "https://earthmint.com/" "Mozilla/5.0 (Linux; Android 7.0;) AppleWebKit/537.36 (KHTML, like Gecko) Mobile Safari/537.36 (compatible; PetalBot;+https://webmaster.petalsearch.com/site/petalbot)" "earthmint.com"
51.15.183.168 - - [20/Sep/2022:08:35:44 -0700] "GET /admin/FCKeditor/editor/filemanager/browser/default/connectors/php/connector.php?Command=GetFoldersAndFiles&Type=File&CurrentFolder=%2F HTTP/1.1" 404 73 "-" "Mozilla/5.0 (Windows NT 6.3; Win64; x64) AppleWebKit/537.36 (KHTML, like Gecko) Chrome/75.0.3770.100 Safari/537.36" "earthmint.com"
207.46.13.205 - - [20/Sep/2022:08:39:09 -0700] "GET / HTTP/1.1" 200 379 "-" "Mozilla/5.0 AppleWebKit/537.36 (KHTML, like Gecko; compatible; bingbot/2.0; +http://www.bing.com/bingbot.htm) Chrome/103.0.5060.134 Safari/537.36" "earthmint.com"
114.119.129.36 - - [20/Sep/2022:08:56:51 -0700] "GET /index_files?N=A HTTP/1.1" 301 1414 "http://earthmint.com/index_files?M=A" "Mozilla/5.0 (Linux; Android 7.0;) AppleWebKit/537.36 (KHTML, like Gecko) Mobile Safari/537.36 (compatible; PetalBot;+https://webmaster.petalsearch.com/site/petalbot)" "earthmint.com"
114.119.129.36 - - [20/Sep/2022:08:56:54 -0700] "GET /index_files/?N=A HTTP/1.1" 200 314 "http://earthmint.com/index_files?M=A" "Mozilla/5.0 (Linux; Android 7.0;) AppleWebKit/537.36 (KHTML, like Gecko) Mobile Safari/537.36 (compatible; PetalBot;+https://webmaster.petalsearch.com/site/petalbot)" "earthmint.com"
131.255.7.10 - - [20/Sep/2022:09:02:20 -0700] "GET /wp-login.php HTTP/1.1" 404 88 "-" "Mozilla/5.0 (Windows NT 10.0; Win64; x64; rv:96.0) Gecko/20100101 Firefox/96" "earthmint.com"
199.244.88.229 - - [20/Sep/2022:09:24:34 -0700] "GET / HTTP/1.1" 200 379 "-" "Mozilla/5.0 (X11; Linux x86_64) AppleWebKit/537.36 (KHTML, like Gecko) Chrome/105.0.0.0 Safari/537.36" "earthmint.com"
114.119.144.209 - - [20/Sep/2022:09:32:27 -0700] "GET /tmp HTTP/1.1" 403 170 "https://earthmint.com/" "Mozilla/5.0 (Linux; Android 7.0;) AppleWebKit/537.36 (KHTML, like Gecko) Mobile Safari/537.36 (compatible; PetalBot;+https://webmaster.petalsearch.com/site/petalbot)" "earthmint.com"
114.119.144.23 - - [20/Sep/2022:09:44:02 -0700] "GET /index_files?C=N%3BO%3DD HTTP/1.1" 301 1428 "https://www.earthmint.com/index_files?C=D%3BO%3DA" "Mozilla/5.0 (Linux; Android 7.0;) AppleWebKit/537.36 (KHTML, like Gecko) Mobile Safari/537.36 (compatible; PetalBot;+https://webmaster.petalsearch.com/site/petalbot)" "www.earthmint.com"
114.119.144.23 - - [20/Sep/2022:09:44:03 -0700] "GET /index_files/?C=N%3BO%3DD HTTP/1.1" 200 314 "https://www.earthmint.com/index_files?C=D%3BO%3DA" "Mozilla/5.0 (Linux; Android 7.0;) AppleWebKit/537.36 (KHTML, like Gecko) Mobile Safari/537.36 (compatible; PetalBot;+https://webmaster.petalsearch.com/site/petalbot)" "www.earthmint.com"
114.119.144.222 - - [20/Sep/2022:09:58:06 -0700] "GET /?C=N%3BO%3DD HTTP/1.1" 200 379 "https://www.earthmint.com?S=D" "Mozilla/5.0 (Linux; Android 7.0;) AppleWebKit/537.36 (KHTML, like Gecko) Mobile Safari/537.36 (compatible; PetalBot;+https://webmaster.petalsearch.com/site/petalbot)" "www.earthmint.com"
114.119.144.209 - - [20/Sep/2022:10:10:24 -0700] "GET /images?N=D HTTP/1.1" 301 1409 "http://earthmint.com/images/" "Mozilla/5.0 (Linux; Android 7.0;) AppleWebKit/537.36 (KHTML, like Gecko) Mobile Safari/537.36 (compatible; PetalBot;+https://webmaster.petalsearch.com/site/petalbot)" "earthmint.com"
114.119.144.209 - - [20/Sep/2022:10:10:25 -0700] "GET /images/?N=D HTTP/1.1" 200 311 "http://earthmint.com/images/" "Mozilla/5.0 (Linux; Android 7.0;) AppleWebKit/537.36 (KHTML, like Gecko) Mobile Safari/537.36 (compatible; PetalBot;+https://webmaster.petalsearch.com/site/petalbot)" "earthmint.com"
209.58.146.158 - - [20/Sep/2022:10:18:12 -0700] "GET / HTTP/1.1" 200 849 "" "Mozilla/5.0 (Windows; U; Windows NT 6.0; en-US; rv:1.9.0.3) Gecko/2008092417 Firefox/3.0.3" "earthmint.com"
114.119.144.229 - - [20/Sep/2022:10:22:16 -0700] "GET /index_files/?C=M%3BO%3DA HTTP/1.1" 200 314 "https://earthmint.com/index_files?C=M%3BO%3DA" "Mozilla/5.0 (Linux; Android 7.0;) AppleWebKit/537.36 (KHTML, like Gecko) Mobile Safari/537.36 (compatible; PetalBot;+https://webmaster.petalsearch.com/site/petalbot)" "earthmint.com"
72.28.236.120 - - [20/Sep/2022:10:31:35 -0700] "GET / HTTP/1.1" 200 849 "-" "Mozilla/5.0 (Windows NT 10.0; Win64; x64) AppleWebKit/537.36 (KHTML, like Gecko) Chrome/55.0.2883.87 Safari/537.36 eM Client/9.0.1708.0" "www.earthmint.com"
72.28.236.120 - - [20/Sep/2022:10:31:35 -0700] "GET /favicon.ico HTTP/1.1" 404 73 "-" "Mozilla/5.0 (Windows NT 10.0; Win64; x64) AppleWebKit/537.36 (KHTML, like Gecko) Chrome/55.0.2883.87 Safari/537.36 eM Client/9.0.1708.0" "www.earthmint.com"
72.28.236.120 - - [20/Sep/2022:10:31:35 -0700] "GET /apple-touch-icon.png HTTP/1.1" 404 73 "-" "Mozilla/5.0 (Windows NT 10.0; Win64; x64) AppleWebKit/537.36 (KHTML, like Gecko) Chrome/55.0.2883.87 Safari/537.36 eM Client/9.0.1708.0" "www.earthmint.com"
72.28.236.120 - - [20/Sep/2022:10:31:35 -0700] "GET / HTTP/1.1" 200 849 "-" "Mozilla/5.0 (Windows NT 10.0; Win64; x64) AppleWebKit/537.36 (KHTML, like Gecko) Chrome/55.0.2883.87 Safari/537.36 eM Client/9.0.1708.0" "earthmint.com"
72.28.236.120 - - [20/Sep/2022:10:31:36 -0700] "GET /apple-touch-icon-precomposed.png HTTP/1.1" 404 73 "-" "Mozilla/5.0 (Windows NT 10.0; Win64; x64) AppleWebKit/537.36 (KHTML, like Gecko) Chrome/55.0.2883.87 Safari/537.36 eM Client/9.0.1708.0" "www.earthmint.com"
72.28.236.120 - - [20/Sep/2022:10:31:37 -0700] "GET /favicon.ico HTTP/1.1" 404 73 "-" "Mozilla/5.0 (Windows NT 10.0; Win64; x64) AppleWebKit/537.36 (KHTML, like Gecko) Chrome/55.0.2883.87 Safari/537.36 eM Client/9.0.1708.0" "earthmint.com"
72.28.236.120 - - [20/Sep/2022:10:31:38 -0700] "GET /apple-touch-icon.png HTTP/1.1" 404 73 "-" "Mozilla/5.0 (Windows NT 10.0; Win64; x64) AppleWebKit/537.36 (KHTML, like Gecko) Chrome/55.0.2883.87 Safari/537.36 eM Client/9.0.1708.0" "earthmint.com"
72.28.236.120 - - [20/Sep/2022:10:31:38 -0700] "GET /apple-touch-icon-precomposed.png HTTP/1.1" 404 73 "-" "Mozilla/5.0 (Windows NT 10.0; Win64; x64) AppleWebKit/537.36 (KHTML, like Gecko) Chrome/55.0.2883.87 Safari/537.36 eM Client/9.0.1708.0" "earthmint.com"
114.119.144.209 - - [20/Sep/2022:10:36:28 -0700] "GET /index_files/?C=N%3BO%3DD HTTP/1.1" 200 314 "http://earthmint.com/index_files?N=A" "Mozilla/5.0 (Linux; Android 7.0;) AppleWebKit/537.36 (KHTML, like Gecko) Mobile Safari/537.36 (compatible; PetalBot;+https://webmaster.petalsearch.com/site/petalbot)" "earthmint.com"
54.36.148.59 - - [20/Sep/2022:10:36:50 -0700] "GET /robots.txt HTTP/1.1" 404 88 "-" "Mozilla/5.0 (compatible; AhrefsBot/7.0; +http://ahrefs.com/robot/)" "www.earthmint.com"
54.36.148.112 - - [20/Sep/2022:10:36:50 -0700] "GET /index_files/ HTTP/1.1" 200 314 "-" "Mozilla/5.0 (compatible; AhrefsBot/7.0; +http://ahrefs.com/robot/)" "www.earthmint.com"
114.119.144.23 - - [20/Sep/2022:10:50:37 -0700] "GET /index_files?C=S%3BO%3DA HTTP/1.1" 301 1428 "https://www.earthmint.com/index_files?C=D%3BO%3DA" "Mozilla/5.0 (Linux; Android 7.0;) AppleWebKit/537.36 (KHTML, like Gecko) Mobile Safari/537.36 (compatible; PetalBot;+https://webmaster.petalsearch.com/site/petalbot)" "www.earthmint.com"
114.119.144.23 - - [20/Sep/2022:10:50:40 -0700] "GET /index_files/?C=S%3BO%3DA HTTP/1.1" 200 314 "https://www.earthmint.com/index_files?C=D%3BO%3DA" "Mozilla/5.0 (Linux; Android 7.0;) AppleWebKit/537.36 (KHTML, like Gecko) Mobile Safari/537.36 (compatible; PetalBot;+https://webmaster.petalsearch.com/site/petalbot)" "www.earthmint.com"
114.119.143.152 - - [20/Sep/2022:10:54:25 -0700] "GET /robots.txt HTTP/1.1" 404 88 "-" "Mozilla/5.0 (compatible;PetalBot;+https://webmaster.petalsearch.com/site/petalbot)" "earthmint.com"
114.119.144.209 - - [20/Sep/2022:11:47:05 -0700] "GET /images?M=A HTTP/1.1" 301 1414 "https://www.earthmint.com/images" "Mozilla/5.0 (Linux; Android 7.0;) AppleWebKit/537.36 (KHTML, like Gecko) Mobile Safari/537.36 (compatible; PetalBot;+https://webmaster.petalsearch.com/site/petalbot)" "www.earthmint.com"
114.119.144.209 - - [20/Sep/2022:11:47:06 -0700] "GET /images/?M=A HTTP/1.1" 200 311 "https://www.earthmint.com/images" "Mozilla/5.0 (Linux; Android 7.0;) AppleWebKit/537.36 (KHTML, like Gecko) Mobile Safari/537.36 (compatible; PetalBot;+https://webmaster.petalsearch.com/site/petalbot)" "www.earthmint.com"
157.55.39.222 - - [20/Sep/2022:11:57:31 -0700] "GET /?c=s;o=a HTTP/1.1" 200 379 "-" "Mozilla/5.0 (compatible; bingbot/2.0; +http://www.bing.com/bingbot.htm)" "earthmint.com"
52.8.178.73 - - [20/Sep/2022:12:32:25 -0700] "GET / HTTP/1.1" 200 379 "-" "Mozilla/5.0 (Windows NT 10.0; Win64; x64) AppleWebKit/537.36 (KHTML, like Gecko) Chrome/83.0.4103.116 Safari/537.36" "earthmint.com"
114.119.144.222 - - [20/Sep/2022:12:33:59 -0700] "GET /tmp/ HTTP/1.1" 403 170 "http://earthmint.com/" "Mozilla/5.0 (Linux; Android 7.0;) AppleWebKit/537.36 (KHTML, like Gecko) Mobile Safari/537.36 (compatible; PetalBot;+https://webmaster.petalsearch.com/site/petalbot)" "earthmint.com"
207.46.13.209 - - [20/Sep/2022:12:41:15 -0700] "GET /?c=n;o=d HTTP/1.1" 200 379 "-" "Mozilla/5.0 AppleWebKit/537.36 (KHTML, like Gecko; compatible; bingbot/2.0; +http://www.bing.com/bingbot.htm) Chrome/103.0.5060.134 Safari/537.36" "earthmint.com"
54.159.85.60 - - [20/Sep/2022:12:41:17 -0700] "GET / HTTP/1.1" 200 849 "-" "Mozilla/5.0 (X11; Linux x86_64) AppleWebKit/537.36 (KHTML, like Gecko) Chrome/58.0.3029.110 Safari/537.36" "earthmint.com"
207.46.13.205 - - [20/Sep/2022:13:00:15 -0700] "GET /?c=d;o=a HTTP/1.1" 200 379 "-" "Mozilla/5.0 AppleWebKit/537.36 (KHTML, like Gecko; compatible; bingbot/2.0; +http://www.bing.com/bingbot.htm) Chrome/103.0.5060.134 Safari/537.36" "earthmint.com"
114.119.142.37 - - [20/Sep/2022:13:43:46 -0700] "GET /robots.txt HTTP/1.1" 404 88 "-" "Mozilla/5.0 (compatible;PetalBot;+https://webmaster.petalsearch.com/site/petalbot)" "earthmint.com"
51.222.253.17 - - [20/Sep/2022:13:47:42 -0700] "GET /robots.txt HTTP/1.1" 404 88 "-" "Mozilla/5.0 (compatible; AhrefsBot/7.0; +http://ahrefs.com/robot/)" "earthmint.com"
51.222.253.12 - - [20/Sep/2022:13:47:43 -0700] "GET /index_files/ HTTP/1.1" 200 314 "-" "Mozilla/5.0 (compatible; AhrefsBot/7.0; +http://ahrefs.com/robot/)" "earthmint.com"
194.38.20.161 - - [20/Sep/2022:14:01:15 -0700] "GET /wp-content/themes/konzept/includes/uploadify/upload.php HTTP/1.1" 404 73 "-" "ALittle Client" "earthmint.com"
114.119.132.85 - - [20/Sep/2022:14:06:27 -0700] "GET /robots.txt HTTP/1.1" 404 88 "-" "Mozilla/5.0 (compatible;PetalBot;+https://webmaster.petalsearch.com/site/petalbot)" "www.earthmint.com"
35.239.85.203 - - [20/Sep/2022:14:25:52 -0700] "GET / HTTP/1.1" 200 379 "-" "Mozilla/5.0 (X11; Linux x86_64) AppleWebKit/537.36 (KHTML, like Gecko) Chrome/108.0.0.0 Safari/537.36" "earthmint.com"
35.239.85.203 - - [20/Sep/2022:14:25:55 -0700] "GET /favicon.ico HTTP/1.1" 404 88 "http://earthmint.com/" "Mozilla/5.0 (X11; Linux x86_64) AppleWebKit/537.36 (KHTML, like Gecko) Chrome/108.0.0.0 Safari/537.36" "earthmint.com"
207.46.13.209 - - [20/Sep/2022:14:26:26 -0700] "GET /?c=m;o=a HTTP/1.1" 200 379 "-" "Mozilla/5.0 (compatible; bingbot/2.0; +http://www.bing.com/bingbot.htm)" "earthmint.com"
185.220.101.48 - - [20/Sep/2022:14:32:28 -0700] "GET / HTTP/1.1" 200 379 "http://earthmint.com" "Mozilla/5.0 (Windows NT 10.0; Win64; x64; rv:73.0) Gecko/20100101 Firefox/73.0" "earthmint.com"
51.222.253.6 - - [20/Sep/2022:14:44:47 -0700] "GET /?C=M;O=A HTTP/1.1" 200 380 "-" "Mozilla/5.0 (compatible; AhrefsBot/7.0; +http://ahrefs.com/robot/)" "earthmint.com"
207.46.13.205 - - [20/Sep/2022:14:48:43 -0700] "GET / HTTP/1.1" 200 379 "-" "Mozilla/5.0 (compatible; bingbot/2.0; +http://www.bing.com/bingbot.htm)" "www.earthmint.com"
20.219.60.192 - - [20/Sep/2022:15:08:38 -0700] "GET /Makhdamxshell.php HTTP/1.1" 404 88 "-" "Mozilla/5.0 (Windows NT 10.0; Win64; x64) AppleWebKit/537.36 (KHTML, like Gecko) Chrome/85.0.4183.102 Safari/537.36" "earthmint.com"
20.219.60.192 - - [20/Sep/2022:15:08:59 -0700] "GET /wp-admin/includes/class-wp-media-list-data.php HTTP/1.1" 404 88 "-" "Mozilla/5.0 (Windows NT 10.0; Win64; x64) AppleWebKit/537.36 (KHTML, like Gecko) Chrome/85.0.4183.102 Safari/537.36" "earthmint.com"
20.219.60.192 - - [20/Sep/2022:15:09:10 -0700] "GET /wp-includes/wp-class.php HTTP/1.1" 404 88 "-" "Mozilla/5.0 (Windows NT 10.0; Win64; x64) AppleWebKit/537.36 (KHTML, like Gecko) Chrome/85.0.4183.102 Safari/537.36" "earthmint.com"
20.219.60.192 - - [20/Sep/2022:15:09:38 -0700] "GET /0.php HTTP/1.1" 404 88 "-" "Mozilla/5.0 (Windows NT 10.0; Win64; x64) AppleWebKit/537.36 (KHTML, like Gecko) Chrome/85.0.4183.102 Safari/537.36" "earthmint.com"
20.219.60.192 - - [20/Sep/2022:15:09:51 -0700] "GET /01.php HTTP/1.1" 404 88 "-" "Mozilla/5.0 (Windows NT 10.0; Win64; x64) AppleWebKit/537.36 (KHTML, like Gecko) Chrome/85.0.4183.102 Safari/537.36" "earthmint.com"
20.219.60.192 - - [20/Sep/2022:15:09:55 -0700] "GET /0byte HTTP/1.1" 404 88 "-" "Mozilla/5.0 (Windows NT 10.0; Win64; x64) AppleWebKit/537.36 (KHTML, like Gecko) Chrome/85.0.4183.102 Safari/537.36" "earthmint.com"
20.219.60.192 - - [20/Sep/2022:15:10:31 -0700] "GET /0byte.php HTTP/1.1" 404 88 "-" "Mozilla/5.0 (Windows NT 10.0; Win64; x64) AppleWebKit/537.36 (KHTML, like Gecko) Chrome/85.0.4183.102 Safari/537.36" "earthmint.com"
20.219.60.192 - - [20/Sep/2022:15:10:35 -0700] "GET /1.php HTTP/1.1" 404 88 "-" "Mozilla/5.0 (Windows NT 10.0; Win64; x64) AppleWebKit/537.36 (KHTML, like Gecko) Chrome/85.0.4183.102 Safari/537.36" "earthmint.com"
20.219.60.192 - - [20/Sep/2022:15:10:46 -0700] "GET /10.php HTTP/1.1" 404 88 "-" "Mozilla/5.0 (Windows NT 10.0; Win64; x64) AppleWebKit/537.36 (KHTML, like Gecko) Chrome/85.0.4183.102 Safari/537.36" "earthmint.com"
20.219.60.192 - - [20/Sep/2022:15:11:07 -0700] "GET /100.php HTTP/1.1" 404 88 "-" "Mozilla/5.0 (Windows NT 10.0; Win64; x64) AppleWebKit/537.36 (KHTML, like Gecko) Chrome/85.0.4183.102 Safari/537.36" "earthmint.com"
20.219.60.192 - - [20/Sep/2022:15:11:29 -0700] "GET /11index.php HTTP/1.1" 404 88 "-" "Mozilla/5.0 (Windows NT 10.0; Win64; x64) AppleWebKit/537.36 (KHTML, like Gecko) Chrome/85.0.4183.102 Safari/537.36" "earthmint.com"
20.219.60.192 - - [20/Sep/2022:15:11:48 -0700] "GET /13.php HTTP/1.1" 404 88 "-" "Mozilla/5.0 (Windows NT 10.0; Win64; x64) AppleWebKit/537.36 (KHTML, like Gecko) Chrome/85.0.4183.102 Safari/537.36" "earthmint.com"
20.219.60.192 - - [20/Sep/2022:15:11:55 -0700] "GET /1337.php HTTP/1.1" 404 88 "-" "Mozilla/5.0 (Windows NT 10.0; Win64; x64) AppleWebKit/537.36 (KHTML, like Gecko) Chrome/85.0.4183.102 Safari/537.36" "earthmint.com"
20.219.60.192 - - [20/Sep/2022:15:12:15 -0700] "GET /1index.php HTTP/1.1" 404 88 "-" "Mozilla/5.0 (Windows NT 10.0; Win64; x64) AppleWebKit/537.36 (KHTML, like Gecko) Chrome/85.0.4183.102 Safari/537.36" "earthmint.com"
20.219.60.192 - - [20/Sep/2022:15:12:17 -0700] "GET /2.php HTTP/1.1" 404 88 "-" "Mozilla/5.0 (Windows NT 10.0; Win64; x64) AppleWebKit/537.36 (KHTML, like Gecko) Chrome/85.0.4183.102 Safari/537.36" "earthmint.com"
20.219.60.192 - - [20/Sep/2022:15:12:20 -0700] "GET /2index.php HTTP/1.1" 404 88 "-" "Mozilla/5.0 (Windows NT 10.0; Win64; x64) AppleWebKit/537.36 (KHTML, like Gecko) Chrome/85.0.4183.102 Safari/537.36" "earthmint.com"
20.219.60.192 - - [20/Sep/2022:15:12:32 -0700] "GET /3.php HTTP/1.1" 404 88 "-" "Mozilla/5.0 (Windows NT 10.0; Win64; x64) AppleWebKit/537.36 (KHTML, like Gecko) Chrome/85.0.4183.102 Safari/537.36" "earthmint.com"
20.219.60.192 - - [20/Sep/2022:15:12:51 -0700] "GET /4.php HTTP/1.1" 404 88 "-" "Mozilla/5.0 (Windows NT 10.0; Win64; x64) AppleWebKit/537.36 (KHTML, like Gecko) Chrome/85.0.4183.102 Safari/537.36" "earthmint.com"
20.219.60.192 - - [20/Sep/2022:15:13:09 -0700] "GET /403.php HTTP/1.1" 404 88 "-" "Mozilla/5.0 (Windows NT 10.0; Win64; x64) AppleWebKit/537.36 (KHTML, like Gecko) Chrome/85.0.4183.102 Safari/537.36" "earthmint.com"
20.219.60.192 - - [20/Sep/2022:15:13:12 -0700] "GET /404.php HTTP/1.1" 404 88 "-" "Mozilla/5.0 (Windows NT 10.0; Win64; x64) AppleWebKit/537.36 (KHTML, like Gecko) Chrome/85.0.4183.102 Safari/537.36" "earthmint.com"
20.219.60.192 - - [20/Sep/2022:15:13:43 -0700] "GET /9.php HTTP/1.1" 404 88 "-" "Mozilla/5.0 (Windows NT 10.0; Win64; x64) AppleWebKit/537.36 (KHTML, like Gecko) Chrome/85.0.4183.102 Safari/537.36" "earthmint.com"
20.219.60.192 - - [20/Sep/2022:15:13:56 -0700] "GET /Alfa.php HTTP/1.1" 404 88 "-" "Mozilla/5.0 (Windows NT 10.0; Win64; x64) AppleWebKit/537.36 (KHTML, like Gecko) Chrome/85.0.4183.102 Safari/537.36" "earthmint.com"
20.219.60.192 - - [20/Sep/2022:15:13:56 -0700] "GET /FoxWSO.php HTTP/1.1" 404 88 "-" "Mozilla/5.0 (Windows NT 10.0; Win64; x64) AppleWebKit/537.36 (KHTML, like Gecko) Chrome/85.0.4183.102 Safari/537.36" "earthmint.com"
20.219.60.192 - - [20/Sep/2022:15:14:24 -0700] "GET /WSO.php HTTP/1.1" 404 88 "-" "Mozilla/5.0 (Windows NT 10.0; Win64; x64) AppleWebKit/537.36 (KHTML, like Gecko) Chrome/85.0.4183.102 Safari/537.36" "earthmint.com"
20.219.60.192 - - [20/Sep/2022:15:14:33 -0700] "GET /a.php HTTP/1.1" 404 88 "-" "Mozilla/5.0 (Windows NT 10.0; Win64; x64) AppleWebKit/537.36 (KHTML, like Gecko) Chrome/85.0.4183.102 Safari/537.36" "earthmint.com"
20.219.60.192 - - [20/Sep/2022:15:14:37 -0700] "GET /about.php HTTP/1.1" 404 88 "-" "Mozilla/5.0 (Windows NT 10.0; Win64; x64) AppleWebKit/537.36 (KHTML, like Gecko) Chrome/85.0.4183.102 Safari/537.36" "earthmint.com"
20.219.60.192 - - [20/Sep/2022:15:15:05 -0700] "GET /alf.php HTTP/1.1" 404 88 "-" "Mozilla/5.0 (Windows NT 10.0; Win64; x64) AppleWebKit/537.36 (KHTML, like Gecko) Chrome/85.0.4183.102 Safari/537.36" "earthmint.com"
20.219.60.192 - - [20/Sep/2022:15:15:34 -0700] "GET /alfa.php HTTP/1.1" 404 88 "-" "Mozilla/5.0 (Windows NT 10.0; Win64; x64) AppleWebKit/537.36 (KHTML, like Gecko) Chrome/85.0.4183.102 Safari/537.36" "earthmint.com"
20.219.60.192 - - [20/Sep/2022:15:15:42 -0700] "GET /alfashell.php HTTP/1.1" 404 88 "-" "Mozilla/5.0 (Windows NT 10.0; Win64; x64) AppleWebKit/537.36 (KHTML, like Gecko) Chrome/85.0.4183.102 Safari/537.36" "earthmint.com"
20.219.60.192 - - [20/Sep/2022:15:15:51 -0700] "GET /alwso.php HTTP/1.1" 404 88 "-" "Mozilla/5.0 (Windows NT 10.0; Win64; x64) AppleWebKit/537.36 (KHTML, like Gecko) Chrome/85.0.4183.102 Safari/537.36" "earthmint.com"
20.219.60.192 - - [20/Sep/2022:15:16:11 -0700] "GET /autoload_classmap.php HTTP/1.1" 404 88 "-" "Mozilla/5.0 (Windows NT 10.0; Win64; x64) AppleWebKit/537.36 (KHTML, like Gecko) Chrome/85.0.4183.102 Safari/537.36" "earthmint.com"
20.219.60.192 - - [20/Sep/2022:15:16:15 -0700] "GET /b.php HTTP/1.1" 404 88 "-" "Mozilla/5.0 (Windows NT 10.0; Win64; x64) AppleWebKit/537.36 (KHTML, like Gecko) Chrome/85.0.4183.102 Safari/537.36" "earthmint.com"
40.77.167.105 - - [20/Sep/2022:15:16:46 -0700] "GET /robots.txt HTTP/1.1" 404 88 "-" "Mozilla/5.0 (compatible; bingbot/2.0; +http://www.bing.com/bingbot.htm)" "www.earthmint.com"
40.77.167.105 - - [20/Sep/2022:15:16:47 -0700] "GET /robots.txt HTTP/1.1" 404 88 "-" "Mozilla/5.0 (compatible; bingbot/2.0; +http://www.bing.com/bingbot.htm)" "www.earthmint.com"
20.219.60.192 - - [20/Sep/2022:15:16:57 -0700] "GET /blog.php HTTP/1.1" 404 88 "-" "Mozilla/5.0 (Windows NT 10.0; Win64; x64) AppleWebKit/537.36 (KHTML, like Gecko) Chrome/85.0.4183.102 Safari/537.36" "earthmint.com"
207.46.13.209 - - [20/Sep/2022:15:16:58 -0700] "GET / HTTP/1.1" 200 379 "-" "Mozilla/5.0 (compatible; bingbot/2.0; +http://www.bing.com/bingbot.htm)" "www.earthmint.com"
20.219.60.192 - - [20/Sep/2022:15:18:32 -0700] "GET /bypass.php HTTP/1.1" 404 88 "-" "Mozilla/5.0 (Windows NT 10.0; Win64; x64) AppleWebKit/537.36 (KHTML, like Gecko) Chrome/85.0.4183.102 Safari/537.36" "earthmint.com"
20.219.60.192 - - [20/Sep/2022:15:18:44 -0700] "GET /c.php HTTP/1.1" 404 88 "-" "Mozilla/5.0 (Windows NT 10.0; Win64; x64) AppleWebKit/537.36 (KHTML, like Gecko) Chrome/85.0.4183.102 Safari/537.36" "earthmint.com"
20.219.60.192 - - [20/Sep/2022:15:19:13 -0700] "GET /c99.php HTTP/1.1" 404 88 "-" "Mozilla/5.0 (Windows NT 10.0; Win64; x64) AppleWebKit/537.36 (KHTML, like Gecko) Chrome/85.0.4183.102 Safari/537.36" "earthmint.com"
20.219.60.192 - - [20/Sep/2022:15:20:38 -0700] "GET /date.php HTTP/1.1" 404 88 "-" "Mozilla/5.0 (Windows NT 10.0; Win64; x64) AppleWebKit/537.36 (KHTML, like Gecko) Chrome/85.0.4183.102 Safari/537.36" "earthmint.com"
20.219.60.192 - - [20/Sep/2022:15:21:16 -0700] "GET /doc.php HTTP/1.1" 404 88 "-" "Mozilla/5.0 (Windows NT 10.0; Win64; x64) AppleWebKit/537.36 (KHTML, like Gecko) Chrome/85.0.4183.102 Safari/537.36" "earthmint.com"
20.219.60.192 - - [20/Sep/2022:15:21:38 -0700] "GET /e.php HTTP/1.1" 404 88 "-" "Mozilla/5.0 (Windows NT 10.0; Win64; x64) AppleWebKit/537.36 (KHTML, like Gecko) Chrome/85.0.4183.102 Safari/537.36" "earthmint.com"
20.219.60.192 - - [20/Sep/2022:15:21:50 -0700] "GET /edit-form.php HTTP/1.1" 404 88 "-" "Mozilla/5.0 (Windows NT 10.0; Win64; x64) AppleWebKit/537.36 (KHTML, like Gecko) Chrome/85.0.4183.102 Safari/537.36" "earthmint.com"
20.219.60.192 - - [20/Sep/2022:15:22:11 -0700] "GET /f.php HTTP/1.1" 404 88 "-" "Mozilla/5.0 (Windows NT 10.0; Win64; x64) AppleWebKit/537.36 (KHTML, like Gecko) Chrome/85.0.4183.102 Safari/537.36" "earthmint.com"
20.219.60.192 - - [20/Sep/2022:15:22:23 -0700] "GET /fox.php HTTP/1.1" 404 88 "-" "Mozilla/5.0 (Windows NT 10.0; Win64; x64) AppleWebKit/537.36 (KHTML, like Gecko) Chrome/85.0.4183.102 Safari/537.36" "earthmint.com"
20.219.60.192 - - [20/Sep/2022:15:22:23 -0700] "GET /fw.php HTTP/1.1" 404 88 "-" "Mozilla/5.0 (Windows NT 10.0; Win64; x64) AppleWebKit/537.36 (KHTML, like Gecko) Chrome/85.0.4183.102 Safari/537.36" "earthmint.com"
20.219.60.192 - - [20/Sep/2022:15:22:59 -0700] "GET /fx.php HTTP/1.1" 404 88 "-" "Mozilla/5.0 (Windows NT 10.0; Win64; x64) AppleWebKit/537.36 (KHTML, like Gecko) Chrome/85.0.4183.102 Safari/537.36" "earthmint.com"
20.219.60.192 - - [20/Sep/2022:15:25:08 -0700] "GET /goods.php HTTP/1.1" 404 88 "-" "Mozilla/5.0 (Windows NT 10.0; Win64; x64) AppleWebKit/537.36 (KHTML, like Gecko) Chrome/85.0.4183.102 Safari/537.36" "earthmint.com"
20.219.60.192 - - [20/Sep/2022:15:25:36 -0700] "GET /h.php HTTP/1.1" 404 88 "-" "Mozilla/5.0 (Windows NT 10.0; Win64; x64) AppleWebKit/537.36 (KHTML, like Gecko) Chrome/85.0.4183.102 Safari/537.36" "earthmint.com"
20.219.60.192 - - [20/Sep/2022:15:26:09 -0700] "GET /haxor.php HTTP/1.1" 404 88 "-" "Mozilla/5.0 (Windows NT 10.0; Win64; x64) AppleWebKit/537.36 (KHTML, like Gecko) Chrome/85.0.4183.102 Safari/537.36" "earthmint.com"
20.219.60.192 - - [20/Sep/2022:15:27:01 -0700] "GET /hello.php HTTP/1.1" 404 88 "-" "Mozilla/5.0 (Windows NT 10.0; Win64; x64) AppleWebKit/537.36 (KHTML, like Gecko) Chrome/85.0.4183.102 Safari/537.36" "earthmint.com"
20.219.60.192 - - [20/Sep/2022:15:28:48 -0700] "GET /images/about.php HTTP/1.1" 404 88 "-" "Mozilla/5.0 (Windows NT 10.0; Win64; x64) AppleWebKit/537.36 (KHTML, like Gecko) Chrome/85.0.4183.102 Safari/537.36" "earthmint.com"
20.219.60.192 - - [20/Sep/2022:15:28:48 -0700] "GET /jindex.php HTTP/1.1" 404 88 "-" "Mozilla/5.0 (Windows NT 10.0; Win64; x64) AppleWebKit/537.36 (KHTML, like Gecko) Chrome/85.0.4183.102 Safari/537.36" "earthmint.com"
20.219.60.192 - - [20/Sep/2022:15:29:33 -0700] "GET /k.php HTTP/1.1" 404 88 "-" "Mozilla/5.0 (Windows NT 10.0; Win64; x64) AppleWebKit/537.36 (KHTML, like Gecko) Chrome/85.0.4183.102 Safari/537.36" "earthmint.com"
20.219.60.192 - - [20/Sep/2022:15:29:52 -0700] "GET /l.php HTTP/1.1" 404 88 "-" "Mozilla/5.0 (Windows NT 10.0; Win64; x64) AppleWebKit/537.36 (KHTML, like Gecko) Chrome/85.0.4183.102 Safari/537.36" "earthmint.com"
20.219.60.192 - - [20/Sep/2022:15:29:56 -0700] "GET /license.php HTTP/1.1" 404 88 "-" "Mozilla/5.0 (Windows NT 10.0; Win64; x64) AppleWebKit/537.36 (KHTML, like Gecko) Chrome/85.0.4183.102 Safari/537.36" "earthmint.com"
20.219.60.192 - - [20/Sep/2022:15:30:05 -0700] "GET /m.php HTTP/1.1" 404 88 "-" "Mozilla/5.0 (Windows NT 10.0; Win64; x64) AppleWebKit/537.36 (KHTML, like Gecko) Chrome/85.0.4183.102 Safari/537.36" "earthmint.com"
20.219.60.192 - - [20/Sep/2022:15:30:21 -0700] "GET /mar.php HTTP/1.1" 404 88 "-" "Mozilla/5.0 (Windows NT 10.0; Win64; x64) AppleWebKit/537.36 (KHTML, like Gecko) Chrome/85.0.4183.102 Safari/537.36" "earthmint.com"
114.119.129.36 - - [20/Sep/2022:15:55:25 -0700] "GET /images?S=D HTTP/1.1" 301 1414 "https://www.earthmint.com/images?S=A" "Mozilla/5.0 (Linux; Android 7.0;) AppleWebKit/537.36 (KHTML, like Gecko) Mobile Safari/537.36 (compatible; PetalBot;+https://webmaster.petalsearch.com/site/petalbot)" "www.earthmint.com"
114.119.129.36 - - [20/Sep/2022:15:55:26 -0700] "GET /images/?S=D HTTP/1.1" 200 311 "https://www.earthmint.com/images?S=A" "Mozilla/5.0 (Linux; Android 7.0;) AppleWebKit/537.36 (KHTML, like Gecko) Mobile Safari/537.36 (compatible; PetalBot;+https://webmaster.petalsearch.com/site/petalbot)" "www.earthmint.com"
114.119.129.36 - - [20/Sep/2022:16:15:36 -0700] "GET /?C=S%3BO%3DA HTTP/1.1" 200 379 "https://www.earthmint.com?S=D" "Mozilla/5.0 (Linux; Android 7.0;) AppleWebKit/537.36 (KHTML, like Gecko) Mobile Safari/537.36 (compatible; PetalBot;+https://webmaster.petalsearch.com/site/petalbot)" "www.earthmint.com"
195.191.219.132 - - [20/Sep/2022:17:14:54 -0700] "GET /robots.txt HTTP/1.1" 404 73 "-" "Mozilla/5.0 (compatible; MJ12bot/v1.4.8; http://mj12bot.com/)" "earthmint.com"
195.191.219.132 - - [20/Sep/2022:17:14:56 -0700] "GET / HTTP/1.1" 200 379 "-" "Mozilla/5.0 (compatible; MJ12bot/v1.4.8; http://mj12bot.com/)" "earthmint.com"
5.255.253.159 - - [20/Sep/2022:17:39:55 -0700] "GET /robots.txt HTTP/1.1" 404 73 "-" "Mozilla/5.0 (compatible; YandexBot/3.0; +http://yandex.com/bots)" "earthmint.com"
40.77.167.105 - - [20/Sep/2022:18:03:48 -0700] "GET /robots.txt HTTP/1.1" 404 88 "-" "Mozilla/5.0 (compatible; bingbot/2.0; +http://www.bing.com/bingbot.htm)" "earthmint.com"
40.77.167.105 - - [20/Sep/2022:18:03:48 -0700] "GET /robots.txt HTTP/1.1" 404 88 "-" "Mozilla/5.0 (compatible; bingbot/2.0; +http://www.bing.com/bingbot.htm)" "earthmint.com"
207.46.13.209 - - [20/Sep/2022:18:03:54 -0700] "GET / HTTP/1.1" 200 379 "-" "Mozilla/5.0 (compatible; bingbot/2.0; +http://www.bing.com/bingbot.htm)" "earthmint.com"
123.183.224.90 - - [20/Sep/2022:18:08:34 -0700] "GET / HTTP/1.1" 200 379 "-" "Sogou web spider/4.0(+http://www.sogou.com/docs/help/webmasters.htm#07)" "earthmint.com"
195.201.9.240 - - [20/Sep/2022:18:19:08 -0700] "GET / HTTP/1.1" 200 849 "-" "Mozilla/5.0 (X11; Linux x86_64) AppleWebKit/537.36 (KHTML, like Gecko) Chrome/90.0.4430.212 Safari/537.36" "www.earthmint.com"
195.201.9.240 - - [20/Sep/2022:18:19:08 -0700] "GET / HTTP/1.1" 200 849 "-" "Mozilla/5.0 (X11; Linux x86_64) AppleWebKit/537.36 (KHTML, like Gecko) Chrome/90.0.4430.212 Safari/537.36" "www.earthmint.com"
49.7.20.128 - - [20/Sep/2022:18:34:42 -0700] "GET / HTTP/1.1" 200 379 "-" "Sogou web spider/4.0(+http://www.sogou.com/docs/help/webmasters.htm#07)" "earthmint.com"
118.184.177.85 - - [20/Sep/2022:19:14:46 -0700] "GET / HTTP/1.1" 200 379 "-" "Sogou web spider/4.0(+http://www.sogou.com/docs/help/webmasters.htm#07)" "www.earthmint.com"
54.36.148.238 - - [20/Sep/2022:19:21:44 -0700] "GET /robots.txt HTTP/1.1" 404 88 "-" "Mozilla/5.0 (compatible; AhrefsBot/7.0; +http://ahrefs.com/robot/)" "www.earthmint.com"
51.222.253.8 - - [20/Sep/2022:19:21:45 -0700] "GET / HTTP/1.1" 200 379 "-" "Mozilla/5.0 (compatible; AhrefsBot/7.0; +http://ahrefs.com/robot/)" "www.earthmint.com"
51.15.183.168 - - [20/Sep/2022:19:32:42 -0700] "GET /mambots/editors/fckeditor/editor/filemanager/browser/default/connectors/php/connector.php?Command=GetFoldersAndFiles&Type=File&CurrentFolder=%2F HTTP/1.1" 404 73 "-" "Mozilla/5.0 (Windows NT 6.3; Win64; x64) AppleWebKit/537.36 (KHTML, like Gecko) Chrome/75.0.3770.100 Safari/537.36" "earthmint.com"
118.184.177.85 - - [20/Sep/2022:20:45:58 -0700] "GET / HTTP/1.1" 200 379 "-" "Sogou web spider/4.0(+http://www.sogou.com/docs/help/webmasters.htm#07)" "www.earthmint.com"
207.46.13.205 - - [20/Sep/2022:20:47:39 -0700] "GET / HTTP/1.1" 200 379 "-" "Mozilla/5.0 (compatible; bingbot/2.0; +http://www.bing.com/bingbot.htm)" "earthmint.com"
77.75.79.31 - - [20/Sep/2022:21:31:57 -0700] "GET /robots.txt HTTP/1.1" 404 88 "-" "Mozilla/5.0 (compatible; SeznamBot/4.0-RC1; +http://napoveda.seznam.cz/seznambot-intro/)" "earthmint.com"
77.75.79.31 - - [20/Sep/2022:21:32:17 -0700] "GET /index_files/ HTTP/1.1" 200 314 "-" "Mozilla/5.0 (compatible; SeznamBot/4.0-RC1; +http://napoveda.seznam.cz/seznambot-intro/)" "earthmint.com"
51.222.253.10 - - [20/Sep/2022:23:09:55 -0700] "GET /robots.txt HTTP/1.1" 404 88 "-" "Mozilla/5.0 (compatible; AhrefsBot/7.0; +http://ahrefs.com/robot/)" "www.earthmint.com"
114.119.129.36 - - [20/Sep/2022:23:39:34 -0700] "GET /images/?C=N%3BO%3DD HTTP/1.1" 200 311 "http://earthmint.com/images?S=D" "Mozilla/5.0 (Linux; Android 7.0;) AppleWebKit/537.36 (KHTML, like Gecko) Mobile Safari/537.36 (compatible; PetalBot;+https://webmaster.petalsearch.com/site/petalbot)" "earthmint.com"
87.250.224.75 - - [21/Sep/2022:00:23:31 -0700] "GET /robots.txt HTTP/1.1" 404 73 "-" "Mozilla/5.0 (compatible; YandexBot/3.0; +http://yandex.com/bots)" "www.earthmint.com"
95.108.213.49 - - [21/Sep/2022:00:23:31 -0700] "GET /robots.txt HTTP/1.1" 404 73 "-" "Mozilla/5.0 (compatible; YandexBot/3.0; +http://yandex.com/bots)" "www.earthmint.com"
5.255.231.110 - - [21/Sep/2022:00:23:34 -0700] "GET / HTTP/1.1" 200 379 "-" "Mozilla/5.0 (compatible; YandexBot/3.0; +http://yandex.com/bots)" "www.earthmint.com"
95.108.213.39 - - [21/Sep/2022:00:23:35 -0700] "GET / HTTP/1.1" 200 379 "-" "Mozilla/5.0 (compatible; YandexBot/3.0; +http://yandex.com/bots)" "www.earthmint.com"
207.46.13.205 - - [21/Sep/2022:00:34:51 -0700] "GET / HTTP/1.1" 200 379 "-" "Mozilla/5.0 AppleWebKit/537.36 (KHTML, like Gecko; compatible; bingbot/2.0; +http://www.bing.com/bingbot.htm) Chrome/103.0.5060.134 Safari/537.36" "www.earthmint.com"
17.121.113.150 - - [21/Sep/2022:00:39:11 -0700] "GET /robots.txt HTTP/1.1" 404 88 "-" "Mozilla/5.0 (Macintosh; Intel Mac OS X 10_15_5) AppleWebKit/605.1.15 (KHTML, like Gecko) Version/13.1.1 Safari/605.1.15 (Applebot/0.1; +http://www.apple.com/go/applebot)" "earthmint.com"
17.121.113.150 - - [21/Sep/2022:00:39:11 -0700] "GET /_private/ HTTP/1.1" 403 170 "-" "Mozilla/5.0 (Macintosh; Intel Mac OS X 10_15_5) AppleWebKit/605.1.15 (KHTML, like Gecko) Version/13.1.1 Safari/605.1.15 (Applebot/0.1; +http://www.apple.com/go/applebot)" "earthmint.com"
114.119.144.209 - - [21/Sep/2022:00:39:57 -0700] "GET /index_files?N=D HTTP/1.1" 301 1418 "http://earthmint.com/index_files" "Mozilla/5.0 (Linux; Android 7.0;) AppleWebKit/537.36 (KHTML, like Gecko) Mobile Safari/537.36 (compatible; PetalBot;+https://webmaster.petalsearch.com/site/petalbot)" "earthmint.com"
114.119.144.209 - - [21/Sep/2022:00:39:58 -0700] "GET /index_files/?N=D HTTP/1.1" 200 314 "http://earthmint.com/index_files" "Mozilla/5.0 (Linux; Android 7.0;) AppleWebKit/537.36 (KHTML, like Gecko) Mobile Safari/537.36 (compatible; PetalBot;+https://webmaster.petalsearch.com/site/petalbot)" "earthmint.com"
185.191.171.37 - - [21/Sep/2022:00:49:05 -0700] "GET /robots.txt HTTP/1.1" 404 88 "-" "Mozilla/5.0 (compatible; SemrushBot/7~bl; +http://www.semrush.com/bot.html)" "www.earthmint.com"
185.191.171.5 - - [21/Sep/2022:00:49:05 -0700] "GET / HTTP/1.1" 200 379 "-" "Mozilla/5.0 (compatible; SemrushBot/7~bl; +http://www.semrush.com/bot.html)" "www.earthmint.com"
162.55.85.227 - - [21/Sep/2022:01:12:22 -0700] "GET /robots.txt HTTP/1.1" 404 88 "-" "Mozilla/5.0 (compatible; BLEXBot/1.0; +http://webmeup-crawler.com/)" "earthmint.com"
162.55.85.227 - - [21/Sep/2022:01:12:23 -0700] "GET / HTTP/1.1" 200 379 "-" "Mozilla/5.0 (compatible; BLEXBot/1.0; +http://webmeup-crawler.com/)" "earthmint.com"
207.46.13.209 - - [21/Sep/2022:01:15:55 -0700] "GET / HTTP/1.1" 200 379 "-" "Mozilla/5.0 (compatible; bingbot/2.0; +http://www.bing.com/bingbot.htm)" "www.earthmint.com"
123.125.109.128 - - [21/Sep/2022:01:22:16 -0700] "GET / HTTP/1.1" 200 379 "-" "Sogou web spider/4.0(+http://www.sogou.com/docs/help/webmasters.htm#07)" "earthmint.com"
54.36.149.96 - - [21/Sep/2022:02:24:44 -0700] "GET /robots.txt HTTP/1.1" 404 88 "-" "Mozilla/5.0 (compatible; AhrefsBot/7.0; +http://ahrefs.com/robot/)" "earthmint.com"
51.222.253.19 - - [21/Sep/2022:02:24:45 -0700] "GET /index_files/?C=N;O=D HTTP/1.1" 200 313 "-" "Mozilla/5.0 (compatible; AhrefsBot/7.0; +http://ahrefs.com/robot/)" "earthmint.com"
61.135.159.193 - - [21/Sep/2022:02:48:42 -0700] "GET / HTTP/1.1" 200 379 "-" "Sogou web spider/4.0(+http://www.sogou.com/docs/help/webmasters.htm#07)" "www.earthmint.com"
66.249.79.208 - - [21/Sep/2022:03:49:41 -0700] "GET /robots.txt HTTP/1.1" 404 88 "-" "Mozilla/5.0 (compatible; Googlebot/2.1; +http://www.google.com/bot.html)" "www.earthmint.com"
207.46.13.209 - - [21/Sep/2022:03:53:39 -0700] "GET / HTTP/1.1" 200 379 "-" "Mozilla/5.0 (compatible; bingbot/2.0; +http://www.bing.com/bingbot.htm)" "earthmint.com"
114.119.137.180 - - [21/Sep/2022:04:19:18 -0700] "GET /robots.txt HTTP/1.1" 404 88 "-" "Mozilla/5.0 (compatible;PetalBot;+https://webmaster.petalsearch.com/site/petalbot)" "www.earthmint.com"
123.125.109.128 - - [21/Sep/2022:05:01:08 -0700] "GET / HTTP/1.1" 200 379 "-" "Sogou web spider/4.0(+http://www.sogou.com/docs/help/webmasters.htm#07)" "earthmint.com"
34.219.118.101 - - [21/Sep/2022:05:11:55 -0700] "GET / HTTP/1.1" 200 379 "-" "Mozilla/5.0 (X11; Linux x86_64) AppleWebKit/537.36 (KHTML, like Gecko) Chrome/83.0.4103.97 Safari/537.36" "earthmint.com"
34.211.93.82 - - [21/Sep/2022:05:12:06 -0700] "GET / HTTP/1.1" 200 379 "-" "Mozilla/5.0 (X11; Linux x86_64) AppleWebKit/537.36 (KHTML, like Gecko) Chrome/83.0.4103.97 Safari/537.36" "earthmint.com"
54.186.115.44 - - [21/Sep/2022:05:13:10 -0700] "GET /favicon.ico HTTP/1.1" 404 88 "-" "Mozilla/5.0 (X11; Linux x86_64) AppleWebKit/537.36 (KHTML, like Gecko) Chrome/83.0.4103.97 Safari/537.36" "earthmint.com"
35.91.7.215 - - [21/Sep/2022:05:16:21 -0700] "GET / HTTP/1.1" 200 379 "-" "Mozilla/5.0 (X11; Linux x86_64) AppleWebKit/537.36 (KHTML, like Gecko) Chrome/83.0.4103.97 Safari/537.36" "earthmint.com"
35.89.242.26 - - [21/Sep/2022:05:17:43 -0700] "GET /favicon.ico HTTP/1.1" 404 88 "-" "Mozilla/5.0 (X11; Linux x86_64) AppleWebKit/537.36 (KHTML, like Gecko) Chrome/83.0.4103.97 Safari/537.36" "earthmint.com"
34.220.179.207 - - [21/Sep/2022:05:30:49 -0700] "GET / HTTP/1.1" 200 379 "-" "Mozilla/5.0 (X11; Linux x86_64) AppleWebKit/537.36 (KHTML, like Gecko) Chrome/83.0.4103.97 Safari/537.36" "earthmint.com"
101.33.33.201 - - [21/Sep/2022:05:34:03 -0700] "GET / HTTP/1.1" 200 379 "-" "Mozilla/5.0 (Macintosh; Intel Mac OS X 10_15_7) AppleWebKit/537.36 (KHTML, like Gecko) Chrome/103.0.0.0 Safari/537.36" "www.earthmint.com"
61.135.159.193 - - [21/Sep/2022:06:25:42 -0700] "GET / HTTP/1.1" 200 379 "-" "Sogou web spider/4.0(+http://www.sogou.com/docs/help/webmasters.htm#07)" "www.earthmint.com"
207.46.13.205 - - [21/Sep/2022:06:37:25 -0700] "GET / HTTP/1.1" 200 379 "-" "Mozilla/5.0 (compatible; bingbot/2.0; +http://www.bing.com/bingbot.htm)" "earthmint.com"
149.248.13.145 - - [21/Sep/2022:07:14:35 -0700] "GET /robots.txt HTTP/1.1" 404 73 "-" "Mozilla/5.0 (compatible; SeekportBot; +https://bot.seekport.com)" "www.earthmint.com"
149.248.13.145 - - [21/Sep/2022:07:14:36 -0700] "GET / HTTP/1.1" 200 849 "-" "Mozilla/5.0 (compatible; SeekportBot; +https://bot.seekport.com)" "www.earthmint.com"
149.248.13.145 - - [21/Sep/2022:07:14:36 -0700] "GET /?C=N;O=D HTTP/1.1" 200 849 "http://www.earthmint.com/" "Mozilla/5.0 (compatible; SeekportBot; +https://bot.seekport.com)" "www.earthmint.com"
149.248.13.145 - - [21/Sep/2022:07:14:36 -0700] "GET /?C=M;O=A HTTP/1.1" 200 849 "http://www.earthmint.com/" "Mozilla/5.0 (compatible; SeekportBot; +https://bot.seekport.com)" "www.earthmint.com"
149.248.13.145 - - [21/Sep/2022:07:14:36 -0700] "GET /?C=S;O=A HTTP/1.1" 200 849 "http://www.earthmint.com/" "Mozilla/5.0 (compatible; SeekportBot; +https://bot.seekport.com)" "www.earthmint.com"
149.248.13.145 - - [21/Sep/2022:07:14:37 -0700] "GET /?C=D;O=A HTTP/1.1" 200 849 "http://www.earthmint.com/" "Mozilla/5.0 (compatible; SeekportBot; +https://bot.seekport.com)" "www.earthmint.com"
149.248.13.145 - - [21/Sep/2022:07:14:37 -0700] "GET /_private/ HTTP/1.1" 403 239 "http://www.earthmint.com/" "Mozilla/5.0 (compatible; SeekportBot; +https://bot.seekport.com)" "www.earthmint.com"
149.248.13.145 - - [21/Sep/2022:07:14:37 -0700] "GET /images/ HTTP/1.1" 200 550 "http://www.earthmint.com/" "Mozilla/5.0 (compatible; SeekportBot; +https://bot.seekport.com)" "www.earthmint.com"
149.248.13.145 - - [21/Sep/2022:07:14:37 -0700] "GET /index_files/ HTTP/1.1" 200 560 "http://www.earthmint.com/" "Mozilla/5.0 (compatible; SeekportBot; +https://bot.seekport.com)" "www.earthmint.com"
149.248.13.145 - - [21/Sep/2022:07:14:38 -0700] "GET /?C=N;O=A HTTP/1.1" 200 849 "http://www.earthmint.com/?C=N;O=D" "Mozilla/5.0 (compatible; SeekportBot; +https://bot.seekport.com)" "www.earthmint.com"
149.248.13.145 - - [21/Sep/2022:07:14:38 -0700] "GET /?C=M;O=D HTTP/1.1" 200 849 "http://www.earthmint.com/?C=M;O=A" "Mozilla/5.0 (compatible; SeekportBot; +https://bot.seekport.com)" "www.earthmint.com"
149.248.13.145 - - [21/Sep/2022:07:14:38 -0700] "GET /?C=S;O=D HTTP/1.1" 200 849 "http://www.earthmint.com/?C=S;O=A" "Mozilla/5.0 (compatible; SeekportBot; +https://bot.seekport.com)" "www.earthmint.com"
149.248.13.145 - - [21/Sep/2022:07:14:38 -0700] "GET /?C=D;O=D HTTP/1.1" 200 849 "http://www.earthmint.com/?C=D;O=A" "Mozilla/5.0 (compatible; SeekportBot; +https://bot.seekport.com)" "www.earthmint.com"
149.248.13.145 - - [21/Sep/2022:07:14:39 -0700] "GET /images/?C=N;O=D HTTP/1.1" 200 550 "http://www.earthmint.com/images/" "Mozilla/5.0 (compatible; SeekportBot; +https://bot.seekport.com)" "www.earthmint.com"
