149.56.150.101 - - [08/Sep/2022:22:06:28 -0700] "GET /robots.txt HTTP/1.1" 404 73 "-" "Mozilla/5.0 (Windows NT 6.3; Win64; x64) AppleWebKit/537.36 (KHTML, like Gecko) Chrome/60.0.3112.90 Safari/537.36 React.org" "www.earthmint.com"
149.56.150.101 - - [08/Sep/2022:22:06:29 -0700] "GET /sitemap.xml HTTP/1.1" 404 73 "-" "Mozilla/5.0 (Windows NT 6.3; Win64; x64) AppleWebKit/537.36 (KHTML, like Gecko) Chrome/60.0.3112.90 Safari/537.36 React.org" "www.earthmint.com"
149.56.150.101 - - [08/Sep/2022:22:06:29 -0700] "GET / HTTP/1.1" 200 849 "-" "Mozilla/5.0 (Windows NT 6.3; Win64; x64) AppleWebKit/537.36 (KHTML, like Gecko) Chrome/60.0.3112.90 Safari/537.36 React.org" "www.earthmint.com"
149.56.150.101 - - [08/Sep/2022:22:06:30 -0700] "GET /?C=N;O=D HTTP/1.1" 200 849 "-" "Mozilla/5.0 (Windows NT 6.3; Win64; x64) AppleWebKit/537.36 (KHTML, like Gecko) Chrome/60.0.3112.90 Safari/537.36 React.org" "www.earthmint.com"
149.56.150.101 - - [08/Sep/2022:22:06:31 -0700] "GET /?C=M;O=A HTTP/1.1" 200 849 "-" "Mozilla/5.0 (Windows NT 6.3; Win64; x64) AppleWebKit/537.36 (KHTML, like Gecko) Chrome/60.0.3112.90 Safari/537.36 React.org" "www.earthmint.com"
149.56.150.101 - - [08/Sep/2022:22:06:32 -0700] "GET /?C=S;O=A HTTP/1.1" 200 849 "-" "Mozilla/5.0 (Windows NT 6.3; Win64; x64) AppleWebKit/537.36 (KHTML, like Gecko) Chrome/60.0.3112.90 Safari/537.36 React.org" "www.earthmint.com"
149.56.150.101 - - [08/Sep/2022:22:06:33 -0700] "GET /?C=D;O=A HTTP/1.1" 200 849 "-" "Mozilla/5.0 (Windows NT 6.3; Win64; x64) AppleWebKit/537.36 (KHTML, like Gecko) Chrome/60.0.3112.90 Safari/537.36 React.org" "www.earthmint.com"
149.56.150.101 - - [08/Sep/2022:22:06:34 -0700] "GET /_private/ HTTP/1.1" 403 239 "-" "Mozilla/5.0 (Windows NT 6.3; Win64; x64) AppleWebKit/537.36 (KHTML, like Gecko) Chrome/60.0.3112.90 Safari/537.36 React.org" "www.earthmint.com"
149.56.150.101 - - [08/Sep/2022:22:06:35 -0700] "GET /images/ HTTP/1.1" 200 550 "-" "Mozilla/5.0 (Windows NT 6.3; Win64; x64) AppleWebKit/537.36 (KHTML, like Gecko) Chrome/60.0.3112.90 Safari/537.36 React.org" "www.earthmint.com"
149.56.150.101 - - [08/Sep/2022:22:06:36 -0700] "GET /index_files/ HTTP/1.1" 200 560 "-" "Mozilla/5.0 (Windows NT 6.3; Win64; x64) AppleWebKit/537.36 (KHTML, like Gecko) Chrome/60.0.3112.90 Safari/537.36 React.org" "www.earthmint.com"
149.56.150.101 - - [08/Sep/2022:22:06:37 -0700] "GET /?C=N;O=A HTTP/1.1" 200 849 "-" "Mozilla/5.0 (Windows NT 6.3; Win64; x64) AppleWebKit/537.36 (KHTML, like Gecko) Chrome/60.0.3112.90 Safari/537.36 React.org" "www.earthmint.com"
149.56.150.101 - - [08/Sep/2022:22:06:38 -0700] "GET /?C=M;O=D HTTP/1.1" 200 849 "-" "Mozilla/5.0 (Windows NT 6.3; Win64; x64) AppleWebKit/537.36 (KHTML, like Gecko) Chrome/60.0.3112.90 Safari/537.36 React.org" "www.earthmint.com"
149.56.150.101 - - [08/Sep/2022:22:06:39 -0700] "GET /?C=S;O=D HTTP/1.1" 200 849 "-" "Mozilla/5.0 (Windows NT 6.3; Win64; x64) AppleWebKit/537.36 (KHTML, like Gecko) Chrome/60.0.3112.90 Safari/537.36 React.org" "www.earthmint.com"
149.56.150.101 - - [08/Sep/2022:22:06:40 -0700] "GET /ads.txt HTTP/1.1" 404 73 "-" "Mozilla/5.0 (Windows NT 6.3; Win64; x64) AppleWebKit/537.36 (KHTML, like Gecko) Chrome/60.0.3112.90 Safari/537.36 React.org" "www.earthmint.com"
149.56.150.101 - - [08/Sep/2022:22:06:40 -0700] "GET / HTTP/1.1" 200 849 "-" "Mozilla/5.0 (Linux; Android 5.1.1; SM-G925F Build/LMY47X) AppleWebKit/537.36 (KHTML, like Gecko) Chrome/45.0.2454.94 Mobile Safari/537.36" "www.earthmint.com"
149.56.160.165 - - [08/Sep/2022:22:06:42 -0700] "GET / HTTP/1.1" 200 379 "-" "Mozilla/5.0 (compatible; Dataprovider.com)" "www.earthmint.com"
207.46.13.208 - - [08/Sep/2022:22:32:15 -0700] "GET / HTTP/1.1" 200 379 "-" "Mozilla/5.0 (compatible; bingbot/2.0; +http://www.bing.com/bingbot.htm)" "earthmint.com"
194.38.20.161 - - [08/Sep/2022:22:38:30 -0700] "GET /wp-content/plugins/superstorefinder-wp/css/ssf-wp-pop.css HTTP/1.1" 404 73 "-" "ALittle Client" "earthmint.com"
216.244.66.203 - - [09/Sep/2022:00:02:22 -0700] "GET /robots.txt HTTP/1.1" 404 73 "-" "Mozilla/5.0 (compatible; DotBot/1.2; +https://opensiteexplorer.org/dotbot; help@moz.com)" "www.earthmint.com"
216.244.66.203 - - [09/Sep/2022:00:02:22 -0700] "GET /robots.txt HTTP/1.1" 404 73 "-" "Mozilla/5.0 (compatible; DotBot/1.2; +https://opensiteexplorer.org/dotbot; help@moz.com)" "earthmint.com"
54.36.148.98 - - [09/Sep/2022:00:32:33 -0700] "GET /robots.txt HTTP/1.1" 404 88 "-" "Mozilla/5.0 (compatible; AhrefsBot/7.0; +http://ahrefs.com/robot/)" "www.earthmint.com"
51.222.253.13 - - [09/Sep/2022:00:32:34 -0700] "GET / HTTP/1.1" 200 379 "-" "Mozilla/5.0 (compatible; AhrefsBot/7.0; +http://ahrefs.com/robot/)" "www.earthmint.com"
216.244.66.203 - - [09/Sep/2022:00:42:03 -0700] "GET /images/?N=D HTTP/1.1" 200 550 "-" "Mozilla/5.0 (compatible; DotBot/1.2; +https://opensiteexplorer.org/dotbot; help@moz.com)" "www.earthmint.com"
114.119.144.212 - - [09/Sep/2022:01:18:16 -0700] "GET /images?C=D%3BO%3DA HTTP/1.1" 301 1420 "https://www.earthmint.com/images?N=A" "Mozilla/5.0 (Linux; Android 7.0;) AppleWebKit/537.36 (KHTML, like Gecko) Mobile Safari/537.36 (compatible; PetalBot;+https://webmaster.petalsearch.com/site/petalbot)" "www.earthmint.com"
114.119.144.212 - - [09/Sep/2022:01:18:16 -0700] "GET /images/?C=D%3BO%3DA HTTP/1.1" 200 311 "https://www.earthmint.com/images?N=A" "Mozilla/5.0 (Linux; Android 7.0;) AppleWebKit/537.36 (KHTML, like Gecko) Mobile Safari/537.36 (compatible; PetalBot;+https://webmaster.petalsearch.com/site/petalbot)" "www.earthmint.com"
114.119.144.23 - - [09/Sep/2022:01:23:57 -0700] "GET /index_files/?C=S%3BO%3DA HTTP/1.1" 200 314 "https://www.earthmint.com/index_files?M=A" "Mozilla/5.0 (Linux; Android 7.0;) AppleWebKit/537.36 (KHTML, like Gecko) Mobile Safari/537.36 (compatible; PetalBot;+https://webmaster.petalsearch.com/site/petalbot)" "www.earthmint.com"
114.119.129.36 - - [09/Sep/2022:01:29:44 -0700] "GET /?N=D HTTP/1.1" 200 379 "https://www.earthmint.com/" "Mozilla/5.0 (Linux; Android 7.0;) AppleWebKit/537.36 (KHTML, like Gecko) Mobile Safari/537.36 (compatible; PetalBot;+https://webmaster.petalsearch.com/site/petalbot)" "www.earthmint.com"
49.7.20.131 - - [09/Sep/2022:01:32:53 -0700] "GET / HTTP/1.1" 200 379 "-" "Sogou web spider/4.0(+http://www.sogou.com/docs/help/webmasters.htm#07)" "www.earthmint.com"
54.36.148.204 - - [09/Sep/2022:01:49:03 -0700] "GET /robots.txt HTTP/1.1" 404 88 "-" "Mozilla/5.0 (compatible; AhrefsBot/7.0; +http://ahrefs.com/robot/)" "earthmint.com"
51.222.253.15 - - [09/Sep/2022:01:49:05 -0700] "GET / HTTP/1.1" 200 379 "-" "Mozilla/5.0 (compatible; AhrefsBot/7.0; +http://ahrefs.com/robot/)" "earthmint.com"
61.135.159.129 - - [09/Sep/2022:02:15:47 -0700] "GET / HTTP/1.1" 200 379 "-" "Sogou web spider/4.0(+http://www.sogou.com/docs/help/webmasters.htm#07)" "www.earthmint.com"
123.125.109.128 - - [09/Sep/2022:02:27:50 -0700] "GET / HTTP/1.1" 200 379 "-" "Sogou web spider/4.0(+http://www.sogou.com/docs/help/webmasters.htm#07)" "earthmint.com"
207.46.13.208 - - [09/Sep/2022:02:59:11 -0700] "GET / HTTP/1.1" 200 379 "-" "Mozilla/5.0 (compatible; bingbot/2.0; +http://www.bing.com/bingbot.htm)" "www.earthmint.com"
216.244.66.203 - - [09/Sep/2022:03:25:29 -0700] "GET /robots.txt HTTP/1.1" 404 73 "-" "Mozilla/5.0 (compatible; DotBot/1.2; +https://opensiteexplorer.org/dotbot; help@moz.com)" "earthmint.com"
216.244.66.203 - - [09/Sep/2022:03:33:33 -0700] "GET /images/?C=D;O=A HTTP/1.1" 200 550 "-" "Mozilla/5.0 (compatible; DotBot/1.2; +https://opensiteexplorer.org/dotbot; help@moz.com)" "earthmint.com"
114.119.152.64 - - [09/Sep/2022:03:42:27 -0700] "GET /robots.txt HTTP/1.1" 404 88 "-" "Mozilla/5.0 (compatible;PetalBot;+https://webmaster.petalsearch.com/site/petalbot)" "www.earthmint.com"
208.100.26.249 - - [09/Sep/2022:04:12:23 -0700] "GET / HTTP/1.1" 200 379 "-" "Mozilla/5.0 (Macintosh; Intel Mac OS X 10_15_6) AppleWebKit/537.36 (KHTML, like Gecko) Chrome/86.0.4216.0 Safari/537.36 Edg/86.0.598.0" "earthmint.com"
208.100.26.249 - - [09/Sep/2022:04:12:23 -0700] "GET / HTTP/1.1" 200 379 "-" "Mozilla/5.0 (Macintosh; Intel Mac OS X 10_14_6) AppleWebKit/537.36 (KHTML, like Gecko) Chrome/86.0.4217.2 Safari/537.36" "earthmint.com"
216.244.66.203 - - [09/Sep/2022:04:17:34 -0700] "GET /robots.txt HTTP/1.1" 404 73 "-" "Mozilla/5.0 (compatible; DotBot/1.2; +https://opensiteexplorer.org/dotbot; help@moz.com)" "earthmint.com"
216.244.66.203 - - [09/Sep/2022:04:22:49 -0700] "GET /images/?N=A HTTP/1.1" 200 550 "-" "Mozilla/5.0 (compatible; DotBot/1.2; +https://opensiteexplorer.org/dotbot; help@moz.com)" "earthmint.com"
17.121.113.67 - - [09/Sep/2022:04:44:54 -0700] "GET /robots.txt HTTP/1.1" 404 88 "-" "Mozilla/5.0 (Macintosh; Intel Mac OS X 10_15_5) AppleWebKit/605.1.15 (KHTML, like Gecko) Version/13.1.1 Safari/605.1.15 (Applebot/0.1; +http://www.apple.com/go/applebot)" "www.earthmint.com"
17.121.113.67 - - [09/Sep/2022:04:44:55 -0700] "GET /favicon.ico HTTP/1.1" 404 88 "-" "Mozilla/5.0 (Macintosh; Intel Mac OS X 10_15_5) AppleWebKit/605.1.15 (KHTML, like Gecko) Version/13.1.1 Safari/605.1.15 (Applebot/0.1; +http://www.apple.com/go/applebot)" "www.earthmint.com"
54.202.168.94 - - [09/Sep/2022:05:25:29 -0700] "GET / HTTP/1.1" 200 379 "-" "Mozilla/5.0 (X11; Linux x86_64) AppleWebKit/537.36 (KHTML, like Gecko) Chrome/83.0.4103.97 Safari/537.36" "earthmint.com"
35.91.98.168 - - [09/Sep/2022:05:25:30 -0700] "GET / HTTP/1.1" 200 379 "-" "Mozilla/5.0 (X11; Linux x86_64) AppleWebKit/537.36 (KHTML, like Gecko) Chrome/83.0.4103.97 Safari/537.36" "earthmint.com"
49.7.20.131 - - [09/Sep/2022:05:25:37 -0700] "GET / HTTP/1.1" 200 379 "-" "Sogou web spider/4.0(+http://www.sogou.com/docs/help/webmasters.htm#07)" "www.earthmint.com"
54.212.40.4 - - [09/Sep/2022:05:25:43 -0700] "GET /favicon.ico HTTP/1.1" 404 88 "-" "Mozilla/5.0 (X11; Linux x86_64) AppleWebKit/537.36 (KHTML, like Gecko) Chrome/83.0.4103.97 Safari/537.36" "earthmint.com"
54.212.40.4 - - [09/Sep/2022:05:25:45 -0700] "GET / HTTP/1.1" 200 379 "-" "Mozilla/5.0 (X11; Linux x86_64) AppleWebKit/537.36 (KHTML, like Gecko) Chrome/83.0.4103.97 Safari/537.36" "earthmint.com"
35.90.244.241 - - [09/Sep/2022:05:25:53 -0700] "GET /favicon.ico HTTP/1.1" 404 88 "-" "Mozilla/5.0 (X11; Linux x86_64) AppleWebKit/537.36 (KHTML, like Gecko) Chrome/83.0.4103.97 Safari/537.36" "earthmint.com"
35.90.244.241 - - [09/Sep/2022:05:25:55 -0700] "GET / HTTP/1.1" 200 379 "-" "Mozilla/5.0 (X11; Linux x86_64) AppleWebKit/537.36 (KHTML, like Gecko) Chrome/83.0.4103.97 Safari/537.36" "earthmint.com"
66.249.79.206 - - [09/Sep/2022:05:55:42 -0700] "GET /robots.txt HTTP/1.1" 404 88 "-" "Mozilla/5.0 (compatible; Googlebot/2.1; +http://www.google.com/bot.html)" "www.earthmint.com"
61.135.159.129 - - [09/Sep/2022:06:03:20 -0700] "GET / HTTP/1.1" 200 379 "-" "Sogou web spider/4.0(+http://www.sogou.com/docs/help/webmasters.htm#07)" "earthmint.com"
114.119.144.222 - - [09/Sep/2022:06:14:13 -0700] "GET /images/ HTTP/1.1" 200 311 "https://www.earthmint.com?M=A" "Mozilla/5.0 (Linux; Android 7.0;) AppleWebKit/537.36 (KHTML, like Gecko) Mobile Safari/537.36 (compatible; PetalBot;+https://webmaster.petalsearch.com/site/petalbot)" "www.earthmint.com"
114.119.144.23 - - [09/Sep/2022:06:21:56 -0700] "GET /index_files?S=D HTTP/1.1" 301 1414 "http://earthmint.com/index_files?S=A" "Mozilla/5.0 (Linux; Android 7.0;) AppleWebKit/537.36 (KHTML, like Gecko) Mobile Safari/537.36 (compatible; PetalBot;+https://webmaster.petalsearch.com/site/petalbot)" "earthmint.com"
114.119.144.23 - - [09/Sep/2022:06:21:58 -0700] "GET /index_files/?S=D HTTP/1.1" 200 314 "http://earthmint.com/index_files?S=A" "Mozilla/5.0 (Linux; Android 7.0;) AppleWebKit/537.36 (KHTML, like Gecko) Mobile Safari/537.36 (compatible; PetalBot;+https://webmaster.petalsearch.com/site/petalbot)" "earthmint.com"
114.119.144.212 - - [09/Sep/2022:06:37:16 -0700] "GET /?C=S%3BO%3DA HTTP/1.1" 200 379 "https://earthmint.com/?C=N%3BO%3DD" "Mozilla/5.0 (Linux; Android 7.0;) AppleWebKit/537.36 (KHTML, like Gecko) Mobile Safari/537.36 (compatible; PetalBot;+https://webmaster.petalsearch.com/site/petalbot)" "earthmint.com"
114.119.144.226 - - [09/Sep/2022:06:45:20 -0700] "GET /images?C=M%3BO%3DA HTTP/1.1" 301 1423 "https://www.earthmint.com/images?C=D%3BO%3DA" "Mozilla/5.0 (Linux; Android 7.0;) AppleWebKit/537.36 (KHTML, like Gecko) Mobile Safari/537.36 (compatible; PetalBot;+https://webmaster.petalsearch.com/site/petalbot)" "www.earthmint.com"
114.119.144.222 - - [09/Sep/2022:06:52:47 -0700] "GET /index_files?C=D%3BO%3DA HTTP/1.1" 301 1428 "https://www.earthmint.com/index_files?D=A" "Mozilla/5.0 (Linux; Android 7.0;) AppleWebKit/537.36 (KHTML, like Gecko) Mobile Safari/537.36 (compatible; PetalBot;+https://webmaster.petalsearch.com/site/petalbot)" "www.earthmint.com"
114.119.144.222 - - [09/Sep/2022:06:52:55 -0700] "GET /index_files/?C=D%3BO%3DA HTTP/1.1" 200 314 "https://www.earthmint.com/index_files?D=A" "Mozilla/5.0 (Linux; Android 7.0;) AppleWebKit/537.36 (KHTML, like Gecko) Mobile Safari/537.36 (compatible; PetalBot;+https://webmaster.petalsearch.com/site/petalbot)" "www.earthmint.com"
114.119.144.212 - - [09/Sep/2022:07:00:51 -0700] "GET /index_files/?C=N%3BO%3DD HTTP/1.1" 200 314 "https://www.earthmint.com/index_files?M=A" "Mozilla/5.0 (Linux; Android 7.0;) AppleWebKit/537.36 (KHTML, like Gecko) Mobile Safari/537.36 (compatible; PetalBot;+https://webmaster.petalsearch.com/site/petalbot)" "www.earthmint.com"
216.244.66.203 - - [09/Sep/2022:07:50:19 -0700] "GET /robots.txt HTTP/1.1" 404 73 "-" "Mozilla/5.0 (compatible; DotBot/1.2; +https://opensiteexplorer.org/dotbot; help@moz.com)" "www.earthmint.com"
157.55.39.86 - - [09/Sep/2022:08:46:02 -0700] "GET /robots.txt HTTP/1.1" 404 88 "-" "Mozilla/5.0 (compatible; bingbot/2.0; +http://www.bing.com/bingbot.htm)" "earthmint.com"
207.46.13.208 - - [09/Sep/2022:08:46:05 -0700] "GET / HTTP/1.1" 200 379 "-" "Mozilla/5.0 (compatible; bingbot/2.0; +http://www.bing.com/bingbot.htm)" "earthmint.com"
49.7.20.98 - - [09/Sep/2022:09:14:49 -0700] "GET / HTTP/1.1" 200 379 "-" "Sogou web spider/4.0(+http://www.sogou.com/docs/help/webmasters.htm#07)" "www.earthmint.com"
46.161.27.156 - - [09/Sep/2022:10:53:59 -0700] "GET /wp-login.php HTTP/1.1" 404 88 "-" "Mozilla/5.0 (Windows NT 10.0; Win64; x64) AppleWebKit/537.36 (KHTML, like Gecko) Chrome/64.0.3282.140 Safari/537.36 Edge/18.17763" "earthmint.com"
51.222.253.2 - - [09/Sep/2022:11:33:50 -0700] "GET /robots.txt HTTP/1.1" 404 88 "-" "Mozilla/5.0 (compatible; AhrefsBot/7.0; +http://ahrefs.com/robot/)" "earthmint.com"
51.222.253.17 - - [09/Sep/2022:11:33:51 -0700] "GET / HTTP/1.1" 200 379 "-" "Mozilla/5.0 (compatible; AhrefsBot/7.0; +http://ahrefs.com/robot/)" "earthmint.com"
65.21.206.44 - - [09/Sep/2022:13:42:05 -0700] "GET /?C=D;O=A HTTP/1.1" 200 379 "-" "Mozilla/5.0 (Windows NT 10.0; Win64; x64) AppleWebKit/537.36 (KHTML, like Gecko) Chrome/91.0.4472.114 Safari/537.36 Edg/91.0.864.54" "earthmint.com"
114.119.134.230 - - [09/Sep/2022:14:31:27 -0700] "GET /robots.txt HTTP/1.1" 404 88 "-" "Mozilla/5.0 (compatible;PetalBot;+https://webmaster.petalsearch.com/site/petalbot)" "earthmint.com"
114.119.144.212 - - [09/Sep/2022:14:54:28 -0700] "GET /index_files?C=D%3BO%3DA HTTP/1.1" 301 1423 "https://earthmint.com/index_files?N=D" "Mozilla/5.0 (Linux; Android 7.0;) AppleWebKit/537.36 (KHTML, like Gecko) Mobile Safari/537.36 (compatible; PetalBot;+https://webmaster.petalsearch.com/site/petalbot)" "earthmint.com"
114.119.144.212 - - [09/Sep/2022:14:54:28 -0700] "GET /index_files/?C=D%3BO%3DA HTTP/1.1" 200 314 "https://earthmint.com/index_files?N=D" "Mozilla/5.0 (Linux; Android 7.0;) AppleWebKit/537.36 (KHTML, like Gecko) Mobile Safari/537.36 (compatible; PetalBot;+https://webmaster.petalsearch.com/site/petalbot)" "earthmint.com"
114.119.144.229 - - [09/Sep/2022:14:59:42 -0700] "GET /index_files/?C=N%3BO%3DD HTTP/1.1" 200 314 "https://earthmint.com/index_files?N=D" "Mozilla/5.0 (Linux; Android 7.0;) AppleWebKit/537.36 (KHTML, like Gecko) Mobile Safari/537.36 (compatible; PetalBot;+https://webmaster.petalsearch.com/site/petalbot)" "earthmint.com"
114.119.144.209 - - [09/Sep/2022:15:05:02 -0700] "GET /index_files/ HTTP/1.1" 200 314 "https://earthmint.com/?C=N%3BO%3DD" "Mozilla/5.0 (Linux; Android 7.0;) AppleWebKit/537.36 (KHTML, like Gecko) Mobile Safari/537.36 (compatible; PetalBot;+https://webmaster.petalsearch.com/site/petalbot)" "earthmint.com"
114.119.144.226 - - [09/Sep/2022:15:15:40 -0700] "GET /images?D=A HTTP/1.1" 301 1413 "https://earthmint.com/images?S=D" "Mozilla/5.0 (Linux; Android 7.0;) AppleWebKit/537.36 (KHTML, like Gecko) Mobile Safari/537.36 (compatible; PetalBot;+https://webmaster.petalsearch.com/site/petalbot)" "earthmint.com"
114.119.144.226 - - [09/Sep/2022:15:15:41 -0700] "GET /images/?D=A HTTP/1.1" 200 311 "https://earthmint.com/images?S=D" "Mozilla/5.0 (Linux; Android 7.0;) AppleWebKit/537.36 (KHTML, like Gecko) Mobile Safari/537.36 (compatible; PetalBot;+https://webmaster.petalsearch.com/site/petalbot)" "earthmint.com"
114.119.144.212 - - [09/Sep/2022:15:31:48 -0700] "GET /robots.txt HTTP/1.1" 404 88 "-" "Mozilla/5.0 (Linux; Android 7.0;) AppleWebKit/537.36 (KHTML, like Gecko) Mobile Safari/537.36 (compatible; PetalBot;+https://webmaster.petalsearch.com/site/petalbot)" "earthmint.com"
49.7.20.128 - - [09/Sep/2022:15:56:17 -0700] "GET / HTTP/1.1" 200 379 "-" "Sogou web spider/4.0(+http://www.sogou.com/docs/help/webmasters.htm#07)" "earthmint.com"
51.222.253.16 - - [09/Sep/2022:16:17:20 -0700] "GET /robots.txt HTTP/1.1" 404 88 "-" "Mozilla/5.0 (compatible; AhrefsBot/7.0; +http://ahrefs.com/robot/)" "earthmint.com"
51.222.253.7 - - [09/Sep/2022:16:17:21 -0700] "GET / HTTP/1.1" 200 379 "-" "Mozilla/5.0 (compatible; AhrefsBot/7.0; +http://ahrefs.com/robot/)" "earthmint.com"
40.89.165.57 - - [09/Sep/2022:17:27:33 -0700] "GET / HTTP/1.1" 200 849 "-" "Mozilla/5.0 (Windows NT 10.0; Win64; x64) AppleWebKit/537.36 (KHTML, like Gecko) Chrome/95.0.4638.69 Safari/537.36" "earthmint.com"
40.89.165.57 - - [09/Sep/2022:17:27:34 -0700] "GET / HTTP/1.1" 200 849 "-" "Mozilla/5.0 (Windows NT 10.0; Win64; x64) AppleWebKit/537.36 (KHTML, like Gecko) Chrome/95.0.4638.69 Safari/537.36" "earthmint.com"
40.89.165.57 - - [09/Sep/2022:17:27:34 -0700] "GET /feed/ HTTP/1.1" 404 73 "-" "Mozilla/5.0 (Windows NT 10.0; Win64; x64) AppleWebKit/537.36 (KHTML, like Gecko) Chrome/95.0.4638.69 Safari/537.36" "earthmint.com"
40.89.165.57 - - [09/Sep/2022:17:27:34 -0700] "GET /blog/wp-includes/wlwmanifest.xml HTTP/1.1" 404 73 "-" "Mozilla/5.0 (Windows NT 10.0; Win64; x64) AppleWebKit/537.36 (KHTML, like Gecko) Chrome/95.0.4638.69 Safari/537.36" "earthmint.com"
40.89.165.57 - - [09/Sep/2022:17:27:35 -0700] "GET /wp/wp-includes/wlwmanifest.xml HTTP/1.1" 404 73 "-" "Mozilla/5.0 (Windows NT 10.0; Win64; x64) AppleWebKit/537.36 (KHTML, like Gecko) Chrome/95.0.4638.69 Safari/537.36" "earthmint.com"
40.89.165.57 - - [09/Sep/2022:17:27:35 -0700] "GET /2019/wp-includes/wlwmanifest.xml HTTP/1.1" 404 73 "-" "Mozilla/5.0 (Windows NT 10.0; Win64; x64) AppleWebKit/537.36 (KHTML, like Gecko) Chrome/95.0.4638.69 Safari/537.36" "earthmint.com"
40.89.165.57 - - [09/Sep/2022:17:27:35 -0700] "GET /shop/wp-includes/wlwmanifest.xml HTTP/1.1" 404 73 "-" "Mozilla/5.0 (Windows NT 10.0; Win64; x64) AppleWebKit/537.36 (KHTML, like Gecko) Chrome/95.0.4638.69 Safari/537.36" "earthmint.com"
40.89.165.57 - - [09/Sep/2022:17:27:36 -0700] "GET /test/wp-includes/wlwmanifest.xml HTTP/1.1" 404 73 "-" "Mozilla/5.0 (Windows NT 10.0; Win64; x64) AppleWebKit/537.36 (KHTML, like Gecko) Chrome/95.0.4638.69 Safari/537.36" "earthmint.com"
40.89.165.57 - - [09/Sep/2022:17:27:36 -0700] "GET /cms/wp-includes/wlwmanifest.xml HTTP/1.1" 404 73 "-" "Mozilla/5.0 (Windows NT 10.0; Win64; x64) AppleWebKit/537.36 (KHTML, like Gecko) Chrome/95.0.4638.69 Safari/537.36" "earthmint.com"
40.89.165.57 - - [09/Sep/2022:17:28:05 -0700] "GET / HTTP/1.1" 200 849 "-" "Mozilla/5.0 (Windows NT 10.0; Win64; x64) AppleWebKit/537.36 (KHTML, like Gecko) Chrome/95.0.4638.69 Safari/537.36" "earthmint.com"
40.89.165.57 - - [09/Sep/2022:17:28:05 -0700] "GET / HTTP/1.1" 200 849 "-" "Mozilla/5.0 (Windows NT 10.0; Win64; x64) AppleWebKit/537.36 (KHTML, like Gecko) Chrome/95.0.4638.69 Safari/537.36" "earthmint.com"
40.89.165.57 - - [09/Sep/2022:17:28:05 -0700] "GET /feed/ HTTP/1.1" 404 73 "-" "Mozilla/5.0 (Windows NT 10.0; Win64; x64) AppleWebKit/537.36 (KHTML, like Gecko) Chrome/95.0.4638.69 Safari/537.36" "earthmint.com"
40.89.165.57 - - [09/Sep/2022:17:28:06 -0700] "GET /xmlrpc.php?rsd HTTP/1.1" 404 73 "-" "Mozilla/5.0 (Windows NT 10.0; Win64; x64) AppleWebKit/537.36 (KHTML, like Gecko) Chrome/95.0.4638.69 Safari/537.36" "earthmint.com"
40.89.165.57 - - [09/Sep/2022:17:28:06 -0700] "GET /web/wp-includes/wlwmanifest.xml HTTP/1.1" 404 73 "-" "Mozilla/5.0 (Windows NT 10.0; Win64; x64) AppleWebKit/537.36 (KHTML, like Gecko) Chrome/95.0.4638.69 Safari/537.36" "earthmint.com"
40.89.165.57 - - [09/Sep/2022:17:28:06 -0700] "GET /wordpress/wp-includes/wlwmanifest.xml HTTP/1.1" 404 73 "-" "Mozilla/5.0 (Windows NT 10.0; Win64; x64) AppleWebKit/537.36 (KHTML, like Gecko) Chrome/95.0.4638.69 Safari/537.36" "earthmint.com"
40.89.165.57 - - [09/Sep/2022:17:28:07 -0700] "GET /wp/wp-includes/wlwmanifest.xml HTTP/1.1" 404 73 "-" "Mozilla/5.0 (Windows NT 10.0; Win64; x64) AppleWebKit/537.36 (KHTML, like Gecko) Chrome/95.0.4638.69 Safari/537.36" "earthmint.com"
40.89.165.57 - - [09/Sep/2022:17:28:07 -0700] "GET /2019/wp-includes/wlwmanifest.xml HTTP/1.1" 404 73 "-" "Mozilla/5.0 (Windows NT 10.0; Win64; x64) AppleWebKit/537.36 (KHTML, like Gecko) Chrome/95.0.4638.69 Safari/537.36" "earthmint.com"
40.89.165.57 - - [09/Sep/2022:17:28:07 -0700] "GET /shop/wp-includes/wlwmanifest.xml HTTP/1.1" 404 73 "-" "Mozilla/5.0 (Windows NT 10.0; Win64; x64) AppleWebKit/537.36 (KHTML, like Gecko) Chrome/95.0.4638.69 Safari/537.36" "earthmint.com"
40.89.165.57 - - [09/Sep/2022:17:28:08 -0700] "GET /wp1/wp-includes/wlwmanifest.xml HTTP/1.1" 404 73 "-" "Mozilla/5.0 (Windows NT 10.0; Win64; x64) AppleWebKit/537.36 (KHTML, like Gecko) Chrome/95.0.4638.69 Safari/537.36" "earthmint.com"
40.89.165.57 - - [09/Sep/2022:17:28:08 -0700] "GET /site/wp-includes/wlwmanifest.xml HTTP/1.1" 404 73 "-" "Mozilla/5.0 (Windows NT 10.0; Win64; x64) AppleWebKit/537.36 (KHTML, like Gecko) Chrome/95.0.4638.69 Safari/537.36" "earthmint.com"
64.62.252.163 - - [09/Sep/2022:17:42:43 -0700] "GET /robots.txt HTTP/1.1" 404 88 "-" "The Knowledge AI" "www.earthmint.com"
64.62.252.163 - - [09/Sep/2022:17:42:44 -0700] "GET /index_files/?C=N;O=D HTTP/1.1" 200 313 "-" "The Knowledge AI" "www.earthmint.com"
114.119.143.50 - - [09/Sep/2022:17:52:16 -0700] "GET /robots.txt HTTP/1.1" 404 88 "-" "Mozilla/5.0 (compatible;PetalBot;+https://webmaster.petalsearch.com/site/petalbot)" "earthmint.com"
64.62.252.163 - - [09/Sep/2022:18:02:52 -0700] "GET /index_files/?C=M;O=A HTTP/1.1" 200 314 "-" "The Knowledge AI" "www.earthmint.com"
64.62.252.163 - - [09/Sep/2022:18:02:53 -0700] "GET /index_files/?C=S;O=A HTTP/1.1" 200 315 "-" "The Knowledge AI" "www.earthmint.com"
58.250.125.189 - - [09/Sep/2022:18:11:08 -0700] "GET / HTTP/1.1" 200 379 "-" "Sogou web spider/4.0(+http://www.sogou.com/docs/help/webmasters.htm#07)" "earthmint.com"
216.244.66.203 - - [09/Sep/2022:18:18:13 -0700] "GET /robots.txt HTTP/1.1" 404 73 "-" "Mozilla/5.0 (compatible; DotBot/1.2; +https://opensiteexplorer.org/dotbot; help@moz.com)" "earthmint.com"
114.119.148.49 - - [09/Sep/2022:18:23:11 -0700] "GET /robots.txt HTTP/1.1" 404 88 "-" "Mozilla/5.0 (compatible;PetalBot;+https://webmaster.petalsearch.com/site/petalbot)" "www.earthmint.com"
54.36.121.9 - - [09/Sep/2022:19:04:19 -0700] "GET / HTTP/1.1" 200 849 "-" "Mozilla/5.0 (Windows NT 10.0; Win64; x64) AppleWebKit/537.36 (KHTML, like Gecko) Chrome/60.0.3112.113 Safari/537.36" "www.earthmint.com"
54.36.121.9 - - [09/Sep/2022:19:04:21 -0700] "GET /?C=S;O=A HTTP/1.1" 200 849 "-" "Mozilla/5.0 (Windows NT 10.0; Win64; x64) AppleWebKit/537.36 (KHTML, like Gecko) Chrome/60.0.3112.113 Safari/537.36" "www.earthmint.com"
54.36.121.9 - - [09/Sep/2022:19:04:24 -0700] "GET /?C=D;O=A HTTP/1.1" 200 849 "-" "Mozilla/5.0 (Windows NT 10.0; Win64; x64) AppleWebKit/537.36 (KHTML, like Gecko) Chrome/60.0.3112.113 Safari/537.36" "www.earthmint.com"
54.36.121.9 - - [09/Sep/2022:19:04:27 -0700] "GET /index_files/ HTTP/1.1" 200 560 "-" "Mozilla/5.0 (Windows NT 10.0; Win64; x64) AppleWebKit/537.36 (KHTML, like Gecko) Chrome/60.0.3112.113 Safari/537.36" "www.earthmint.com"
54.36.121.9 - - [09/Sep/2022:19:04:30 -0700] "GET /?C=N;O=D HTTP/1.1" 200 849 "-" "Mozilla/5.0 (Windows NT 10.0; Win64; x64) AppleWebKit/537.36 (KHTML, like Gecko) Chrome/60.0.3112.113 Safari/537.36" "www.earthmint.com"
54.36.121.9 - - [09/Sep/2022:19:04:33 -0700] "GET /images/ HTTP/1.1" 200 550 "-" "Mozilla/5.0 (Windows NT 10.0; Win64; x64) AppleWebKit/537.36 (KHTML, like Gecko) Chrome/60.0.3112.113 Safari/537.36" "www.earthmint.com"
54.36.121.9 - - [09/Sep/2022:19:04:36 -0700] "GET /?C=M;O=A HTTP/1.1" 200 849 "-" "Mozilla/5.0 (Windows NT 10.0; Win64; x64) AppleWebKit/537.36 (KHTML, like Gecko) Chrome/60.0.3112.113 Safari/537.36" "www.earthmint.com"
54.36.121.9 - - [09/Sep/2022:19:04:40 -0700] "GET /_private/ HTTP/1.1" 403 239 "-" "Mozilla/5.0 (Windows NT 10.0; Win64; x64) AppleWebKit/537.36 (KHTML, like Gecko) Chrome/60.0.3112.113 Safari/537.36" "www.earthmint.com"
54.36.121.9 - - [09/Sep/2022:19:04:43 -0700] "GET /?C=N;O=A HTTP/1.1" 200 849 "-" "Mozilla/5.0 (Windows NT 10.0; Win64; x64) AppleWebKit/537.36 (KHTML, like Gecko) Chrome/60.0.3112.113 Safari/537.36" "www.earthmint.com"
54.36.121.9 - - [09/Sep/2022:19:04:46 -0700] "GET /?C=S;O=D HTTP/1.1" 200 849 "-" "Mozilla/5.0 (Windows NT 10.0; Win64; x64) AppleWebKit/537.36 (KHTML, like Gecko) Chrome/60.0.3112.113 Safari/537.36" "www.earthmint.com"
54.36.121.9 - - [09/Sep/2022:19:04:49 -0700] "GET /?C=D;O=D HTTP/1.1" 200 849 "-" "Mozilla/5.0 (Windows NT 10.0; Win64; x64) AppleWebKit/537.36 (KHTML, like Gecko) Chrome/60.0.3112.113 Safari/537.36" "www.earthmint.com"
54.36.121.9 - - [09/Sep/2022:19:04:52 -0700] "GET /index_files/?C=N;O=D HTTP/1.1" 200 560 "-" "Mozilla/5.0 (Windows NT 10.0; Win64; x64) AppleWebKit/537.36 (KHTML, like Gecko) Chrome/60.0.3112.113 Safari/537.36" "www.earthmint.com"
54.36.121.9 - - [09/Sep/2022:19:04:55 -0700] "GET /index_files/?C=S;O=A HTTP/1.1" 200 560 "-" "Mozilla/5.0 (Windows NT 10.0; Win64; x64) AppleWebKit/537.36 (KHTML, like Gecko) Chrome/60.0.3112.113 Safari/537.36" "www.earthmint.com"
54.36.121.9 - - [09/Sep/2022:19:04:58 -0700] "GET /index_files/?C=M;O=A HTTP/1.1" 200 560 "-" "Mozilla/5.0 (Windows NT 10.0; Win64; x64) AppleWebKit/537.36 (KHTML, like Gecko) Chrome/60.0.3112.113 Safari/537.36" "www.earthmint.com"
54.36.121.9 - - [09/Sep/2022:19:05:01 -0700] "GET /index_files/?C=D;O=A HTTP/1.1" 200 560 "-" "Mozilla/5.0 (Windows NT 10.0; Win64; x64) AppleWebKit/537.36 (KHTML, like Gecko) Chrome/60.0.3112.113 Safari/537.36" "www.earthmint.com"
54.36.121.9 - - [09/Sep/2022:19:05:04 -0700] "GET /images/?C=N;O=D HTTP/1.1" 200 550 "-" "Mozilla/5.0 (Windows NT 10.0; Win64; x64) AppleWebKit/537.36 (KHTML, like Gecko) Chrome/60.0.3112.113 Safari/537.36" "www.earthmint.com"
54.36.121.9 - - [09/Sep/2022:19:05:07 -0700] "GET /images/?C=M;O=A HTTP/1.1" 200 550 "-" "Mozilla/5.0 (Windows NT 10.0; Win64; x64) AppleWebKit/537.36 (KHTML, like Gecko) Chrome/60.0.3112.113 Safari/537.36" "www.earthmint.com"
54.36.121.9 - - [09/Sep/2022:19:05:10 -0700] "GET /images/?C=S;O=A HTTP/1.1" 200 550 "-" "Mozilla/5.0 (Windows NT 10.0; Win64; x64) AppleWebKit/537.36 (KHTML, like Gecko) Chrome/60.0.3112.113 Safari/537.36" "www.earthmint.com"
54.36.121.9 - - [09/Sep/2022:19:05:13 -0700] "GET /images/?C=D;O=A HTTP/1.1" 200 550 "-" "Mozilla/5.0 (Windows NT 10.0; Win64; x64) AppleWebKit/537.36 (KHTML, like Gecko) Chrome/60.0.3112.113 Safari/537.36" "www.earthmint.com"
54.36.121.9 - - [09/Sep/2022:19:05:16 -0700] "GET /?C=M;O=D HTTP/1.1" 200 849 "-" "Mozilla/5.0 (Windows NT 10.0; Win64; x64) AppleWebKit/537.36 (KHTML, like Gecko) Chrome/60.0.3112.113 Safari/537.36" "www.earthmint.com"
54.36.121.9 - - [09/Sep/2022:19:05:19 -0700] "GET /index_files/?C=N;O=A HTTP/1.1" 200 560 "-" "Mozilla/5.0 (Windows NT 10.0; Win64; x64) AppleWebKit/537.36 (KHTML, like Gecko) Chrome/60.0.3112.113 Safari/537.36" "www.earthmint.com"
54.36.121.9 - - [09/Sep/2022:19:05:22 -0700] "GET /index_files/?C=S;O=D HTTP/1.1" 200 560 "-" "Mozilla/5.0 (Windows NT 10.0; Win64; x64) AppleWebKit/537.36 (KHTML, like Gecko) Chrome/60.0.3112.113 Safari/537.36" "www.earthmint.com"
54.36.121.9 - - [09/Sep/2022:19:05:25 -0700] "GET /index_files/?C=M;O=D HTTP/1.1" 200 560 "-" "Mozilla/5.0 (Windows NT 10.0; Win64; x64) AppleWebKit/537.36 (KHTML, like Gecko) Chrome/60.0.3112.113 Safari/537.36" "www.earthmint.com"
54.36.121.9 - - [09/Sep/2022:19:05:28 -0700] "GET /index_files/?C=D;O=D HTTP/1.1" 200 560 "-" "Mozilla/5.0 (Windows NT 10.0; Win64; x64) AppleWebKit/537.36 (KHTML, like Gecko) Chrome/60.0.3112.113 Safari/537.36" "www.earthmint.com"
54.36.121.9 - - [09/Sep/2022:19:05:31 -0700] "GET /images/?C=N;O=A HTTP/1.1" 200 550 "-" "Mozilla/5.0 (Windows NT 10.0; Win64; x64) AppleWebKit/537.36 (KHTML, like Gecko) Chrome/60.0.3112.113 Safari/537.36" "www.earthmint.com"
54.36.121.9 - - [09/Sep/2022:19:05:34 -0700] "GET /images/?C=M;O=D HTTP/1.1" 200 550 "-" "Mozilla/5.0 (Windows NT 10.0; Win64; x64) AppleWebKit/537.36 (KHTML, like Gecko) Chrome/60.0.3112.113 Safari/537.36" "www.earthmint.com"
54.36.121.9 - - [09/Sep/2022:19:05:37 -0700] "GET /images/?C=S;O=D HTTP/1.1" 200 550 "-" "Mozilla/5.0 (Windows NT 10.0; Win64; x64) AppleWebKit/537.36 (KHTML, like Gecko) Chrome/60.0.3112.113 Safari/537.36" "www.earthmint.com"
54.36.121.9 - - [09/Sep/2022:19:05:40 -0700] "GET /images/?C=D;O=D HTTP/1.1" 200 550 "-" "Mozilla/5.0 (Windows NT 10.0; Win64; x64) AppleWebKit/537.36 (KHTML, like Gecko) Chrome/60.0.3112.113 Safari/537.36" "www.earthmint.com"
61.135.159.163 - - [09/Sep/2022:19:12:49 -0700] "GET / HTTP/1.1" 200 379 "-" "Sogou web spider/4.0(+http://www.sogou.com/docs/help/webmasters.htm#07)" "www.earthmint.com"
208.100.26.243 - - [09/Sep/2022:19:23:55 -0700] "HEAD /core/misc/drupal.js HTTP/1.1" 404 - "-" "Mozilla/5.0 (Linux; Android 10; Pixel 2 XL Build/QQ3A.200705.002; wv) AppleWebKit/537.36 (KHTML, like Gecko) Version/4.0 Chrome/81.0.4044.138 Mobile Safari/537.36" "earthmint.com"
208.100.26.243 - - [09/Sep/2022:19:23:55 -0700] "HEAD /misc/drupal.js HTTP/1.1" 404 - "-" "Mozilla/5.0 (Linux; Android 10; Pixel 2 XL Build/QQ3A.200705.002; wv) AppleWebKit/537.36 (KHTML, like Gecko) Version/4.0 Chrome/81.0.4044.138 Mobile Safari/537.36" "earthmint.com"
54.36.148.19 - - [09/Sep/2022:19:32:33 -0700] "GET /robots.txt HTTP/1.1" 404 88 "-" "Mozilla/5.0 (compatible; AhrefsBot/7.0; +http://ahrefs.com/robot/)" "www.earthmint.com"
51.222.253.14 - - [09/Sep/2022:19:32:34 -0700] "GET / HTTP/1.1" 200 379 "-" "Mozilla/5.0 (compatible; AhrefsBot/7.0; +http://ahrefs.com/robot/)" "www.earthmint.com"
114.119.144.226 - - [09/Sep/2022:19:38:28 -0700] "GET /index_files?C=M%3BO%3DA HTTP/1.1" 301 1427 "https://earthmint.com/index_files?N=D" "Mozilla/5.0 (Linux; Android 7.0;) AppleWebKit/537.36 (KHTML, like Gecko) Mobile Safari/537.36 (compatible; PetalBot;+https://webmaster.petalsearch.com/site/petalbot)" "earthmint.com"
114.119.144.226 - - [09/Sep/2022:19:38:29 -0700] "GET /index_files/?C=M%3BO%3DA HTTP/1.1" 200 314 "https://earthmint.com/index_files?N=D" "Mozilla/5.0 (Linux; Android 7.0;) AppleWebKit/537.36 (KHTML, like Gecko) Mobile Safari/537.36 (compatible; PetalBot;+https://webmaster.petalsearch.com/site/petalbot)" "earthmint.com"
114.119.144.23 - - [09/Sep/2022:19:44:40 -0700] "GET /?C=S%3BO%3DA HTTP/1.1" 200 379 "https://earthmint.com" "Mozilla/5.0 (Linux; Android 7.0;) AppleWebKit/537.36 (KHTML, like Gecko) Mobile Safari/537.36 (compatible; PetalBot;+https://webmaster.petalsearch.com/site/petalbot)" "earthmint.com"
34.77.147.25 - - [09/Sep/2022:20:08:23 -0700] "GET / HTTP/1.1" 200 849 "-" "Mozilla/5.0 (Windows NT 10.0; Win64; x64) AppleWebKit/537.36 (KHTML, like Gecko) Chrome/84.0.4147.105 Safari/537.36" "www.earthmint.com"
123.125.109.128 - - [09/Sep/2022:20:46:15 -0700] "GET / HTTP/1.1" 200 379 "-" "Sogou web spider/4.0(+http://www.sogou.com/docs/help/webmasters.htm#07)" "earthmint.com"
138.246.253.24 - - [09/Sep/2022:21:14:44 -0700] "GET /robots.txt HTTP/1.1" 404 73 "-" "Mozilla/5.0 (Windows NT 10.0; Win64; x64) AppleWebKit/537.36 (KHTML, like Gecko) Chrome/103.0.5060.134 Safari/537.36" "earthmint.com"
207.46.13.208 - - [09/Sep/2022:21:22:38 -0700] "GET / HTTP/1.1" 200 379 "-" "Mozilla/5.0 (compatible; bingbot/2.0; +http://www.bing.com/bingbot.htm)" "earthmint.com"
61.135.159.129 - - [09/Sep/2022:21:49:16 -0700] "GET / HTTP/1.1" 200 379 "-" "Sogou web spider/4.0(+http://www.sogou.com/docs/help/webmasters.htm#07)" "www.earthmint.com"
5.44.42.17 - - [09/Sep/2022:22:52:12 -0700] "GET / HTTP/1.1" 200 379 "-" "Mozilla/5.0 (Windows NT 10.0; Win64; x64) AppleWebKit/537.36 (KHTML, like Gecko) Chrome/98.0.4758.102 Safari/537.36" "earthmint.com"
20.25.144.67 - - [09/Sep/2022:22:56:07 -0700] "GET /dup-installer/main.installer.php HTTP/1.1" 404 88 "-" "-" "earthmint.com"
114.119.144.222 - - [09/Sep/2022:23:15:30 -0700] "GET /index_files?M=D HTTP/1.1" 301 1414 "http://earthmint.com/index_files?M=A" "Mozilla/5.0 (Linux; Android 7.0;) AppleWebKit/537.36 (KHTML, like Gecko) Mobile Safari/537.36 (compatible; PetalBot;+https://webmaster.petalsearch.com/site/petalbot)" "earthmint.com"
114.119.144.222 - - [09/Sep/2022:23:15:30 -0700] "GET /index_files/?M=D HTTP/1.1" 200 314 "http://earthmint.com/index_files?M=A" "Mozilla/5.0 (Linux; Android 7.0;) AppleWebKit/537.36 (KHTML, like Gecko) Mobile Safari/537.36 (compatible; PetalBot;+https://webmaster.petalsearch.com/site/petalbot)" "earthmint.com"
216.244.66.203 - - [09/Sep/2022:23:29:19 -0700] "GET /robots.txt HTTP/1.1" 404 73 "-" "Mozilla/5.0 (compatible; DotBot/1.2; +https://opensiteexplorer.org/dotbot; help@moz.com)" "www.earthmint.com"
216.244.66.203 - - [09/Sep/2022:23:29:20 -0700] "GET /robots.txt HTTP/1.1" 404 73 "-" "Mozilla/5.0 (compatible; DotBot/1.2; +https://opensiteexplorer.org/dotbot; help@moz.com)" "earthmint.com"
216.244.66.203 - - [09/Sep/2022:23:36:26 -0700] "GET /?C=S;O=A HTTP/1.1" 200 849 "-" "Mozilla/5.0 (compatible; DotBot/1.2; +https://opensiteexplorer.org/dotbot; help@moz.com)" "www.earthmint.com"
40.89.165.57 - - [09/Sep/2022:23:55:28 -0700] "GET / HTTP/1.1" 200 849 "-" "Mozilla/5.0 (Windows NT 10.0; Win64; x64) AppleWebKit/537.36 (KHTML, like Gecko) Chrome/95.0.4638.69 Safari/537.36" "earthmint.com"
40.89.165.57 - - [09/Sep/2022:23:55:28 -0700] "GET / HTTP/1.1" 200 849 "-" "Mozilla/5.0 (Windows NT 10.0; Win64; x64) AppleWebKit/537.36 (KHTML, like Gecko) Chrome/95.0.4638.69 Safari/537.36" "earthmint.com"
40.89.165.57 - - [09/Sep/2022:23:55:28 -0700] "GET /feed/ HTTP/1.1" 404 73 "-" "Mozilla/5.0 (Windows NT 10.0; Win64; x64) AppleWebKit/537.36 (KHTML, like Gecko) Chrome/95.0.4638.69 Safari/537.36" "earthmint.com"
40.89.165.57 - - [09/Sep/2022:23:55:29 -0700] "GET /blog/wp-includes/wlwmanifest.xml HTTP/1.1" 404 73 "-" "Mozilla/5.0 (Windows NT 10.0; Win64; x64) AppleWebKit/537.36 (KHTML, like Gecko) Chrome/95.0.4638.69 Safari/537.36" "earthmint.com"
40.89.165.57 - - [09/Sep/2022:23:55:29 -0700] "GET /wordpress/wp-includes/wlwmanifest.xml HTTP/1.1" 404 73 "-" "Mozilla/5.0 (Windows NT 10.0; Win64; x64) AppleWebKit/537.36 (KHTML, like Gecko) Chrome/95.0.4638.69 Safari/537.36" "earthmint.com"
40.89.165.57 - - [09/Sep/2022:23:55:29 -0700] "GET /2020/wp-includes/wlwmanifest.xml HTTP/1.1" 404 73 "-" "Mozilla/5.0 (Windows NT 10.0; Win64; x64) AppleWebKit/537.36 (KHTML, like Gecko) Chrome/95.0.4638.69 Safari/537.36" "earthmint.com"
40.89.165.57 - - [09/Sep/2022:23:55:30 -0700] "GET /2019/wp-includes/wlwmanifest.xml HTTP/1.1" 404 73 "-" "Mozilla/5.0 (Windows NT 10.0; Win64; x64) AppleWebKit/537.36 (KHTML, like Gecko) Chrome/95.0.4638.69 Safari/537.36" "earthmint.com"
40.89.165.57 - - [09/Sep/2022:23:55:30 -0700] "GET /2021/wp-includes/wlwmanifest.xml HTTP/1.1" 404 73 "-" "Mozilla/5.0 (Windows NT 10.0; Win64; x64) AppleWebKit/537.36 (KHTML, like Gecko) Chrome/95.0.4638.69 Safari/537.36" "earthmint.com"
40.89.165.57 - - [09/Sep/2022:23:55:30 -0700] "GET /wp1/wp-includes/wlwmanifest.xml HTTP/1.1" 404 73 "-" "Mozilla/5.0 (Windows NT 10.0; Win64; x64) AppleWebKit/537.36 (KHTML, like Gecko) Chrome/95.0.4638.69 Safari/537.36" "earthmint.com"
40.89.165.57 - - [09/Sep/2022:23:55:31 -0700] "GET /site/wp-includes/wlwmanifest.xml HTTP/1.1" 404 73 "-" "Mozilla/5.0 (Windows NT 10.0; Win64; x64) AppleWebKit/537.36 (KHTML, like Gecko) Chrome/95.0.4638.69 Safari/537.36" "earthmint.com"
40.89.165.57 - - [09/Sep/2022:23:58:31 -0700] "GET / HTTP/1.1" 200 849 "-" "Mozilla/5.0 (Windows NT 10.0; Win64; x64) AppleWebKit/537.36 (KHTML, like Gecko) Chrome/95.0.4638.69 Safari/537.36" "earthmint.com"
64.62.252.163 - - [10/Sep/2022:00:14:56 -0700] "GET /index_files/?C=D;O=A HTTP/1.1" 200 314 "-" "The Knowledge AI" "www.earthmint.com"
216.244.66.203 - - [10/Sep/2022:01:10:52 -0700] "GET /robots.txt HTTP/1.1" 404 73 "-" "Mozilla/5.0 (compatible; DotBot/1.2; +https://opensiteexplorer.org/dotbot; help@moz.com)" "earthmint.com"
61.135.159.129 - - [10/Sep/2022:01:22:50 -0700] "GET / HTTP/1.1" 200 379 "-" "Sogou web spider/4.0(+http://www.sogou.com/docs/help/webmasters.htm#07)" "www.earthmint.com"
157.55.39.86 - - [10/Sep/2022:01:28:52 -0700] "GET /robots.txt HTTP/1.1" 404 88 "-" "Mozilla/5.0 (compatible; bingbot/2.0; +http://www.bing.com/bingbot.htm)" "www.earthmint.com"
207.46.13.208 - - [10/Sep/2022:01:29:03 -0700] "GET / HTTP/1.1" 200 379 "-" "Mozilla/5.0 (compatible; bingbot/2.0; +http://www.bing.com/bingbot.htm)" "www.earthmint.com"
114.119.144.212 - - [10/Sep/2022:01:40:08 -0700] "GET /index_files/?C=D%3BO%3DA HTTP/1.1" 200 314 "https://earthmint.com/index_files/" "Mozilla/5.0 (Linux; Android 7.0;) AppleWebKit/537.36 (KHTML, like Gecko) Mobile Safari/537.36 (compatible; PetalBot;+https://webmaster.petalsearch.com/site/petalbot)" "earthmint.com"
54.36.149.106 - - [10/Sep/2022:01:43:25 -0700] "GET /robots.txt HTTP/1.1" 404 88 "-" "Mozilla/5.0 (compatible; AhrefsBot/7.0; +http://ahrefs.com/robot/)" "earthmint.com"
51.222.253.5 - - [10/Sep/2022:01:43:26 -0700] "GET / HTTP/1.1" 200 379 "-" "Mozilla/5.0 (compatible; AhrefsBot/7.0; +http://ahrefs.com/robot/)" "earthmint.com"
114.119.144.222 - - [10/Sep/2022:01:49:54 -0700] "GET /index_files?M=A HTTP/1.1" 301 1414 "http://earthmint.com/index_files" "Mozilla/5.0 (Linux; Android 7.0;) AppleWebKit/537.36 (KHTML, like Gecko) Mobile Safari/537.36 (compatible; PetalBot;+https://webmaster.petalsearch.com/site/petalbot)" "earthmint.com"
114.119.144.222 - - [10/Sep/2022:01:49:54 -0700] "GET /index_files/?M=A HTTP/1.1" 200 314 "http://earthmint.com/index_files" "Mozilla/5.0 (Linux; Android 7.0;) AppleWebKit/537.36 (KHTML, like Gecko) Mobile Safari/537.36 (compatible; PetalBot;+https://webmaster.petalsearch.com/site/petalbot)" "earthmint.com"
216.244.66.203 - - [10/Sep/2022:02:02:41 -0700] "GET /robots.txt HTTP/1.1" 404 73 "-" "Mozilla/5.0 (compatible; DotBot/1.2; +https://opensiteexplorer.org/dotbot; help@moz.com)" "www.earthmint.com"
123.125.109.128 - - [10/Sep/2022:02:14:40 -0700] "GET / HTTP/1.1" 200 379 "-" "Sogou web spider/4.0(+http://www.sogou.com/docs/help/webmasters.htm#07)" "earthmint.com"
61.135.159.181 - - [10/Sep/2022:02:33:59 -0700] "GET / HTTP/1.1" 200 379 "-" "Sogou web spider/4.0(+http://www.sogou.com/docs/help/webmasters.htm#07)" "earthmint.com"
216.244.66.203 - - [10/Sep/2022:02:52:54 -0700] "GET /robots.txt HTTP/1.1" 404 73 "-" "Mozilla/5.0 (compatible; DotBot/1.2; +https://opensiteexplorer.org/dotbot; help@moz.com)" "www.earthmint.com"
216.244.66.203 - - [10/Sep/2022:03:07:05 -0700] "GET /index_files/?C=S;O=A HTTP/1.1" 200 560 "-" "Mozilla/5.0 (compatible; DotBot/1.2; +https://opensiteexplorer.org/dotbot; help@moz.com)" "www.earthmint.com"
20.127.153.232 - - [10/Sep/2022:03:19:32 -0700] "GET / HTTP/1.1" 200 849 "-" "Mozilla/5.0 (Windows NT 10.0; Win64; x64) AppleWebKit/537.36 (KHTML, like Gecko) Chrome/78.0.3904.108 Safari/537.36" "earthmint.com"
20.127.153.232 - - [10/Sep/2022:03:19:32 -0700] "GET / HTTP/1.1" 200 849 "-" "Mozilla/5.0 (Windows NT 10.0; Win64; x64) AppleWebKit/537.36 (KHTML, like Gecko) Chrome/78.0.3904.108 Safari/537.36" "earthmint.com"
20.127.153.232 - - [10/Sep/2022:03:19:33 -0700] "GET /wp-includes/wlwmanifest.xml HTTP/1.1" 404 73 "-" "Mozilla/5.0 (Windows NT 10.0; Win64; x64) AppleWebKit/537.36 (KHTML, like Gecko) Chrome/78.0.3904.108 Safari/537.36" "earthmint.com"
20.127.153.232 - - [10/Sep/2022:03:19:33 -0700] "GET /xmlrpc.php?rsd HTTP/1.1" 404 73 "-" "Mozilla/5.0 (Windows NT 10.0; Win64; x64) AppleWebKit/537.36 (KHTML, like Gecko) Chrome/78.0.3904.108 Safari/537.36" "earthmint.com"
20.127.153.232 - - [10/Sep/2022:03:19:33 -0700] "GET / HTTP/1.1" 200 849 "-" "Mozilla/5.0 (Windows NT 10.0; Win64; x64) AppleWebKit/537.36 (KHTML, like Gecko) Chrome/78.0.3904.108 Safari/537.36" "earthmint.com"
20.127.153.232 - - [10/Sep/2022:03:19:33 -0700] "GET /blog/wp-includes/wlwmanifest.xml HTTP/1.1" 404 73 "-" "Mozilla/5.0 (Windows NT 10.0; Win64; x64) AppleWebKit/537.36 (KHTML, like Gecko) Chrome/78.0.3904.108 Safari/537.36" "earthmint.com"
20.127.153.232 - - [10/Sep/2022:03:19:33 -0700] "GET /web/wp-includes/wlwmanifest.xml HTTP/1.1" 404 73 "-" "Mozilla/5.0 (Windows NT 10.0; Win64; x64) AppleWebKit/537.36 (KHTML, like Gecko) Chrome/78.0.3904.108 Safari/537.36" "earthmint.com"
20.127.153.232 - - [10/Sep/2022:03:19:33 -0700] "GET /website/wp-includes/wlwmanifest.xml HTTP/1.1" 404 73 "-" "Mozilla/5.0 (Windows NT 10.0; Win64; x64) AppleWebKit/537.36 (KHTML, like Gecko) Chrome/78.0.3904.108 Safari/537.36" "earthmint.com"
20.127.153.232 - - [10/Sep/2022:03:19:34 -0700] "GET /wp/wp-includes/wlwmanifest.xml HTTP/1.1" 404 73 "-" "Mozilla/5.0 (Windows NT 10.0; Win64; x64) AppleWebKit/537.36 (KHTML, like Gecko) Chrome/78.0.3904.108 Safari/537.36" "earthmint.com"
20.127.153.232 - - [10/Sep/2022:03:19:34 -0700] "GET /news/wp-includes/wlwmanifest.xml HTTP/1.1" 404 73 "-" "Mozilla/5.0 (Windows NT 10.0; Win64; x64) AppleWebKit/537.36 (KHTML, like Gecko) Chrome/78.0.3904.108 Safari/537.36" "earthmint.com"
20.127.153.232 - - [10/Sep/2022:03:19:34 -0700] "GET /2018/wp-includes/wlwmanifest.xml HTTP/1.1" 404 73 "-" "Mozilla/5.0 (Windows NT 10.0; Win64; x64) AppleWebKit/537.36 (KHTML, like Gecko) Chrome/78.0.3904.108 Safari/537.36" "earthmint.com"
20.127.153.232 - - [10/Sep/2022:03:19:34 -0700] "GET /2019/wp-includes/wlwmanifest.xml HTTP/1.1" 404 73 "-" "Mozilla/5.0 (Windows NT 10.0; Win64; x64) AppleWebKit/537.36 (KHTML, like Gecko) Chrome/78.0.3904.108 Safari/537.36" "earthmint.com"
20.127.153.232 - - [10/Sep/2022:03:19:34 -0700] "GET /shop/wp-includes/wlwmanifest.xml HTTP/1.1" 404 73 "-" "Mozilla/5.0 (Windows NT 10.0; Win64; x64) AppleWebKit/537.36 (KHTML, like Gecko) Chrome/78.0.3904.108 Safari/537.36" "earthmint.com"
20.127.153.232 - - [10/Sep/2022:03:19:34 -0700] "GET /wp1/wp-includes/wlwmanifest.xml HTTP/1.1" 404 73 "-" "Mozilla/5.0 (Windows NT 10.0; Win64; x64) AppleWebKit/537.36 (KHTML, like Gecko) Chrome/78.0.3904.108 Safari/537.36" "earthmint.com"
20.127.153.232 - - [10/Sep/2022:03:19:35 -0700] "GET /test/wp-includes/wlwmanifest.xml HTTP/1.1" 404 73 "-" "Mozilla/5.0 (Windows NT 10.0; Win64; x64) AppleWebKit/537.36 (KHTML, like Gecko) Chrome/78.0.3904.108 Safari/537.36" "earthmint.com"
20.127.153.232 - - [10/Sep/2022:03:19:35 -0700] "GET /media/wp-includes/wlwmanifest.xml HTTP/1.1" 404 73 "-" "Mozilla/5.0 (Windows NT 10.0; Win64; x64) AppleWebKit/537.36 (KHTML, like Gecko) Chrome/78.0.3904.108 Safari/537.36" "earthmint.com"
20.127.153.232 - - [10/Sep/2022:03:19:35 -0700] "GET /wp2/wp-includes/wlwmanifest.xml HTTP/1.1" 404 73 "-" "Mozilla/5.0 (Windows NT 10.0; Win64; x64) AppleWebKit/537.36 (KHTML, like Gecko) Chrome/78.0.3904.108 Safari/537.36" "earthmint.com"
20.127.153.232 - - [10/Sep/2022:03:19:35 -0700] "GET /site/wp-includes/wlwmanifest.xml HTTP/1.1" 404 73 "-" "Mozilla/5.0 (Windows NT 10.0; Win64; x64) AppleWebKit/537.36 (KHTML, like Gecko) Chrome/78.0.3904.108 Safari/537.36" "earthmint.com"
20.127.153.232 - - [10/Sep/2022:03:19:35 -0700] "GET /cms/wp-includes/wlwmanifest.xml HTTP/1.1" 404 73 "-" "Mozilla/5.0 (Windows NT 10.0; Win64; x64) AppleWebKit/537.36 (KHTML, like Gecko) Chrome/78.0.3904.108 Safari/537.36" "earthmint.com"
20.127.153.232 - - [10/Sep/2022:03:19:35 -0700] "GET /sito/wp-includes/wlwmanifest.xml HTTP/1.1" 404 73 "-" "Mozilla/5.0 (Windows NT 10.0; Win64; x64) AppleWebKit/537.36 (KHTML, like Gecko) Chrome/78.0.3904.108 Safari/537.36" "earthmint.com"
114.119.144.212 - - [10/Sep/2022:04:13:30 -0700] "GET / HTTP/1.1" 200 379 "https://earthmint.com/index_files/" "Mozilla/5.0 (Linux; Android 7.0;) AppleWebKit/537.36 (KHTML, like Gecko) Mobile Safari/537.36 (compatible; PetalBot;+https://webmaster.petalsearch.com/site/petalbot)" "earthmint.com"
114.119.129.36 - - [10/Sep/2022:04:19:39 -0700] "GET /?M=A HTTP/1.1" 200 379 "https://www.earthmint.com/" "Mozilla/5.0 (Linux; Android 7.0;) AppleWebKit/537.36 (KHTML, like Gecko) Mobile Safari/537.36 (compatible; PetalBot;+https://webmaster.petalsearch.com/site/petalbot)" "www.earthmint.com"
114.119.129.36 - - [10/Sep/2022:04:25:40 -0700] "GET /images?D=A HTTP/1.1" 301 1414 "https://www.earthmint.com/images" "Mozilla/5.0 (Linux; Android 7.0;) AppleWebKit/537.36 (KHTML, like Gecko) Mobile Safari/537.36 (compatible; PetalBot;+https://webmaster.petalsearch.com/site/petalbot)" "www.earthmint.com"
114.119.129.36 - - [10/Sep/2022:04:25:43 -0700] "GET /images/?D=A HTTP/1.1" 200 311 "https://www.earthmint.com/images" "Mozilla/5.0 (Linux; Android 7.0;) AppleWebKit/537.36 (KHTML, like Gecko) Mobile Safari/537.36 (compatible; PetalBot;+https://webmaster.petalsearch.com/site/petalbot)" "www.earthmint.com"
114.119.144.212 - - [10/Sep/2022:04:31:28 -0700] "GET /index_files?N=D HTTP/1.1" 301 1419 "https://www.earthmint.com/index_files?N=A" "Mozilla/5.0 (Linux; Android 7.0;) AppleWebKit/537.36 (KHTML, like Gecko) Mobile Safari/537.36 (compatible; PetalBot;+https://webmaster.petalsearch.com/site/petalbot)" "www.earthmint.com"
114.119.144.212 - - [10/Sep/2022:04:31:33 -0700] "GET /index_files/?N=D HTTP/1.1" 200 314 "https://www.earthmint.com/index_files?N=A" "Mozilla/5.0 (Linux; Android 7.0;) AppleWebKit/537.36 (KHTML, like Gecko) Mobile Safari/537.36 (compatible; PetalBot;+https://webmaster.petalsearch.com/site/petalbot)" "www.earthmint.com"
114.119.144.229 - - [10/Sep/2022:04:37:08 -0700] "GET /images/?C=D%3BO%3DA HTTP/1.1" 200 311 "https://earthmint.com/images?D=A" "Mozilla/5.0 (Linux; Android 7.0;) AppleWebKit/537.36 (KHTML, like Gecko) Mobile Safari/537.36 (compatible; PetalBot;+https://webmaster.petalsearch.com/site/petalbot)" "earthmint.com"
136.243.220.211 - - [10/Sep/2022:04:38:15 -0700] "GET /robots.txt HTTP/1.1" 404 88 "-" "Mozilla/5.0 (compatible; DataForSeoBot/1.0; +https://dataforseo.com/dataforseo-bot)" "www.earthmint.com"
136.243.220.211 - - [10/Sep/2022:04:38:15 -0700] "GET /robots.txt HTTP/1.1" 404 88 "-" "Mozilla/5.0 (compatible; DataForSeoBot/1.0; +https://dataforseo.com/dataforseo-bot)" "www.earthmint.com"
136.243.220.211 - - [10/Sep/2022:04:38:16 -0700] "GET / HTTP/1.1" 200 379 "-" "Mozilla/5.0 (compatible; DataForSeoBot/1.0; +https://dataforseo.com/dataforseo-bot)" "www.earthmint.com"
114.119.144.212 - - [10/Sep/2022:04:49:02 -0700] "GET /images/?C=N%3BO%3DD HTTP/1.1" 200 311 "https://earthmint.com/images?D=A" "Mozilla/5.0 (Linux; Android 7.0;) AppleWebKit/537.36 (KHTML, like Gecko) Mobile Safari/537.36 (compatible; PetalBot;+https://webmaster.petalsearch.com/site/petalbot)" "earthmint.com"
114.119.144.229 - - [10/Sep/2022:04:54:58 -0700] "GET /images?C=S%3BO%3DA HTTP/1.1" 301 1423 "https://www.earthmint.com/images?C=D%3BO%3DA" "Mozilla/5.0 (Linux; Android 7.0;) AppleWebKit/537.36 (KHTML, like Gecko) Mobile Safari/537.36 (compatible; PetalBot;+https://webmaster.petalsearch.com/site/petalbot)" "www.earthmint.com"
114.119.144.229 - - [10/Sep/2022:04:54:59 -0700] "GET /images/?C=S%3BO%3DA HTTP/1.1" 200 311 "https://www.earthmint.com/images?C=D%3BO%3DA" "Mozilla/5.0 (Linux; Android 7.0;) AppleWebKit/537.36 (KHTML, like Gecko) Mobile Safari/537.36 (compatible; PetalBot;+https://webmaster.petalsearch.com/site/petalbot)" "www.earthmint.com"
114.119.144.23 - - [10/Sep/2022:05:03:53 -0700] "GET /_private/ HTTP/1.1" 403 170 "https://www.earthmint.com/?N=D" "Mozilla/5.0 (Linux; Android 7.0;) AppleWebKit/537.36 (KHTML, like Gecko) Mobile Safari/537.36 (compatible; PetalBot;+https://webmaster.petalsearch.com/site/petalbot)" "www.earthmint.com"
54.244.165.184 - - [10/Sep/2022:05:12:32 -0700] "GET / HTTP/1.1" 200 379 "-" "Mozilla/5.0 (X11; Linux x86_64) AppleWebKit/537.36 (KHTML, like Gecko) Chrome/83.0.4103.97 Safari/537.36" "earthmint.com"
49.7.20.131 - - [10/Sep/2022:05:12:58 -0700] "GET / HTTP/1.1" 200 379 "-" "Sogou web spider/4.0(+http://www.sogou.com/docs/help/webmasters.htm#07)" "www.earthmint.com"
34.220.77.120 - - [10/Sep/2022:05:21:12 -0700] "GET /favicon.ico HTTP/1.1" 404 88 "-" "Mozilla/5.0 (X11; Linux x86_64) AppleWebKit/537.36 (KHTML, like Gecko) Chrome/83.0.4103.97 Safari/537.36" "earthmint.com"
34.220.77.120 - - [10/Sep/2022:05:21:15 -0700] "GET / HTTP/1.1" 200 379 "-" "Mozilla/5.0 (X11; Linux x86_64) AppleWebKit/537.36 (KHTML, like Gecko) Chrome/83.0.4103.97 Safari/537.36" "earthmint.com"
54.36.148.18 - - [10/Sep/2022:05:58:12 -0700] "GET /robots.txt HTTP/1.1" 404 88 "-" "Mozilla/5.0 (compatible; AhrefsBot/7.0; +http://ahrefs.com/robot/)" "earthmint.com"
51.222.253.4 - - [10/Sep/2022:05:58:13 -0700] "GET / HTTP/1.1" 200 379 "-" "Mozilla/5.0 (compatible; AhrefsBot/7.0; +http://ahrefs.com/robot/)" "earthmint.com"
61.135.159.129 - - [10/Sep/2022:06:43:21 -0700] "GET / HTTP/1.1" 200 379 "-" "Sogou web spider/4.0(+http://www.sogou.com/docs/help/webmasters.htm#07)" "earthmint.com"
