20.169.24.39 - - [23/Sep/2022:00:59:43 -0700] "GET /o.php HTTP/1.1" 404 88 "-" "Mozilla/5.0 (Windows NT 10.0; Win64; x64) AppleWebKit/537.36 (KHTML, like Gecko) Chrome/85.0.4183.102 Safari/537.36" "earthmint.com"
20.169.24.39 - - [23/Sep/2022:01:01:36 -0700] "GET /ok.php HTTP/1.1" 404 88 "-" "Mozilla/5.0 (Windows NT 10.0; Win64; x64) AppleWebKit/537.36 (KHTML, like Gecko) Chrome/85.0.4183.102 Safari/537.36" "earthmint.com"
20.169.24.39 - - [23/Sep/2022:01:04:45 -0700] "GET /old-index.php HTTP/1.1" 404 88 "-" "Mozilla/5.0 (Windows NT 10.0; Win64; x64) AppleWebKit/537.36 (KHTML, like Gecko) Chrome/85.0.4183.102 Safari/537.36" "earthmint.com"
20.169.24.39 - - [23/Sep/2022:01:06:16 -0700] "GET /p.php HTTP/1.1" 404 88 "-" "Mozilla/5.0 (Windows NT 10.0; Win64; x64) AppleWebKit/537.36 (KHTML, like Gecko) Chrome/85.0.4183.102 Safari/537.36" "earthmint.com"
185.191.171.6 - - [23/Sep/2022:01:08:34 -0700] "GET /robots.txt HTTP/1.1" 404 88 "-" "Mozilla/5.0 (compatible; SemrushBot/7~bl; +http://www.semrush.com/bot.html)" "www.earthmint.com"
185.191.171.3 - - [23/Sep/2022:01:08:35 -0700] "GET /index_files/ HTTP/1.1" 200 314 "-" "Mozilla/5.0 (compatible; SemrushBot/7~bl; +http://www.semrush.com/bot.html)" "www.earthmint.com"
185.191.171.24 - - [23/Sep/2022:01:08:37 -0700] "GET /sitemap.xml HTTP/1.1" 404 88 "-" "Mozilla/5.0 (compatible; SemrushBot/7~bl; +http://www.semrush.com/bot.html)" "www.earthmint.com"
20.169.24.39 - - [23/Sep/2022:01:09:25 -0700] "GET /public/403.php HTTP/1.1" 404 88 "-" "Mozilla/5.0 (Windows NT 10.0; Win64; x64) AppleWebKit/537.36 (KHTML, like Gecko) Chrome/85.0.4183.102 Safari/537.36" "earthmint.com"
52.1.150.219 - - [23/Sep/2022:01:11:21 -0700] "GET / HTTP/1.1" 200 379 "-" "Mozilla/5.0 (Macintosh; Intel Mac OS X 10_15_7) AppleWebKit/537.36 (KHTML, like Gecko) Chrome/92.0.4515.131 Safari/537.36" "earthmint.com"
20.169.24.39 - - [23/Sep/2022:01:11:41 -0700] "GET /punisher.php HTTP/1.1" 404 88 "-" "Mozilla/5.0 (Windows NT 10.0; Win64; x64) AppleWebKit/537.36 (KHTML, like Gecko) Chrome/85.0.4183.102 Safari/537.36" "earthmint.com"
20.169.24.39 - - [23/Sep/2022:01:12:59 -0700] "GET /q.php HTTP/1.1" 404 88 "-" "Mozilla/5.0 (Windows NT 10.0; Win64; x64) AppleWebKit/537.36 (KHTML, like Gecko) Chrome/85.0.4183.102 Safari/537.36" "earthmint.com"
20.169.24.39 - - [23/Sep/2022:01:14:49 -0700] "GET /r.php HTTP/1.1" 404 88 "-" "Mozilla/5.0 (Windows NT 10.0; Win64; x64) AppleWebKit/537.36 (KHTML, like Gecko) Chrome/85.0.4183.102 Safari/537.36" "earthmint.com"
61.135.159.193 - - [23/Sep/2022:01:16:17 -0700] "GET / HTTP/1.1" 200 379 "-" "Sogou web spider/4.0(+http://www.sogou.com/docs/help/webmasters.htm#07)" "earthmint.com"
20.169.24.39 - - [23/Sep/2022:01:16:34 -0700] "GET /radio.php HTTP/1.1" 404 88 "-" "Mozilla/5.0 (Windows NT 10.0; Win64; x64) AppleWebKit/537.36 (KHTML, like Gecko) Chrome/85.0.4183.102 Safari/537.36" "earthmint.com"
20.169.24.39 - - [23/Sep/2022:01:19:12 -0700] "GET /root.php HTTP/1.1" 404 88 "-" "Mozilla/5.0 (Windows NT 10.0; Win64; x64) AppleWebKit/537.36 (KHTML, like Gecko) Chrome/85.0.4183.102 Safari/537.36" "earthmint.com"
20.169.24.39 - - [23/Sep/2022:01:20:11 -0700] "GET /rss.php HTTP/1.1" 404 88 "-" "Mozilla/5.0 (Windows NT 10.0; Win64; x64) AppleWebKit/537.36 (KHTML, like Gecko) Chrome/85.0.4183.102 Safari/537.36" "earthmint.com"
20.169.24.39 - - [23/Sep/2022:01:21:40 -0700] "GET /s.php HTTP/1.1" 404 88 "-" "Mozilla/5.0 (Windows NT 10.0; Win64; x64) AppleWebKit/537.36 (KHTML, like Gecko) Chrome/85.0.4183.102 Safari/537.36" "earthmint.com"
20.169.24.39 - - [23/Sep/2022:01:23:47 -0700] "GET /sh.php HTTP/1.1" 404 88 "-" "Mozilla/5.0 (Windows NT 10.0; Win64; x64) AppleWebKit/537.36 (KHTML, like Gecko) Chrome/85.0.4183.102 Safari/537.36" "earthmint.com"
20.169.24.39 - - [23/Sep/2022:01:25:31 -0700] "GET /shell.php HTTP/1.1" 404 88 "-" "Mozilla/5.0 (Windows NT 10.0; Win64; x64) AppleWebKit/537.36 (KHTML, like Gecko) Chrome/85.0.4183.102 Safari/537.36" "earthmint.com"
20.169.24.39 - - [23/Sep/2022:01:26:39 -0700] "GET /shx.php HTTP/1.1" 404 88 "-" "Mozilla/5.0 (Windows NT 10.0; Win64; x64) AppleWebKit/537.36 (KHTML, like Gecko) Chrome/85.0.4183.102 Safari/537.36" "earthmint.com"
20.169.24.39 - - [23/Sep/2022:01:28:30 -0700] "GET /small.php HTTP/1.1" 404 88 "-" "Mozilla/5.0 (Windows NT 10.0; Win64; x64) AppleWebKit/537.36 (KHTML, like Gecko) Chrome/85.0.4183.102 Safari/537.36" "earthmint.com"
20.169.24.39 - - [23/Sep/2022:01:29:38 -0700] "GET /templates/beez5/index.php HTTP/1.1" 404 88 "-" "Mozilla/5.0 (Windows NT 10.0; Win64; x64) AppleWebKit/537.36 (KHTML, like Gecko) Chrome/85.0.4183.102 Safari/537.36" "earthmint.com"
20.169.24.39 - - [23/Sep/2022:01:30:39 -0700] "GET /u.php HTTP/1.1" 404 88 "-" "Mozilla/5.0 (Windows NT 10.0; Win64; x64) AppleWebKit/537.36 (KHTML, like Gecko) Chrome/85.0.4183.102 Safari/537.36" "earthmint.com"
20.169.24.39 - - [23/Sep/2022:01:32:23 -0700] "GET /up.php HTTP/1.1" 404 88 "-" "Mozilla/5.0 (Windows NT 10.0; Win64; x64) AppleWebKit/537.36 (KHTML, like Gecko) Chrome/85.0.4183.102 Safari/537.36" "earthmint.com"
20.169.24.39 - - [23/Sep/2022:01:33:01 -0700] "GET /uploader.php HTTP/1.1" 404 88 "-" "Mozilla/5.0 (Windows NT 10.0; Win64; x64) AppleWebKit/537.36 (KHTML, like Gecko) Chrome/85.0.4183.102 Safari/537.36" "earthmint.com"
20.169.24.39 - - [23/Sep/2022:01:33:56 -0700] "GET /uploads/up.php HTTP/1.1" 404 88 "-" "Mozilla/5.0 (Windows NT 10.0; Win64; x64) AppleWebKit/537.36 (KHTML, like Gecko) Chrome/85.0.4183.102 Safari/537.36" "earthmint.com"
20.169.24.39 - - [23/Sep/2022:01:36:47 -0700] "GET /v.php HTTP/1.1" 404 88 "-" "Mozilla/5.0 (Windows NT 10.0; Win64; x64) AppleWebKit/537.36 (KHTML, like Gecko) Chrome/85.0.4183.102 Safari/537.36" "earthmint.com"
20.169.24.39 - - [23/Sep/2022:01:37:48 -0700] "GET /vuln.php HTTP/1.1" 404 88 "-" "Mozilla/5.0 (Windows NT 10.0; Win64; x64) AppleWebKit/537.36 (KHTML, like Gecko) Chrome/85.0.4183.102 Safari/537.36" "earthmint.com"
20.169.24.39 - - [23/Sep/2022:01:39:17 -0700] "GET /w.php HTTP/1.1" 404 88 "-" "Mozilla/5.0 (Windows NT 10.0; Win64; x64) AppleWebKit/537.36 (KHTML, like Gecko) Chrome/85.0.4183.102 Safari/537.36" "earthmint.com"
20.169.24.39 - - [23/Sep/2022:01:41:24 -0700] "GET /w3llstore.php HTTP/1.1" 404 88 "-" "Mozilla/5.0 (Windows NT 10.0; Win64; x64) AppleWebKit/537.36 (KHTML, like Gecko) Chrome/85.0.4183.102 Safari/537.36" "earthmint.com"
20.169.24.39 - - [23/Sep/2022:01:41:29 -0700] "GET /wikindex.php HTTP/1.1" 404 88 "-" "Mozilla/5.0 (Windows NT 10.0; Win64; x64) AppleWebKit/537.36 (KHTML, like Gecko) Chrome/85.0.4183.102 Safari/537.36" "earthmint.com"
20.169.24.39 - - [23/Sep/2022:01:41:32 -0700] "GET /wp-admin.php HTTP/1.1" 404 88 "-" "Mozilla/5.0 (Windows NT 10.0; Win64; x64) AppleWebKit/537.36 (KHTML, like Gecko) Chrome/85.0.4183.102 Safari/537.36" "earthmint.com"
20.169.24.39 - - [23/Sep/2022:01:41:41 -0700] "GET /wp-admin/css/fw.php HTTP/1.1" 404 88 "-" "Mozilla/5.0 (Windows NT 10.0; Win64; x64) AppleWebKit/537.36 (KHTML, like Gecko) Chrome/85.0.4183.102 Safari/537.36" "earthmint.com"
20.169.24.39 - - [23/Sep/2022:01:41:59 -0700] "GET /wp-admin/fw.php HTTP/1.1" 404 88 "-" "Mozilla/5.0 (Windows NT 10.0; Win64; x64) AppleWebKit/537.36 (KHTML, like Gecko) Chrome/85.0.4183.102 Safari/537.36" "earthmint.com"
20.169.24.39 - - [23/Sep/2022:01:42:17 -0700] "GET /wp-admin/maint/about.php HTTP/1.1" 404 88 "-" "Mozilla/5.0 (Windows NT 10.0; Win64; x64) AppleWebKit/537.36 (KHTML, like Gecko) Chrome/85.0.4183.102 Safari/537.36" "earthmint.com"
20.169.24.39 - - [23/Sep/2022:01:43:46 -0700] "GET /wp-admin/radio.php HTTP/1.1" 404 88 "-" "Mozilla/5.0 (Windows NT 10.0; Win64; x64) AppleWebKit/537.36 (KHTML, like Gecko) Chrome/85.0.4183.102 Safari/537.36" "earthmint.com"
20.169.24.39 - - [23/Sep/2022:01:45:12 -0700] "GET /wp-blog.php HTTP/1.1" 404 88 "-" "Mozilla/5.0 (Windows NT 10.0; Win64; x64) AppleWebKit/537.36 (KHTML, like Gecko) Chrome/85.0.4183.102 Safari/537.36" "earthmint.com"
20.169.24.39 - - [23/Sep/2022:01:47:25 -0700] "GET /wp-class.php HTTP/1.1" 404 88 "-" "Mozilla/5.0 (Windows NT 10.0; Win64; x64) AppleWebKit/537.36 (KHTML, like Gecko) Chrome/85.0.4183.102 Safari/537.36" "earthmint.com"
20.169.24.39 - - [23/Sep/2022:01:48:51 -0700] "GET /wp-content/about.php HTTP/1.1" 404 88 "-" "Mozilla/5.0 (Windows NT 10.0; Win64; x64) AppleWebKit/537.36 (KHTML, like Gecko) Chrome/85.0.4183.102 Safari/537.36" "earthmint.com"
20.169.24.39 - - [23/Sep/2022:01:50:17 -0700] "GET /wp-content/fw.php HTTP/1.1" 404 88 "-" "Mozilla/5.0 (Windows NT 10.0; Win64; x64) AppleWebKit/537.36 (KHTML, like Gecko) Chrome/85.0.4183.102 Safari/537.36" "earthmint.com"
20.169.24.39 - - [23/Sep/2022:01:50:48 -0700] "GET /wp-content/wp.php HTTP/1.1" 404 88 "-" "Mozilla/5.0 (Windows NT 10.0; Win64; x64) AppleWebKit/537.36 (KHTML, like Gecko) Chrome/85.0.4183.102 Safari/537.36" "earthmint.com"
20.169.24.39 - - [23/Sep/2022:01:53:40 -0700] "GET /wp-content/x.php HTTP/1.1" 404 88 "-" "Mozilla/5.0 (Windows NT 10.0; Win64; x64) AppleWebKit/537.36 (KHTML, like Gecko) Chrome/85.0.4183.102 Safari/537.36" "earthmint.com"
20.169.24.39 - - [23/Sep/2022:01:55:13 -0700] "GET /wp-file.php HTTP/1.1" 404 88 "-" "Mozilla/5.0 (Windows NT 10.0; Win64; x64) AppleWebKit/537.36 (KHTML, like Gecko) Chrome/85.0.4183.102 Safari/537.36" "earthmint.com"
185.191.171.21 - - [23/Sep/2022:01:55:18 -0700] "GET / HTTP/1.1" 200 379 "-" "Mozilla/5.0 (compatible; SemrushBot/7~bl; +http://www.semrush.com/bot.html)" "www.earthmint.com"
20.169.24.39 - - [23/Sep/2022:01:59:01 -0700] "GET /wp-includes/about.php HTTP/1.1" 404 88 "-" "Mozilla/5.0 (Windows NT 10.0; Win64; x64) AppleWebKit/537.36 (KHTML, like Gecko) Chrome/85.0.4183.102 Safari/537.36" "earthmint.com"
20.169.24.39 - - [23/Sep/2022:02:00:33 -0700] "GET /wp-includes/shell20211028.php HTTP/1.1" 404 88 "-" "Mozilla/5.0 (Windows NT 10.0; Win64; x64) AppleWebKit/537.36 (KHTML, like Gecko) Chrome/85.0.4183.102 Safari/537.36" "earthmint.com"
20.169.24.39 - - [23/Sep/2022:02:01:55 -0700] "GET /wp-info.php HTTP/1.1" 404 88 "-" "Mozilla/5.0 (Windows NT 10.0; Win64; x64) AppleWebKit/537.36 (KHTML, like Gecko) Chrome/85.0.4183.102 Safari/537.36" "earthmint.com"
20.169.24.39 - - [23/Sep/2022:02:04:09 -0700] "GET /wp-uploads.php HTTP/1.1" 404 88 "-" "Mozilla/5.0 (Windows NT 10.0; Win64; x64) AppleWebKit/537.36 (KHTML, like Gecko) Chrome/85.0.4183.102 Safari/537.36" "earthmint.com"
20.169.24.39 - - [23/Sep/2022:02:05:19 -0700] "GET /wp.php HTTP/1.1" 404 88 "-" "Mozilla/5.0 (Windows NT 10.0; Win64; x64) AppleWebKit/537.36 (KHTML, like Gecko) Chrome/85.0.4183.102 Safari/537.36" "earthmint.com"
20.169.24.39 - - [23/Sep/2022:02:06:04 -0700] "GET /wp2.php HTTP/1.1" 404 88 "-" "Mozilla/5.0 (Windows NT 10.0; Win64; x64) AppleWebKit/537.36 (KHTML, like Gecko) Chrome/85.0.4183.102 Safari/537.36" "earthmint.com"
20.169.24.39 - - [23/Sep/2022:02:06:53 -0700] "GET /wp_wrong_datlib.php HTTP/1.1" 404 88 "-" "Mozilla/5.0 (Windows NT 10.0; Win64; x64) AppleWebKit/537.36 (KHTML, like Gecko) Chrome/85.0.4183.102 Safari/537.36" "earthmint.com"
20.169.24.39 - - [23/Sep/2022:02:07:59 -0700] "GET /ws.php HTTP/1.1" 404 88 "-" "Mozilla/5.0 (Windows NT 10.0; Win64; x64) AppleWebKit/537.36 (KHTML, like Gecko) Chrome/85.0.4183.102 Safari/537.36" "earthmint.com"
20.169.24.39 - - [23/Sep/2022:02:09:20 -0700] "GET /wso.php HTTP/1.1" 404 88 "-" "Mozilla/5.0 (Windows NT 10.0; Win64; x64) AppleWebKit/537.36 (KHTML, like Gecko) Chrome/85.0.4183.102 Safari/537.36" "earthmint.com"
20.169.24.39 - - [23/Sep/2022:02:10:37 -0700] "GET /wso1.php HTTP/1.1" 404 88 "-" "Mozilla/5.0 (Windows NT 10.0; Win64; x64) AppleWebKit/537.36 (KHTML, like Gecko) Chrome/85.0.4183.102 Safari/537.36" "earthmint.com"
20.169.24.39 - - [23/Sep/2022:02:12:34 -0700] "GET /wso2.php HTTP/1.1" 404 88 "-" "Mozilla/5.0 (Windows NT 10.0; Win64; x64) AppleWebKit/537.36 (KHTML, like Gecko) Chrome/85.0.4183.102 Safari/537.36" "earthmint.com"
20.169.24.39 - - [23/Sep/2022:02:14:30 -0700] "GET /x.php HTTP/1.1" 404 88 "-" "Mozilla/5.0 (Windows NT 10.0; Win64; x64) AppleWebKit/537.36 (KHTML, like Gecko) Chrome/85.0.4183.102 Safari/537.36" "earthmint.com"
20.169.24.39 - - [23/Sep/2022:02:16:15 -0700] "GET /xl.php HTTP/1.1" 404 88 "-" "Mozilla/5.0 (Windows NT 10.0; Win64; x64) AppleWebKit/537.36 (KHTML, like Gecko) Chrome/85.0.4183.102 Safari/537.36" "earthmint.com"
20.169.24.39 - - [23/Sep/2022:02:17:24 -0700] "GET /xleet.php HTTP/1.1" 404 88 "-" "Mozilla/5.0 (Windows NT 10.0; Win64; x64) AppleWebKit/537.36 (KHTML, like Gecko) Chrome/85.0.4183.102 Safari/537.36" "earthmint.com"
20.169.24.39 - - [23/Sep/2022:02:19:03 -0700] "GET /xmlrpc.php HTTP/1.1" 404 88 "-" "Mozilla/5.0 (Windows NT 10.0; Win64; x64) AppleWebKit/537.36 (KHTML, like Gecko) Chrome/85.0.4183.102 Safari/537.36" "earthmint.com"
20.169.24.39 - - [23/Sep/2022:02:20:56 -0700] "GET /xx.php HTTP/1.1" 404 88 "-" "Mozilla/5.0 (Windows NT 10.0; Win64; x64) AppleWebKit/537.36 (KHTML, like Gecko) Chrome/85.0.4183.102 Safari/537.36" "earthmint.com"
20.169.24.39 - - [23/Sep/2022:02:21:58 -0700] "GET /xxx.php HTTP/1.1" 404 88 "-" "Mozilla/5.0 (Windows NT 10.0; Win64; x64) AppleWebKit/537.36 (KHTML, like Gecko) Chrome/85.0.4183.102 Safari/537.36" "earthmint.com"
20.169.24.39 - - [23/Sep/2022:02:23:34 -0700] "GET /y.php HTTP/1.1" 404 88 "-" "Mozilla/5.0 (Windows NT 10.0; Win64; x64) AppleWebKit/537.36 (KHTML, like Gecko) Chrome/85.0.4183.102 Safari/537.36" "earthmint.com"
20.169.24.39 - - [23/Sep/2022:02:24:51 -0700] "GET /z.php HTTP/1.1" 404 88 "-" "Mozilla/5.0 (Windows NT 10.0; Win64; x64) AppleWebKit/537.36 (KHTML, like Gecko) Chrome/85.0.4183.102 Safari/537.36" "earthmint.com"
5.102.173.71 - - [23/Sep/2022:03:20:42 -0700] "GET /robots.txt HTTP/1.1" 404 88 "-" "Mozilla/5.0 (compatible; MojeekBot/0.11; +https://www.mojeek.com/bot.html)" "www.earthmint.com"
5.102.173.71 - - [23/Sep/2022:03:20:42 -0700] "GET /index_files/?N=D HTTP/1.1" 200 314 "-" "Mozilla/5.0 (compatible; MojeekBot/0.11; +https://www.mojeek.com/bot.html)" "www.earthmint.com"
114.119.136.253 - - [23/Sep/2022:03:56:31 -0700] "GET /robots.txt HTTP/1.1" 404 88 "-" "Mozilla/5.0 (compatible;PetalBot;+https://webmaster.petalsearch.com/site/petalbot)" "www.earthmint.com"
207.46.13.205 - - [23/Sep/2022:04:19:06 -0700] "GET / HTTP/1.1" 200 379 "-" "Mozilla/5.0 (compatible; bingbot/2.0; +http://www.bing.com/bingbot.htm)" "www.earthmint.com"
207.46.13.209 - - [23/Sep/2022:04:46:51 -0700] "GET / HTTP/1.1" 200 379 "-" "Mozilla/5.0 (compatible; bingbot/2.0; +http://www.bing.com/bingbot.htm)" "www.earthmint.com"
52.25.28.255 - - [23/Sep/2022:05:02:35 -0700] "GET / HTTP/1.1" 200 379 "-" "Mozilla/5.0 (X11; Linux x86_64) AppleWebKit/537.36 (KHTML, like Gecko) Chrome/83.0.4103.97 Safari/537.36" "earthmint.com"
35.92.183.38 - - [23/Sep/2022:05:02:40 -0700] "GET /favicon.ico HTTP/1.1" 404 88 "-" "Mozilla/5.0 (X11; Linux x86_64) AppleWebKit/537.36 (KHTML, like Gecko) Chrome/83.0.4103.97 Safari/537.36" "earthmint.com"
35.92.183.38 - - [23/Sep/2022:05:02:41 -0700] "GET / HTTP/1.1" 200 379 "-" "Mozilla/5.0 (X11; Linux x86_64) AppleWebKit/537.36 (KHTML, like Gecko) Chrome/83.0.4103.97 Safari/537.36" "earthmint.com"
35.85.47.139 - - [23/Sep/2022:05:06:22 -0700] "GET / HTTP/1.1" 200 379 "-" "Mozilla/5.0 (X11; Linux x86_64) AppleWebKit/537.36 (KHTML, like Gecko) Chrome/83.0.4103.97 Safari/537.36" "earthmint.com"
34.220.212.118 - - [23/Sep/2022:05:12:41 -0700] "GET / HTTP/1.1" 200 379 "-" "Mozilla/5.0 (X11; Linux x86_64) AppleWebKit/537.36 (KHTML, like Gecko) Chrome/83.0.4103.97 Safari/537.36" "earthmint.com"
20.107.55.41 - - [23/Sep/2022:05:38:53 -0700] "GET / HTTP/1.1" 200 379 "-" "Go-http-client/1.1" "earthmint.com"
20.107.55.41 - - [23/Sep/2022:05:38:53 -0700] "GET /wp-includes/css/buttons.css HTTP/1.1" 404 88 "-" "Go-http-client/1.1" "earthmint.com"
20.107.55.41 - - [23/Sep/2022:05:38:54 -0700] "GET /media/system/js/core.js HTTP/1.1" 404 88 "-" "Go-http-client/1.1" "earthmint.com"
61.135.159.193 - - [23/Sep/2022:05:43:26 -0700] "GET / HTTP/1.1" 200 379 "-" "Sogou web spider/4.0(+http://www.sogou.com/docs/help/webmasters.htm#07)" "earthmint.com"
51.222.253.6 - - [23/Sep/2022:06:14:14 -0700] "GET /images/ HTTP/1.1" 200 311 "-" "Mozilla/5.0 (compatible; AhrefsBot/7.0; +http://ahrefs.com/robot/)" "www.earthmint.com"
136.243.220.214 - - [23/Sep/2022:06:15:18 -0700] "GET / HTTP/1.1" 200 379 "-" "Mozilla/5.0 (compatible; DataForSeoBot/1.0; +https://dataforseo.com/dataforseo-bot)" "earthmint.com"
5.62.16.22 - - [23/Sep/2022:06:41:52 -0700] "GET / HTTP/1.1" 200 379 "-" "Mozilla/5.0 (Windows NT 10.0; Win64; x64) AppleWebKit/537.36 (KHTML, like Gecko) Chrome/105.0.0.0 Safari/537.36" "earthmint.com"
5.62.16.22 - - [23/Sep/2022:06:42:04 -0700] "GET /favicon.ico HTTP/1.1" 404 88 "http://earthmint.com/" "Mozilla/5.0 (Windows NT 10.0; Win64; x64) AppleWebKit/537.36 (KHTML, like Gecko) Chrome/105.0.0.0 Safari/537.36" "earthmint.com"
171.6.142.210 - - [23/Sep/2022:06:44:45 -0700] "GET / HTTP/1.1" 200 379 "-" "Mozilla/5.0 (Windows NT 10.0; Win64; x64) AppleWebKit/537.36 (KHTML, like Gecko) Chrome/85.0.4183.121 Safari/537.36" "earthmint.com"
114.119.144.209 - - [23/Sep/2022:06:57:39 -0700] "GET /index_files/?C=S%3BO%3DA HTTP/1.1" 200 314 "https://earthmint.com/index_files/?C=D%3BO%3DA" "Mozilla/5.0 (Linux; Android 7.0;) AppleWebKit/537.36 (KHTML, like Gecko) Mobile Safari/537.36 (compatible; PetalBot;+https://webmaster.petalsearch.com/site/petalbot)" "earthmint.com"
114.119.144.226 - - [23/Sep/2022:07:02:47 -0700] "GET /images?C=S%3BO%3DA HTTP/1.1" 301 1418 "http://earthmint.com/images?S=D" "Mozilla/5.0 (Linux; Android 7.0;) AppleWebKit/537.36 (KHTML, like Gecko) Mobile Safari/537.36 (compatible; PetalBot;+https://webmaster.petalsearch.com/site/petalbot)" "earthmint.com"
114.119.144.226 - - [23/Sep/2022:07:02:48 -0700] "GET /images/?C=S%3BO%3DA HTTP/1.1" 200 311 "http://earthmint.com/images?S=D" "Mozilla/5.0 (Linux; Android 7.0;) AppleWebKit/537.36 (KHTML, like Gecko) Mobile Safari/537.36 (compatible; PetalBot;+https://webmaster.petalsearch.com/site/petalbot)" "earthmint.com"
114.119.144.222 - - [23/Sep/2022:07:07:59 -0700] "GET /index_files?C=M%3BO%3DA HTTP/1.1" 301 1425 "https://www.earthmint.com/index_files?C=D%3BO%3DA" "Mozilla/5.0 (Linux; Android 7.0;) AppleWebKit/537.36 (KHTML, like Gecko) Mobile Safari/537.36 (compatible; PetalBot;+https://webmaster.petalsearch.com/site/petalbot)" "www.earthmint.com"
114.119.144.222 - - [23/Sep/2022:07:07:59 -0700] "GET /index_files/?C=M%3BO%3DA HTTP/1.1" 200 314 "https://www.earthmint.com/index_files?C=D%3BO%3DA" "Mozilla/5.0 (Linux; Android 7.0;) AppleWebKit/537.36 (KHTML, like Gecko) Mobile Safari/537.36 (compatible; PetalBot;+https://webmaster.petalsearch.com/site/petalbot)" "www.earthmint.com"
114.119.144.229 - - [23/Sep/2022:07:13:12 -0700] "GET /images/?C=M%3BO%3DA HTTP/1.1" 200 311 "http://earthmint.com/images" "Mozilla/5.0 (Linux; Android 7.0;) AppleWebKit/537.36 (KHTML, like Gecko) Mobile Safari/537.36 (compatible; PetalBot;+https://webmaster.petalsearch.com/site/petalbot)" "earthmint.com"
51.222.253.1 - - [23/Sep/2022:08:12:52 -0700] "GET / HTTP/1.1" 200 379 "-" "Mozilla/5.0 (compatible; AhrefsBot/7.0; +http://ahrefs.com/robot/)" "www.earthmint.com"
114.119.144.229 - - [23/Sep/2022:08:26:18 -0700] "GET /?S=A HTTP/1.1" 200 379 "https://www.earthmint.com/" "Mozilla/5.0 (Linux; Android 7.0;) AppleWebKit/537.36 (KHTML, like Gecko) Mobile Safari/537.36 (compatible; PetalBot;+https://webmaster.petalsearch.com/site/petalbot)" "www.earthmint.com"
51.222.253.1 - - [23/Sep/2022:08:40:29 -0700] "GET / HTTP/1.1" 200 379 "-" "Mozilla/5.0 (compatible; AhrefsBot/7.0; +http://ahrefs.com/robot/)" "earthmint.com"
51.15.183.168 - - [23/Sep/2022:08:40:49 -0700] "GET /editor/editor/filemanager/browser/default/connectors/php/connector.php?Command=GetFoldersAndFiles&Type=File&CurrentFolder=%2F HTTP/1.1" 404 73 "-" "Mozilla/5.0 (Windows NT 6.3; Win64; x64) AppleWebKit/537.36 (KHTML, like Gecko) Chrome/75.0.3770.100 Safari/537.36" "earthmint.com"
114.119.144.209 - - [23/Sep/2022:10:18:47 -0700] "GET /tmp HTTP/1.1" 403 170 "https://www.earthmint.com/" "Mozilla/5.0 (Linux; Android 7.0;) AppleWebKit/537.36 (KHTML, like Gecko) Mobile Safari/537.36 (compatible; PetalBot;+https://webmaster.petalsearch.com/site/petalbot)" "www.earthmint.com"
65.108.222.98 - - [23/Sep/2022:10:41:56 -0700] "GET /wp-includes/shell20211028.php HTTP/1.1" 404 88 "www.google.com" "Mozlila/5.0 (Linux; Android 7.0; SM-G892A Bulid/NRD90M; wv) AppleWebKit/537.36 (KHTML, like Gecko) Version/4.0 Chrome/60.0.3112.107 Moblie Safari/537.36" "earthmint.com"
65.108.222.98 - - [23/Sep/2022:10:41:57 -0700] "GET /wp-includes/shell20211028.php HTTP/1.1" 404 88 "www.google.com" "Mozlila/5.0 (Linux; Android 7.0; SM-G892A Bulid/NRD90M; wv) AppleWebKit/537.36 (KHTML, like Gecko) Version/4.0 Chrome/60.0.3112.107 Moblie Safari/537.36" "earthmint.com"
65.108.222.98 - - [23/Sep/2022:10:42:17 -0700] "GET /shell4.php HTTP/1.1" 404 88 "www.google.com" "Mozlila/5.0 (Linux; Android 7.0; SM-G892A Bulid/NRD90M; wv) AppleWebKit/537.36 (KHTML, like Gecko) Version/4.0 Chrome/60.0.3112.107 Moblie Safari/537.36" "earthmint.com"
65.108.222.98 - - [23/Sep/2022:10:42:18 -0700] "GET /shell4.php HTTP/1.1" 404 88 "www.google.com" "Mozlila/5.0 (Linux; Android 7.0; SM-G892A Bulid/NRD90M; wv) AppleWebKit/537.36 (KHTML, like Gecko) Version/4.0 Chrome/60.0.3112.107 Moblie Safari/537.36" "earthmint.com"
65.108.222.98 - - [23/Sep/2022:10:42:19 -0700] "GET /ru.php HTTP/1.1" 404 88 "www.google.com" "Mozlila/5.0 (Linux; Android 7.0; SM-G892A Bulid/NRD90M; wv) AppleWebKit/537.36 (KHTML, like Gecko) Version/4.0 Chrome/60.0.3112.107 Moblie Safari/537.36" "earthmint.com"
65.108.222.98 - - [23/Sep/2022:10:42:19 -0700] "GET /ru.php HTTP/1.1" 404 88 "www.google.com" "Mozlila/5.0 (Linux; Android 7.0; SM-G892A Bulid/NRD90M; wv) AppleWebKit/537.36 (KHTML, like Gecko) Version/4.0 Chrome/60.0.3112.107 Moblie Safari/537.36" "earthmint.com"
65.108.222.98 - - [23/Sep/2022:10:42:20 -0700] "GET /saudi.php HTTP/1.1" 404 88 "www.google.com" "Mozlila/5.0 (Linux; Android 7.0; SM-G892A Bulid/NRD90M; wv) AppleWebKit/537.36 (KHTML, like Gecko) Version/4.0 Chrome/60.0.3112.107 Moblie Safari/537.36" "earthmint.com"
65.108.222.98 - - [23/Sep/2022:10:42:21 -0700] "GET /saudi.php HTTP/1.1" 404 88 "www.google.com" "Mozlila/5.0 (Linux; Android 7.0; SM-G892A Bulid/NRD90M; wv) AppleWebKit/537.36 (KHTML, like Gecko) Version/4.0 Chrome/60.0.3112.107 Moblie Safari/537.36" "earthmint.com"
51.222.253.11 - - [23/Sep/2022:11:55:22 -0700] "GET / HTTP/1.1" 200 379 "-" "Mozilla/5.0 (compatible; AhrefsBot/7.0; +http://ahrefs.com/robot/)" "earthmint.com"
46.161.27.155 - - [23/Sep/2022:12:40:10 -0700] "GET /wp-login.php HTTP/1.1" 404 88 "-" "Mozilla/5.0 (Windows NT 10.0; Win64; x64) AppleWebKit/537.36 (KHTML, like Gecko) Chrome/64.0.3282.140 Safari/537.36 Edge/18.17763" "earthmint.com"
124.220.171.131 - - [23/Sep/2022:13:06:16 -0700] "GET / HTTP/1.1" 200 379 "-" "Mozilla/5.0 (Linux; Android 6.0; Nexus 5 Build/MRA58N) AppleWebKit/537.36 (KHTML, like Gecko) Chrome/81.0.4044.138 Mobile Safari/537.36" "earthmint.com"
114.119.146.141 - - [23/Sep/2022:13:06:18 -0700] "GET /robots.txt HTTP/1.1" 404 88 "-" "Mozilla/5.0 (compatible;PetalBot;+https://webmaster.petalsearch.com/site/petalbot)" "earthmint.com"
207.46.13.205 - - [23/Sep/2022:13:26:29 -0700] "GET / HTTP/1.1" 200 379 "-" "Mozilla/5.0 (compatible; bingbot/2.0; +http://www.bing.com/bingbot.htm)" "earthmint.com"
114.119.144.229 - - [23/Sep/2022:13:37:45 -0700] "GET /index_files HTTP/1.1" 301 1412 "https://www.earthmint.com/?D=A" "Mozilla/5.0 (Linux; Android 7.0;) AppleWebKit/537.36 (KHTML, like Gecko) Mobile Safari/537.36 (compatible; PetalBot;+https://webmaster.petalsearch.com/site/petalbot)" "www.earthmint.com"
114.119.144.229 - - [23/Sep/2022:13:37:47 -0700] "GET /index_files/ HTTP/1.1" 200 314 "https://www.earthmint.com/?D=A" "Mozilla/5.0 (Linux; Android 7.0;) AppleWebKit/537.36 (KHTML, like Gecko) Mobile Safari/537.36 (compatible; PetalBot;+https://webmaster.petalsearch.com/site/petalbot)" "www.earthmint.com"
17.121.115.31 - - [23/Sep/2022:14:31:52 -0700] "GET /robots.txt HTTP/1.1" 404 88 "-" "Mozilla/5.0 (Macintosh; Intel Mac OS X 10_15_5) AppleWebKit/605.1.15 (KHTML, like Gecko) Version/13.1.1 Safari/605.1.15 (Applebot/0.1; +http://www.apple.com/go/applebot)" "www.earthmint.com"
17.121.115.31 - - [23/Sep/2022:14:31:52 -0700] "GET / HTTP/1.1" 200 379 "-" "Mozilla/5.0 (Macintosh; Intel Mac OS X 10_15_5) AppleWebKit/605.1.15 (KHTML, like Gecko) Version/13.1.1 Safari/605.1.15 (Applebot/0.1; +http://www.apple.com/go/applebot)" "www.earthmint.com"
194.38.20.161 - - [23/Sep/2022:14:50:08 -0700] "GET /wp-content/themes/qualifire/style.css HTTP/1.1" 404 73 "-" "ALittle Client" "earthmint.com"
114.119.144.222 - - [23/Sep/2022:14:53:09 -0700] "GET /images?N=D HTTP/1.1" 301 1414 "https://www.earthmint.com/images" "Mozilla/5.0 (Linux; Android 7.0;) AppleWebKit/537.36 (KHTML, like Gecko) Mobile Safari/537.36 (compatible; PetalBot;+https://webmaster.petalsearch.com/site/petalbot)" "www.earthmint.com"
114.119.144.222 - - [23/Sep/2022:14:53:10 -0700] "GET /images/?N=D HTTP/1.1" 200 311 "https://www.earthmint.com/images" "Mozilla/5.0 (Linux; Android 7.0;) AppleWebKit/537.36 (KHTML, like Gecko) Mobile Safari/537.36 (compatible; PetalBot;+https://webmaster.petalsearch.com/site/petalbot)" "www.earthmint.com"
114.119.144.229 - - [23/Sep/2022:15:06:17 -0700] "GET /images/?C=M%3BO%3DA HTTP/1.1" 200 311 "https://www.earthmint.com/images?S=A" "Mozilla/5.0 (Linux; Android 7.0;) AppleWebKit/537.36 (KHTML, like Gecko) Mobile Safari/537.36 (compatible; PetalBot;+https://webmaster.petalsearch.com/site/petalbot)" "www.earthmint.com"
114.119.144.229 - - [23/Sep/2022:15:21:47 -0700] "GET /index_files?D=A HTTP/1.1" 301 1414 "http://earthmint.com/index_files?M=A" "Mozilla/5.0 (Linux; Android 7.0;) AppleWebKit/537.36 (KHTML, like Gecko) Mobile Safari/537.36 (compatible; PetalBot;+https://webmaster.petalsearch.com/site/petalbot)" "earthmint.com"
114.119.144.229 - - [23/Sep/2022:15:21:49 -0700] "GET /index_files/?D=A HTTP/1.1" 200 314 "http://earthmint.com/index_files?M=A" "Mozilla/5.0 (Linux; Android 7.0;) AppleWebKit/537.36 (KHTML, like Gecko) Mobile Safari/537.36 (compatible; PetalBot;+https://webmaster.petalsearch.com/site/petalbot)" "earthmint.com"
114.119.144.23 - - [23/Sep/2022:16:01:01 -0700] "GET /?C=D%3BO%3DA HTTP/1.1" 200 379 "https://earthmint.com?C=N%3BO%3DD" "Mozilla/5.0 (Linux; Android 7.0;) AppleWebKit/537.36 (KHTML, like Gecko) Mobile Safari/537.36 (compatible; PetalBot;+https://webmaster.petalsearch.com/site/petalbot)" "earthmint.com"
51.222.253.13 - - [23/Sep/2022:16:25:48 -0700] "GET /robots.txt HTTP/1.1" 404 88 "-" "Mozilla/5.0 (compatible; AhrefsBot/7.0; +http://ahrefs.com/robot/)" "www.earthmint.com"
136.243.220.211 - - [23/Sep/2022:16:26:32 -0700] "GET / HTTP/1.1" 200 379 "-" "Mozilla/5.0 (compatible; DataForSeoBot/1.0; +https://dataforseo.com/dataforseo-bot)" "www.earthmint.com"
193.235.141.168 - - [23/Sep/2022:16:33:03 -0700] "GET / HTTP/1.1" 200 379 "-" "Mozilla/5.0 (Windows NT 10.0; Win64; x64) AppleWebKit/537.36 (KHTML, like Gecko) Chrome/105.0.0.0 Safari/537.36" "earthmint.com"
193.235.141.168 - - [23/Sep/2022:16:33:04 -0700] "GET /favicon.ico HTTP/1.1" 404 88 "-" "Mozilla/5.0 (Windows NT 10.0; Win64; x64) AppleWebKit/537.36 (KHTML, like Gecko) Chrome/105.0.0.0 Safari/537.36" "earthmint.com"
114.119.155.149 - - [23/Sep/2022:16:59:51 -0700] "GET /robots.txt HTTP/1.1" 404 88 "-" "Mozilla/5.0 (compatible;PetalBot;+https://webmaster.petalsearch.com/site/petalbot)" "www.earthmint.com"
157.55.39.86 - - [23/Sep/2022:17:11:29 -0700] "GET /robots.txt HTTP/1.1" 404 88 "-" "Mozilla/5.0 (compatible; bingbot/2.0; +http://www.bing.com/bingbot.htm)" "www.earthmint.com"
207.46.13.205 - - [23/Sep/2022:17:11:41 -0700] "GET / HTTP/1.1" 200 379 "-" "Mozilla/5.0 (compatible; bingbot/2.0; +http://www.bing.com/bingbot.htm)" "www.earthmint.com"
207.46.13.209 - - [23/Sep/2022:17:27:25 -0700] "GET /_private HTTP/1.1" 301 1406 "-" "Mozilla/5.0 (compatible; bingbot/2.0; +http://www.bing.com/bingbot.htm)" "earthmint.com"
207.46.13.209 - - [23/Sep/2022:17:27:26 -0700] "GET /_private/ HTTP/1.1" 403 170 "-" "Mozilla/5.0 AppleWebKit/537.36 (KHTML, like Gecko; compatible; bingbot/2.0; +http://www.bing.com/bingbot.htm) Chrome/103.0.5060.134 Safari/537.36" "earthmint.com"
207.46.13.209 - - [23/Sep/2022:17:39:15 -0700] "GET / HTTP/1.1" 200 379 "-" "Mozilla/5.0 (compatible; bingbot/2.0; +http://www.bing.com/bingbot.htm)" "www.earthmint.com"
51.222.253.11 - - [23/Sep/2022:17:56:13 -0700] "GET / HTTP/1.1" 200 379 "-" "Mozilla/5.0 (compatible; AhrefsBot/7.0; +http://ahrefs.com/robot/)" "www.earthmint.com"
58.250.125.102 - - [23/Sep/2022:18:08:38 -0700] "GET / HTTP/1.1" 200 379 "-" "Sogou web spider/4.0(+http://www.sogou.com/docs/help/webmasters.htm#07)" "earthmint.com"
49.7.20.128 - - [23/Sep/2022:18:50:10 -0700] "GET / HTTP/1.1" 200 379 "-" "Sogou web spider/4.0(+http://www.sogou.com/docs/help/webmasters.htm#07)" "earthmint.com"
51.222.253.3 - - [23/Sep/2022:19:08:03 -0700] "GET /robots.txt HTTP/1.1" 404 88 "-" "Mozilla/5.0 (compatible; AhrefsBot/7.0; +http://ahrefs.com/robot/)" "earthmint.com"
51.222.253.11 - - [23/Sep/2022:19:08:05 -0700] "GET / HTTP/1.1" 200 379 "-" "Mozilla/5.0 (compatible; AhrefsBot/7.0; +http://ahrefs.com/robot/)" "earthmint.com"
118.184.177.46 - - [23/Sep/2022:19:15:11 -0700] "GET / HTTP/1.1" 200 379 "-" "Sogou web spider/4.0(+http://www.sogou.com/docs/help/webmasters.htm#07)" "www.earthmint.com"
207.46.13.209 - - [23/Sep/2022:20:14:50 -0700] "GET / HTTP/1.1" 200 379 "-" "Mozilla/5.0 (compatible; bingbot/2.0; +http://www.bing.com/bingbot.htm)" "earthmint.com"
51.222.253.8 - - [23/Sep/2022:20:42:18 -0700] "GET / HTTP/1.1" 200 379 "-" "Mozilla/5.0 (compatible; AhrefsBot/7.0; +http://ahrefs.com/robot/)" "earthmint.com"
162.55.85.227 - - [23/Sep/2022:20:44:11 -0700] "GET /robots.txt HTTP/1.1" 404 88 "-" "Mozilla/5.0 (compatible; BLEXBot/1.0; +http://webmeup-crawler.com/)" "earthmint.com"
162.55.85.227 - - [23/Sep/2022:20:44:12 -0700] "GET /sitemap HTTP/1.1" 404 88 "-" "Mozilla/5.0 (compatible; BLEXBot/1.0; +http://webmeup-crawler.com/)" "earthmint.com"
162.55.85.227 - - [23/Sep/2022:20:44:18 -0700] "GET /sitemap.txt HTTP/1.1" 404 88 "-" "Mozilla/5.0 (compatible; BLEXBot/1.0; +http://webmeup-crawler.com/)" "earthmint.com"
123.125.109.128 - - [23/Sep/2022:20:46:29 -0700] "GET / HTTP/1.1" 200 379 "-" "Sogou web spider/4.0(+http://www.sogou.com/docs/help/webmasters.htm#07)" "earthmint.com"
114.119.157.57 - - [23/Sep/2022:20:56:27 -0700] "GET /?C=D%3BO%3DA HTTP/1.1" 200 379 "https://www.earthmint.com?C=M%3BO%3DA" "Mozilla/5.0 (Linux; Android 7.0;) AppleWebKit/537.36 (KHTML, like Gecko) Mobile Safari/537.36 (compatible; PetalBot;+https://webmaster.petalsearch.com/site/petalbot)" "www.earthmint.com"
114.119.144.23 - - [23/Sep/2022:21:34:11 -0700] "GET /index_files?S=A HTTP/1.1" 301 1419 "https://www.earthmint.com/index_files?M=D" "Mozilla/5.0 (Linux; Android 7.0;) AppleWebKit/537.36 (KHTML, like Gecko) Mobile Safari/537.36 (compatible; PetalBot;+https://webmaster.petalsearch.com/site/petalbot)" "www.earthmint.com"
114.119.144.23 - - [23/Sep/2022:21:34:11 -0700] "GET /index_files/?S=A HTTP/1.1" 200 314 "https://www.earthmint.com/index_files?M=D" "Mozilla/5.0 (Linux; Android 7.0;) AppleWebKit/537.36 (KHTML, like Gecko) Mobile Safari/537.36 (compatible; PetalBot;+https://webmaster.petalsearch.com/site/petalbot)" "www.earthmint.com"
114.119.144.226 - - [23/Sep/2022:22:42:10 -0700] "GET /images/ HTTP/1.1" 200 311 "https://www.earthmint.com/?S=A" "Mozilla/5.0 (Linux; Android 7.0;) AppleWebKit/537.36 (KHTML, like Gecko) Mobile Safari/537.36 (compatible; PetalBot;+https://webmaster.petalsearch.com/site/petalbot)" "www.earthmint.com"
207.46.13.205 - - [23/Sep/2022:22:58:44 -0700] "GET / HTTP/1.1" 200 379 "-" "Mozilla/5.0 (compatible; bingbot/2.0; +http://www.bing.com/bingbot.htm)" "earthmint.com"
114.119.144.222 - - [23/Sep/2022:23:29:14 -0700] "GET /index_files/ HTTP/1.1" 200 314 "https://earthmint.com?C=S%3BO%3DA" "Mozilla/5.0 (Linux; Android 7.0;) AppleWebKit/537.36 (KHTML, like Gecko) Mobile Safari/537.36 (compatible; PetalBot;+https://webmaster.petalsearch.com/site/petalbot)" "earthmint.com"
114.119.144.226 - - [23/Sep/2022:23:38:29 -0700] "GET /?D=A HTTP/1.1" 200 379 "https://www.earthmint.com/" "Mozilla/5.0 (Linux; Android 7.0;) AppleWebKit/537.36 (KHTML, like Gecko) Mobile Safari/537.36 (compatible; PetalBot;+https://webmaster.petalsearch.com/site/petalbot)" "www.earthmint.com"
207.46.13.209 - - [24/Sep/2022:01:07:10 -0700] "GET /_private HTTP/1.1" 301 1406 "-" "Mozilla/5.0 (compatible; bingbot/2.0; +http://www.bing.com/bingbot.htm)" "earthmint.com"
207.46.13.209 - - [24/Sep/2022:01:07:11 -0700] "GET /_private/ HTTP/1.1" 403 170 "-" "Mozilla/5.0 (compatible; bingbot/2.0; +http://www.bing.com/bingbot.htm)" "earthmint.com"
61.135.159.193 - - [24/Sep/2022:01:26:32 -0700] "GET / HTTP/1.1" 200 379 "-" "Sogou web spider/4.0(+http://www.sogou.com/docs/help/webmasters.htm#07)" "earthmint.com"
114.119.150.5 - - [24/Sep/2022:02:25:52 -0700] "GET /robots.txt HTTP/1.1" 404 88 "-" "Mozilla/5.0 (compatible;PetalBot;+https://webmaster.petalsearch.com/site/petalbot)" "earthmint.com"
49.7.20.125 - - [24/Sep/2022:02:37:21 -0700] "GET / HTTP/1.1" 200 379 "-" "Sogou web spider/4.0(+http://www.sogou.com/docs/help/webmasters.htm#07)" "www.earthmint.com"
114.119.139.42 - - [24/Sep/2022:02:40:10 -0700] "GET /robots.txt HTTP/1.1" 404 88 "-" "Mozilla/5.0 (compatible;PetalBot;+https://webmaster.petalsearch.com/site/petalbot)" "www.earthmint.com"
51.222.253.20 - - [24/Sep/2022:02:42:53 -0700] "GET / HTTP/1.1" 200 379 "-" "Mozilla/5.0 (compatible; AhrefsBot/7.0; +http://ahrefs.com/robot/)" "www.earthmint.com"
114.119.129.36 - - [24/Sep/2022:02:47:12 -0700] "GET /index_files/?C=D%3BO%3DA HTTP/1.1" 200 314 "http://www.earthmint.com/index_files?C=M%3BO%3DA" "Mozilla/5.0 (Linux; Android 7.0;) AppleWebKit/537.36 (KHTML, like Gecko) Mobile Safari/537.36 (compatible; PetalBot;+https://webmaster.petalsearch.com/site/petalbot)" "www.earthmint.com"
114.119.144.226 - - [24/Sep/2022:02:52:39 -0700] "GET /?C=M%3BO%3DA HTTP/1.1" 200 379 "https://earthmint.com?C=S%3BO%3DA" "Mozilla/5.0 (Linux; Android 7.0;) AppleWebKit/537.36 (KHTML, like Gecko) Mobile Safari/537.36 (compatible; PetalBot;+https://webmaster.petalsearch.com/site/petalbot)" "earthmint.com"
66.249.79.208 - - [24/Sep/2022:02:56:55 -0700] "GET /robots.txt HTTP/1.1" 404 88 "-" "Mozilla/5.0 (compatible; Googlebot/2.1; +http://www.google.com/bot.html)" "www.earthmint.com"
114.119.144.226 - - [24/Sep/2022:02:58:08 -0700] "GET /images/?C=D%3BO%3DA HTTP/1.1" 200 311 "http://earthmint.com/images/?C=M%3BO%3DA" "Mozilla/5.0 (Linux; Android 7.0;) AppleWebKit/537.36 (KHTML, like Gecko) Mobile Safari/537.36 (compatible; PetalBot;+https://webmaster.petalsearch.com/site/petalbot)" "earthmint.com"
207.46.13.205 - - [24/Sep/2022:03:04:08 -0700] "GET / HTTP/1.1" 200 379 "-" "Mozilla/5.0 (compatible; bingbot/2.0; +http://www.bing.com/bingbot.htm)" "www.earthmint.com"
51.222.253.2 - - [24/Sep/2022:03:04:13 -0700] "GET /robots.txt HTTP/1.1" 404 88 "-" "Mozilla/5.0 (compatible; AhrefsBot/7.0; +http://ahrefs.com/robot/)" "www.earthmint.com"
51.222.253.19 - - [24/Sep/2022:03:04:14 -0700] "GET / HTTP/1.1" 200 379 "-" "Mozilla/5.0 (compatible; AhrefsBot/7.0; +http://ahrefs.com/robot/)" "www.earthmint.com"
207.46.13.209 - - [24/Sep/2022:03:31:31 -0700] "GET / HTTP/1.1" 200 379 "-" "Mozilla/5.0 (compatible; bingbot/2.0; +http://www.bing.com/bingbot.htm)" "www.earthmint.com"
51.222.253.1 - - [24/Sep/2022:04:20:23 -0700] "GET / HTTP/1.1" 200 379 "-" "Mozilla/5.0 (compatible; AhrefsBot/7.0; +http://ahrefs.com/robot/)" "earthmint.com"
54.36.148.212 - - [24/Sep/2022:05:00:53 -0700] "GET /robots.txt HTTP/1.1" 404 88 "-" "Mozilla/5.0 (compatible; AhrefsBot/7.0; +http://ahrefs.com/robot/)" "www.earthmint.com"
51.222.253.18 - - [24/Sep/2022:05:06:08 -0700] "GET / HTTP/1.1" 200 379 "-" "Mozilla/5.0 (compatible; AhrefsBot/7.0; +http://ahrefs.com/robot/)" "earthmint.com"
114.119.129.244 - - [24/Sep/2022:05:13:00 -0700] "GET /robots.txt HTTP/1.1" 404 88 "-" "Mozilla/5.0 (compatible;PetalBot;+https://webmaster.petalsearch.com/site/petalbot)" "www.earthmint.com"
54.218.36.175 - - [24/Sep/2022:05:34:03 -0700] "GET / HTTP/1.1" 200 379 "-" "Mozilla/5.0 (X11; Linux x86_64) AppleWebKit/537.36 (KHTML, like Gecko) Chrome/83.0.4103.97 Safari/537.36" "earthmint.com"
17.121.114.245 - - [24/Sep/2022:05:34:14 -0700] "GET /_private/ HTTP/1.1" 403 170 "-" "Mozilla/5.0 (Macintosh; Intel Mac OS X 10_15_5) AppleWebKit/605.1.15 (KHTML, like Gecko) Version/13.1.1 Safari/605.1.15 (Applebot/0.1; +http://www.apple.com/go/applebot)" "www.earthmint.com"
52.11.2.187 - - [24/Sep/2022:05:34:29 -0700] "GET /favicon.ico HTTP/1.1" 404 88 "-" "Mozilla/5.0 (X11; Linux x86_64) AppleWebKit/537.36 (KHTML, like Gecko) Chrome/83.0.4103.97 Safari/537.36" "earthmint.com"
52.11.2.187 - - [24/Sep/2022:05:34:31 -0700] "GET / HTTP/1.1" 200 379 "-" "Mozilla/5.0 (X11; Linux x86_64) AppleWebKit/537.36 (KHTML, like Gecko) Chrome/83.0.4103.97 Safari/537.36" "earthmint.com"
207.46.13.209 - - [24/Sep/2022:06:06:46 -0700] "GET / HTTP/1.1" 200 379 "-" "Mozilla/5.0 AppleWebKit/537.36 (KHTML, like Gecko; compatible; bingbot/2.0; +http://www.bing.com/bingbot.htm) Chrome/103.0.5060.134 Safari/537.36" "earthmint.com"
118.184.177.87 - - [24/Sep/2022:06:07:19 -0700] "GET / HTTP/1.1" 200 379 "-" "Sogou web spider/4.0(+http://www.sogou.com/docs/help/webmasters.htm#07)" "earthmint.com"
123.125.109.128 - - [24/Sep/2022:06:35:55 -0700] "GET / HTTP/1.1" 200 379 "-" "Sogou web spider/4.0(+http://www.sogou.com/docs/help/webmasters.htm#07)" "www.earthmint.com"
114.119.144.226 - - [24/Sep/2022:08:40:18 -0700] "GET /images?C=D%3BO%3DA HTTP/1.1" 301 1422 "http://earthmint.com/images?S=D" "Mozilla/5.0 (Linux; Android 7.0;) AppleWebKit/537.36 (KHTML, like Gecko) Mobile Safari/537.36 (compatible; PetalBot;+https://webmaster.petalsearch.com/site/petalbot)" "earthmint.com"
114.119.144.226 - - [24/Sep/2022:08:40:19 -0700] "GET /images/?C=D%3BO%3DA HTTP/1.1" 200 311 "http://earthmint.com/images?S=D" "Mozilla/5.0 (Linux; Android 7.0;) AppleWebKit/537.36 (KHTML, like Gecko) Mobile Safari/537.36 (compatible; PetalBot;+https://webmaster.petalsearch.com/site/petalbot)" "earthmint.com"
34.134.113.68 - - [24/Sep/2022:10:13:03 -0700] "GET / HTTP/1.1" 200 379 "-" "Mozilla/5.0 (X11; Linux x86_64) AppleWebKit/537.36 (KHTML, like Gecko) Chrome/108.0.0.0 Safari/537.36" "earthmint.com"
34.134.113.68 - - [24/Sep/2022:10:13:04 -0700] "GET /favicon.ico HTTP/1.1" 404 88 "http://earthmint.com/" "Mozilla/5.0 (X11; Linux x86_64) AppleWebKit/537.36 (KHTML, like Gecko) Chrome/108.0.0.0 Safari/537.36" "earthmint.com"
34.73.44.62 - - [24/Sep/2022:10:23:42 -0700] "GET /robots.txt HTTP/1.1" 404 88 "-" "ZoominfoBot (zoominfobot at zoominfo dot com)" "earthmint.com"
34.73.44.62 - - [24/Sep/2022:10:23:43 -0700] "GET / HTTP/1.1" 200 379 "-" "ZoominfoBot (zoominfobot at zoominfo dot com)" "earthmint.com"
54.37.0.218 - - [24/Sep/2022:10:49:24 -0700] "GET /robots.txt HTTP/1.1" 404 73 "-" "Mozilla/5.0 (compatible; SeekportBot; +https://bot.seekport.com)" "earthmint.com"
54.37.0.218 - - [24/Sep/2022:10:49:24 -0700] "GET /robots.txt HTTP/1.1" 404 73 "-" "Mozilla/5.0 (compatible; SeekportBot; +https://bot.seekport.com)" "earthmint.com"
54.37.0.218 - - [24/Sep/2022:10:49:25 -0700] "GET / HTTP/1.1" 200 849 "-" "Mozilla/5.0 (compatible; SeekportBot; +https://bot.seekport.com)" "earthmint.com"
54.37.0.218 - - [24/Sep/2022:10:49:26 -0700] "GET /?C=N;O=D HTTP/1.1" 200 849 "http://earthmint.com/" "Mozilla/5.0 (compatible; SeekportBot; +https://bot.seekport.com)" "earthmint.com"
54.37.0.218 - - [24/Sep/2022:10:49:26 -0700] "GET /?C=M;O=A HTTP/1.1" 200 849 "http://earthmint.com/" "Mozilla/5.0 (compatible; SeekportBot; +https://bot.seekport.com)" "earthmint.com"
54.37.0.218 - - [24/Sep/2022:10:49:26 -0700] "GET /?C=S;O=A HTTP/1.1" 200 849 "http://earthmint.com/" "Mozilla/5.0 (compatible; SeekportBot; +https://bot.seekport.com)" "earthmint.com"
54.37.0.218 - - [24/Sep/2022:10:49:26 -0700] "GET /?C=D;O=A HTTP/1.1" 200 849 "http://earthmint.com/" "Mozilla/5.0 (compatible; SeekportBot; +https://bot.seekport.com)" "earthmint.com"
54.37.0.218 - - [24/Sep/2022:10:49:27 -0700] "GET /_private/ HTTP/1.1" 403 239 "http://earthmint.com/" "Mozilla/5.0 (compatible; SeekportBot; +https://bot.seekport.com)" "earthmint.com"
54.37.0.218 - - [24/Sep/2022:10:49:27 -0700] "GET /images/ HTTP/1.1" 200 550 "http://earthmint.com/" "Mozilla/5.0 (compatible; SeekportBot; +https://bot.seekport.com)" "earthmint.com"
54.37.0.218 - - [24/Sep/2022:10:49:27 -0700] "GET /index_files/ HTTP/1.1" 200 560 "http://earthmint.com/" "Mozilla/5.0 (compatible; SeekportBot; +https://bot.seekport.com)" "earthmint.com"
54.37.0.218 - - [24/Sep/2022:10:49:27 -0700] "GET /?C=N;O=A HTTP/1.1" 200 849 "http://earthmint.com/?C=N;O=D" "Mozilla/5.0 (compatible; SeekportBot; +https://bot.seekport.com)" "earthmint.com"
54.37.0.218 - - [24/Sep/2022:10:49:28 -0700] "GET /?C=M;O=D HTTP/1.1" 200 849 "http://earthmint.com/?C=M;O=A" "Mozilla/5.0 (compatible; SeekportBot; +https://bot.seekport.com)" "earthmint.com"
54.37.0.218 - - [24/Sep/2022:10:49:28 -0700] "GET /?C=S;O=D HTTP/1.1" 200 849 "http://earthmint.com/?C=S;O=A" "Mozilla/5.0 (compatible; SeekportBot; +https://bot.seekport.com)" "earthmint.com"
54.37.0.218 - - [24/Sep/2022:10:49:28 -0700] "GET /?C=D;O=D HTTP/1.1" 200 849 "http://earthmint.com/?C=D;O=A" "Mozilla/5.0 (compatible; SeekportBot; +https://bot.seekport.com)" "earthmint.com"
54.37.0.218 - - [24/Sep/2022:10:49:28 -0700] "GET /images/?C=N;O=D HTTP/1.1" 200 550 "http://earthmint.com/images/" "Mozilla/5.0 (compatible; SeekportBot; +https://bot.seekport.com)" "earthmint.com"
54.37.0.218 - - [24/Sep/2022:10:49:29 -0700] "GET /images/?C=M;O=A HTTP/1.1" 200 550 "http://earthmint.com/images/" "Mozilla/5.0 (compatible; SeekportBot; +https://bot.seekport.com)" "earthmint.com"
54.37.0.218 - - [24/Sep/2022:10:49:29 -0700] "GET /images/?C=S;O=A HTTP/1.1" 200 550 "http://earthmint.com/images/" "Mozilla/5.0 (compatible; SeekportBot; +https://bot.seekport.com)" "earthmint.com"
54.37.0.218 - - [24/Sep/2022:10:49:29 -0700] "GET /images/?C=D;O=A HTTP/1.1" 200 550 "http://earthmint.com/images/" "Mozilla/5.0 (compatible; SeekportBot; +https://bot.seekport.com)" "earthmint.com"
54.37.0.218 - - [24/Sep/2022:10:49:29 -0700] "GET / HTTP/1.1" 200 849 "http://earthmint.com/images/" "Mozilla/5.0 (compatible; SeekportBot; +https://bot.seekport.com)" "earthmint.com"
54.37.0.218 - - [24/Sep/2022:10:49:30 -0700] "GET /index_files/?C=N;O=D HTTP/1.1" 200 560 "http://earthmint.com/index_files/" "Mozilla/5.0 (compatible; SeekportBot; +https://bot.seekport.com)" "earthmint.com"
54.37.0.218 - - [24/Sep/2022:10:49:30 -0700] "GET /index_files/?C=M;O=A HTTP/1.1" 200 560 "http://earthmint.com/index_files/" "Mozilla/5.0 (compatible; SeekportBot; +https://bot.seekport.com)" "earthmint.com"
54.37.0.218 - - [24/Sep/2022:10:49:30 -0700] "GET /index_files/?C=S;O=A HTTP/1.1" 200 560 "http://earthmint.com/index_files/" "Mozilla/5.0 (compatible; SeekportBot; +https://bot.seekport.com)" "earthmint.com"
54.37.0.218 - - [24/Sep/2022:10:49:31 -0700] "GET /index_files/?C=D;O=A HTTP/1.1" 200 560 "http://earthmint.com/index_files/" "Mozilla/5.0 (compatible; SeekportBot; +https://bot.seekport.com)" "earthmint.com"
54.37.0.218 - - [24/Sep/2022:10:49:31 -0700] "GET /images/?C=N;O=A HTTP/1.1" 200 550 "http://earthmint.com/images/?C=N;O=D" "Mozilla/5.0 (compatible; SeekportBot; +https://bot.seekport.com)" "earthmint.com"
54.37.0.218 - - [24/Sep/2022:10:49:31 -0700] "GET /images/?C=M;O=D HTTP/1.1" 200 550 "http://earthmint.com/images/?C=M;O=A" "Mozilla/5.0 (compatible; SeekportBot; +https://bot.seekport.com)" "earthmint.com"
54.37.0.218 - - [24/Sep/2022:10:49:31 -0700] "GET /images/?C=S;O=D HTTP/1.1" 200 550 "http://earthmint.com/images/?C=S;O=A" "Mozilla/5.0 (compatible; SeekportBot; +https://bot.seekport.com)" "earthmint.com"
54.37.0.218 - - [24/Sep/2022:10:49:32 -0700] "GET /images/?C=D;O=D HTTP/1.1" 200 550 "http://earthmint.com/images/?C=D;O=A" "Mozilla/5.0 (compatible; SeekportBot; +https://bot.seekport.com)" "earthmint.com"
54.37.0.218 - - [24/Sep/2022:10:49:32 -0700] "GET /index_files/?C=N;O=A HTTP/1.1" 200 560 "http://earthmint.com/index_files/?C=N;O=D" "Mozilla/5.0 (compatible; SeekportBot; +https://bot.seekport.com)" "earthmint.com"
54.37.0.218 - - [24/Sep/2022:10:49:32 -0700] "GET /index_files/?C=M;O=D HTTP/1.1" 200 560 "http://earthmint.com/index_files/?C=M;O=A" "Mozilla/5.0 (compatible; SeekportBot; +https://bot.seekport.com)" "earthmint.com"
54.37.0.218 - - [24/Sep/2022:10:49:32 -0700] "GET /index_files/?C=S;O=D HTTP/1.1" 200 560 "http://earthmint.com/index_files/?C=S;O=A" "Mozilla/5.0 (compatible; SeekportBot; +https://bot.seekport.com)" "earthmint.com"
54.37.0.218 - - [24/Sep/2022:10:49:33 -0700] "GET /index_files/?C=D;O=D HTTP/1.1" 200 560 "http://earthmint.com/index_files/?C=D;O=A" "Mozilla/5.0 (compatible; SeekportBot; +https://bot.seekport.com)" "earthmint.com"
51.222.253.15 - - [24/Sep/2022:11:00:12 -0700] "GET / HTTP/1.1" 200 379 "-" "Mozilla/5.0 (compatible; AhrefsBot/7.0; +http://ahrefs.com/robot/)" "www.earthmint.com"
114.119.144.23 - - [24/Sep/2022:11:55:40 -0700] "GET /?C=S%3BO%3DA HTTP/1.1" 200 379 "https://earthmint.com?C=S%3BO%3DA" "Mozilla/5.0 (Linux; Android 7.0;) AppleWebKit/537.36 (KHTML, like Gecko) Mobile Safari/537.36 (compatible; PetalBot;+https://webmaster.petalsearch.com/site/petalbot)" "earthmint.com"
5.94.11.177 - - [24/Sep/2022:13:13:50 -0700] "GET / HTTP/1.1" 200 379 "-" "Mozilla/5.0 (Windows NT 10.0; Win64; x64; rv:60.0) Gecko/20100101 Firefox/60.0" "www.earthmint.com"
114.119.130.151 - - [24/Sep/2022:13:39:59 -0700] "GET /robots.txt HTTP/1.1" 404 88 "-" "Mozilla/5.0 (compatible;PetalBot;+https://webmaster.petalsearch.com/site/petalbot)" "earthmint.com"
54.36.149.23 - - [24/Sep/2022:13:44:22 -0700] "GET /robots.txt HTTP/1.1" 404 88 "-" "Mozilla/5.0 (compatible; AhrefsBot/7.0; +http://ahrefs.com/robot/)" "earthmint.com"
51.222.253.13 - - [24/Sep/2022:13:44:23 -0700] "GET / HTTP/1.1" 200 379 "-" "Mozilla/5.0 (compatible; AhrefsBot/7.0; +http://ahrefs.com/robot/)" "earthmint.com"
51.222.253.8 - - [24/Sep/2022:14:17:30 -0700] "GET /robots.txt HTTP/1.1" 404 88 "-" "Mozilla/5.0 (compatible; AhrefsBot/7.0; +http://ahrefs.com/robot/)" "earthmint.com"
51.222.253.7 - - [24/Sep/2022:14:17:30 -0700] "GET / HTTP/1.1" 200 379 "-" "Mozilla/5.0 (compatible; AhrefsBot/7.0; +http://ahrefs.com/robot/)" "earthmint.com"
181.215.178.225 - - [24/Sep/2022:14:26:03 -0700] "HEAD /adminer.php HTTP/1.1" 404 - "-" "curl/7.58.0" "earthmint.com"
181.215.178.225 - - [24/Sep/2022:14:26:04 -0700] "GET /adminer.php HTTP/1.1" 404 73 "-" "curl/7.58.0" "earthmint.com"
51.15.183.168 - - [24/Sep/2022:15:55:17 -0700] "GET /js/fckeditor/editor/filemanager/browser/default/connectors/php/connector.php?Command=GetFoldersAndFiles&Type=File&CurrentFolder=%2F HTTP/1.1" 404 73 "-" "Mozilla/5.0 (Windows NT 6.3; Win64; x64) AppleWebKit/537.36 (KHTML, like Gecko) Chrome/75.0.3770.100 Safari/537.36" "earthmint.com"
5.94.11.177 - - [24/Sep/2022:15:59:58 -0700] "GET /?C=N;O=D HTTP/1.1" 200 378 "-" "Mozilla/5.0 (Windows NT 10.0; Win64; x64; rv:60.0) Gecko/20100101 Firefox/60.0" "www.earthmint.com"
207.46.13.209 - - [24/Sep/2022:16:23:55 -0700] "GET / HTTP/1.1" 200 379 "-" "Mozilla/5.0 (compatible; bingbot/2.0; +http://www.bing.com/bingbot.htm)" "www.earthmint.com"
114.119.144.222 - - [24/Sep/2022:17:11:33 -0700] "GET /?N=D HTTP/1.1" 200 379 "https://www.earthmint.com/" "Mozilla/5.0 (Linux; Android 7.0;) AppleWebKit/537.36 (KHTML, like Gecko) Mobile Safari/537.36 (compatible; PetalBot;+https://webmaster.petalsearch.com/site/petalbot)" "www.earthmint.com"
61.135.159.195 - - [24/Sep/2022:18:06:51 -0700] "GET / HTTP/1.1" 200 379 "-" "Sogou web spider/4.0(+http://www.sogou.com/docs/help/webmasters.htm#07)" "earthmint.com"
114.119.144.222 - - [24/Sep/2022:18:33:52 -0700] "GET /images/?C=S%3BO%3DA HTTP/1.1" 200 311 "https://www.earthmint.com/images/" "Mozilla/5.0 (Linux; Android 7.0;) AppleWebKit/537.36 (KHTML, like Gecko) Mobile Safari/537.36 (compatible; PetalBot;+https://webmaster.petalsearch.com/site/petalbot)" "www.earthmint.com"
185.196.52.37 - - [24/Sep/2022:18:36:07 -0700] "GET / HTTP/1.1" 200 379 "-" "Mozilla/5.0 (Windows NT 10.0; Win64; x64) AppleWebKit/537.36 (KHTML, like Gecko) Chrome/98.0.4758.102 Safari/537.36" "earthmint.com"
114.119.144.226 - - [24/Sep/2022:19:00:05 -0700] "GET /robots.txt HTTP/1.1" 404 88 "-" "Mozilla/5.0 (Linux; Android 7.0;) AppleWebKit/537.36 (KHTML, like Gecko) Mobile Safari/537.36 (compatible; PetalBot;+https://webmaster.petalsearch.com/site/petalbot)" "www.earthmint.com"
207.46.13.209 - - [24/Sep/2022:19:00:40 -0700] "GET / HTTP/1.1" 200 379 "-" "Mozilla/5.0 (compatible; bingbot/2.0; +http://www.bing.com/bingbot.htm)" "earthmint.com"
114.119.129.198 - - [24/Sep/2022:19:06:21 -0700] "GET /?S=D HTTP/1.1" 200 379 "-" "Mozilla/5.0 (Linux; Android 7.0;) AppleWebKit/537.36 (KHTML, like Gecko) Mobile Safari/537.36 (compatible; PetalBot;+https://webmaster.petalsearch.com/site/petalbot)" "www.earthmint.com"
123.183.224.2 - - [24/Sep/2022:19:09:12 -0700] "GET / HTTP/1.1" 200 379 "-" "Sogou web spider/4.0(+http://www.sogou.com/docs/help/webmasters.htm#07)" "www.earthmint.com"
147.78.47.249 - - [24/Sep/2022:19:21:45 -0700] "GET /public/_ignition/health-check/ HTTP/1.1" 404 88 "-" "Mozilla/5.0 (Windows NT 10.0; Win64; x64) AppleWebKit/537.36 (KHTML, like Gecko) Chrome/105.0.0.0 Safari/537.36" "earthmint.com"
147.78.47.249 - - [24/Sep/2022:19:21:48 -0700] "GET /_ignition/health-check/ HTTP/1.1" 404 88 "-" "Mozilla/5.0 (Windows NT 10.0; Win64; x64) AppleWebKit/537.36 (KHTML, like Gecko) Chrome/105.0.0.0 Safari/537.36" "earthmint.com"
