185.181.60.39 - - [10/Sep/2022:07:00:09 -0700] "GET / HTTP/1.1" 200 379 "-" "Mozilla/5.0 (Windows NT 10.0; Win64; x64) AppleWebKit/537.36 (KHTML, like Gecko) Chrome/91.0.4472.114 Safari/537.36 Edg/91.0.864.54" "earthmint.com"
207.46.13.208 - - [10/Sep/2022:07:27:37 -0700] "GET / HTTP/1.1" 200 379 "-" "Mozilla/5.0 (compatible; bingbot/2.0; +http://www.bing.com/bingbot.htm)" "earthmint.com"
77.75.78.162 - - [10/Sep/2022:07:28:56 -0700] "GET /robots.txt HTTP/1.1" 404 88 "-" "Mozilla/5.0 (compatible; SeznamBot/3.2; +http://napoveda.seznam.cz/en/seznambot-intro/)" "earthmint.com"
77.75.78.162 - - [10/Sep/2022:07:28:57 -0700] "GET / HTTP/1.1" 200 379 "-" "Mozilla/5.0 (compatible; SeznamBot/3.2; +http://napoveda.seznam.cz/en/seznambot-intro/)" "earthmint.com"
193.235.141.171 - - [10/Sep/2022:08:13:21 -0700] "GET / HTTP/1.1" 200 379 "-" "Mozilla/5.0 (Windows NT 10.0; Win64; x64) AppleWebKit/537.36 (KHTML, like Gecko) Chrome/105.0.0.0 Safari/537.36" "earthmint.com"
193.235.141.171 - - [10/Sep/2022:08:13:22 -0700] "GET /favicon.ico HTTP/1.1" 404 88 "-" "Mozilla/5.0 (Windows NT 10.0; Win64; x64) AppleWebKit/537.36 (KHTML, like Gecko) Chrome/105.0.0.0 Safari/537.36" "earthmint.com"
17.121.114.116 - - [10/Sep/2022:09:10:14 -0700] "GET /robots.txt HTTP/1.1" 404 88 "-" "Mozilla/5.0 (Macintosh; Intel Mac OS X 10_15_5) AppleWebKit/605.1.15 (KHTML, like Gecko) Version/13.1.1 Safari/605.1.15 (Applebot/0.1; +http://www.apple.com/go/applebot)" "www.earthmint.com"
17.121.114.116 - - [10/Sep/2022:09:10:14 -0700] "GET / HTTP/1.1" 200 379 "-" "Mozilla/5.0 (Macintosh; Intel Mac OS X 10_15_5) AppleWebKit/605.1.15 (KHTML, like Gecko) Version/13.1.1 Safari/605.1.15 (Applebot/0.1; +http://www.apple.com/go/applebot)" "www.earthmint.com"
216.244.66.203 - - [10/Sep/2022:10:32:21 -0700] "GET /robots.txt HTTP/1.1" 404 73 "-" "Mozilla/5.0 (compatible; DotBot/1.2; +https://opensiteexplorer.org/dotbot; help@moz.com)" "earthmint.com"
114.119.138.127 - - [10/Sep/2022:10:38:49 -0700] "GET /robots.txt HTTP/1.1" 404 88 "-" "Mozilla/5.0 (compatible;PetalBot;+https://webmaster.petalsearch.com/site/petalbot)" "www.earthmint.com"
20.168.23.106 - - [10/Sep/2022:11:29:21 -0700] "POST /ALFA_DATA/alfacgiapi/perl.alfa HTTP/1.1" 404 73 "www.google.com" "Mozlila/5.0 (Linux; Android 7.0; SM-G892A Bulid/NRD90M; wv) AppleWebKit/537.36 (KHTML, like Gecko) Version/4.0 Chrome/60.0.3112.107 Moblie Safari/537.36" "earthmint.com"
20.168.23.106 - - [10/Sep/2022:11:29:21 -0700] "POST /wp-plain.php HTTP/1.1" 404 73 "www.google.com" "Mozilla/5.0 (Linux; Android 7.0; SM-G892A Bulid/NRD90M; wv) AppleWebKit/537.36 (KHTML, like Gecko) Version/4.0 Chrome/60.0.3112.107 Moblie Safari/537.36" "earthmint.com"
20.168.23.106 - - [10/Sep/2022:11:29:21 -0700] "POST /alfacgiapi/perl.alfa HTTP/1.1" 404 73 "www.google.com" "Mozlila/5.0 (Linux; Android 7.0; SM-G892A Bulid/NRD90M; wv) AppleWebKit/537.36 (KHTML, like Gecko) Version/4.0 Chrome/60.0.3112.107 Moblie Safari/537.36" "earthmint.com"
20.168.23.106 - - [10/Sep/2022:11:29:21 -0700] "GET /lzoxtmfq.php?Fox=d3wL7 HTTP/1.1" 404 73 "www.google.com" "Mozilla/5.0 (Linux; Android 7.0; SM-G892A Bulid/NRD90M; wv) AppleWebKit/537.36 (KHTML, like Gecko) Version/4.0 Chrome/60.0.3112.107 Moblie Safari/537.36" "earthmint.com"
20.168.23.106 - - [10/Sep/2022:11:29:21 -0700] "GET / HTTP/1.1" 200 849 "-" "Mozlila/5.0 (Linux; Android 7.0; SM-G892A Bulid/NRD90M; wv) AppleWebKit/537.36 (KHTML, like Gecko) Version/4.0 Chrome/60.0.3112.107 Moblie Safari/537.36" "earthmint.com"
20.168.23.106 - - [10/Sep/2022:11:29:21 -0700] "POST /wp-plain.php HTTP/1.1" 404 73 "www.google.com" "Mozilla/5.0 (Linux; Android 7.0; SM-G892A Bulid/NRD90M; wv) AppleWebKit/537.36 (KHTML, like Gecko) Version/4.0 Chrome/60.0.3112.107 Moblie Safari/537.36" "earthmint.com"
20.168.23.106 - - [10/Sep/2022:11:29:21 -0700] "GET /qzsetwra.php?Fox=d3wL7 HTTP/1.1" 404 73 "www.google.com" "Mozilla/5.0 (Linux; Android 7.0; SM-G892A Bulid/NRD90M; wv) AppleWebKit/537.36 (KHTML, like Gecko) Version/4.0 Chrome/60.0.3112.107 Moblie Safari/537.36" "earthmint.com"
20.0.16.78 - - [10/Sep/2022:12:20:30 -0700] "GET / HTTP/1.1" 200 849 "-" "-" "earthmint.com"
20.0.16.78 - - [10/Sep/2022:12:20:30 -0700] "GET /wordpress HTTP/1.1" 404 73 "-" "-" "earthmint.com"
20.0.16.78 - - [10/Sep/2022:12:20:31 -0700] "GET /wp HTTP/1.1" 404 73 "-" "-" "earthmint.com"
20.0.16.78 - - [10/Sep/2022:12:20:31 -0700] "GET /blog HTTP/1.1" 404 73 "-" "-" "earthmint.com"
20.0.16.78 - - [10/Sep/2022:12:20:31 -0700] "GET /new HTTP/1.1" 404 73 "-" "-" "earthmint.com"
20.0.16.78 - - [10/Sep/2022:12:20:31 -0700] "GET /old HTTP/1.1" 404 73 "-" "-" "earthmint.com"
20.0.16.78 - - [10/Sep/2022:12:20:31 -0700] "GET /test HTTP/1.1" 404 73 "-" "-" "earthmint.com"
20.0.16.78 - - [10/Sep/2022:12:20:31 -0700] "GET /main HTTP/1.1" 404 73 "-" "-" "earthmint.com"
20.0.16.78 - - [10/Sep/2022:12:20:32 -0700] "GET /cms HTTP/1.1" 404 73 "-" "-" "earthmint.com"
20.0.16.78 - - [10/Sep/2022:12:20:32 -0700] "GET /dev HTTP/1.1" 404 73 "-" "-" "earthmint.com"
114.119.144.209 - - [10/Sep/2022:12:20:52 -0700] "GET /images?C=M%3BO%3DA HTTP/1.1" 301 1418 "http://earthmint.com/images?S=D" "Mozilla/5.0 (Linux; Android 7.0;) AppleWebKit/537.36 (KHTML, like Gecko) Mobile Safari/537.36 (compatible; PetalBot;+https://webmaster.petalsearch.com/site/petalbot)" "earthmint.com"
114.119.144.209 - - [10/Sep/2022:12:20:57 -0700] "GET /images/?C=M%3BO%3DA HTTP/1.1" 200 311 "http://earthmint.com/images?S=D" "Mozilla/5.0 (Linux; Android 7.0;) AppleWebKit/537.36 (KHTML, like Gecko) Mobile Safari/537.36 (compatible; PetalBot;+https://webmaster.petalsearch.com/site/petalbot)" "earthmint.com"
135.181.254.179 - - [10/Sep/2022:12:27:30 -0700] "GET / HTTP/1.1" 200 849 "-" "Mozilla/5.0 (Macintosh; Intel Mac OS X 10_10_1) AppleWebKit/537.36 (KHTML, like Gecko) Chrome/39.0.2171.95 Safari/537.36" "earthmint.com"
5.101.156.133 - - [10/Sep/2022:13:01:29 -0700] "GET / HTTP/1.1" 200 405 "" "Mozilla/5.0 (Windows NT 10.0; Win64; x64; rv:104.0) Gecko/20100101 Firefox/104.0" "earthmint.com"
136.243.220.211 - - [10/Sep/2022:13:37:57 -0700] "GET /sitemap.xml HTTP/1.1" 404 88 "-" "Mozilla/5.0 (compatible; DataForSeoBot/1.0; +https://dataforseo.com/dataforseo-bot)" "www.earthmint.com"
216.244.66.203 - - [10/Sep/2022:13:48:30 -0700] "GET /robots.txt HTTP/1.1" 404 73 "-" "Mozilla/5.0 (compatible; DotBot/1.2; +https://opensiteexplorer.org/dotbot; help@moz.com)" "earthmint.com"
114.119.129.36 - - [10/Sep/2022:13:56:23 -0700] "GET /?C=D%3BO%3DA HTTP/1.1" 200 379 "https://www.earthmint.com?C=M%3BO%3DA" "Mozilla/5.0 (Linux; Android 7.0;) AppleWebKit/537.36 (KHTML, like Gecko) Mobile Safari/537.36 (compatible; PetalBot;+https://webmaster.petalsearch.com/site/petalbot)" "www.earthmint.com"
114.119.129.36 - - [10/Sep/2022:14:02:11 -0700] "GET /index_files?N=A HTTP/1.1" 301 1419 "https://www.earthmint.com/index_files?M=D" "Mozilla/5.0 (Linux; Android 7.0;) AppleWebKit/537.36 (KHTML, like Gecko) Mobile Safari/537.36 (compatible; PetalBot;+https://webmaster.petalsearch.com/site/petalbot)" "www.earthmint.com"
114.119.129.36 - - [10/Sep/2022:14:02:15 -0700] "GET /index_files/?N=A HTTP/1.1" 200 314 "https://www.earthmint.com/index_files?M=D" "Mozilla/5.0 (Linux; Android 7.0;) AppleWebKit/537.36 (KHTML, like Gecko) Mobile Safari/537.36 (compatible; PetalBot;+https://webmaster.petalsearch.com/site/petalbot)" "www.earthmint.com"
114.119.144.212 - - [10/Sep/2022:14:09:02 -0700] "GET /images?S=A HTTP/1.1" 301 1414 "https://www.earthmint.com/images" "Mozilla/5.0 (Linux; Android 7.0;) AppleWebKit/537.36 (KHTML, like Gecko) Mobile Safari/537.36 (compatible; PetalBot;+https://webmaster.petalsearch.com/site/petalbot)" "www.earthmint.com"
114.119.144.212 - - [10/Sep/2022:14:09:02 -0700] "GET /images/?S=A HTTP/1.1" 200 311 "https://www.earthmint.com/images" "Mozilla/5.0 (Linux; Android 7.0;) AppleWebKit/537.36 (KHTML, like Gecko) Mobile Safari/537.36 (compatible; PetalBot;+https://webmaster.petalsearch.com/site/petalbot)" "www.earthmint.com"
194.38.20.161 - - [10/Sep/2022:14:09:12 -0700] "GET /wp-content/plugins/superlogoshowcase-wp/sls-wp-admin/pages/exportAjax.php HTTP/1.1" 404 73 "-" "ALittle Client" "earthmint.com"
51.222.253.11 - - [10/Sep/2022:14:10:47 -0700] "GET /robots.txt HTTP/1.1" 404 88 "-" "Mozilla/5.0 (compatible; AhrefsBot/7.0; +http://ahrefs.com/robot/)" "earthmint.com"
51.222.253.15 - - [10/Sep/2022:14:10:48 -0700] "GET / HTTP/1.1" 200 379 "-" "Mozilla/5.0 (compatible; AhrefsBot/7.0; +http://ahrefs.com/robot/)" "earthmint.com"
20.0.16.78 - - [10/Sep/2022:14:13:14 -0700] "POST /wp-plain.php HTTP/1.1" 404 73 "www.google.com" "Mozilla/5.0 (Linux; Android 7.0; SM-G892A Bulid/NRD90M; wv) AppleWebKit/537.36 (KHTML, like Gecko) Version/4.0 Chrome/60.0.3112.107 Moblie Safari/537.36" "earthmint.com"
20.0.16.78 - - [10/Sep/2022:14:13:14 -0700] "POST /ALFA_DATA/alfacgiapi/perl.alfa HTTP/1.1" 404 73 "www.google.com" "Mozlila/5.0 (Linux; Android 7.0; SM-G892A Bulid/NRD90M; wv) AppleWebKit/537.36 (KHTML, like Gecko) Version/4.0 Chrome/60.0.3112.107 Moblie Safari/537.36" "earthmint.com"
20.0.16.78 - - [10/Sep/2022:14:13:14 -0700] "GET / HTTP/1.1" 200 849 "-" "Mozlila/5.0 (Linux; Android 7.0; SM-G892A Bulid/NRD90M; wv) AppleWebKit/537.36 (KHTML, like Gecko) Version/4.0 Chrome/60.0.3112.107 Moblie Safari/537.36" "earthmint.com"
20.0.16.78 - - [10/Sep/2022:14:13:15 -0700] "GET /wrhlechy.php?Fox=d3wL7 HTTP/1.1" 404 73 "www.google.com" "Mozilla/5.0 (Linux; Android 7.0; SM-G892A Bulid/NRD90M; wv) AppleWebKit/537.36 (KHTML, like Gecko) Version/4.0 Chrome/60.0.3112.107 Moblie Safari/537.36" "earthmint.com"
20.0.16.78 - - [10/Sep/2022:14:13:15 -0700] "POST /alfacgiapi/perl.alfa HTTP/1.1" 404 73 "www.google.com" "Mozlila/5.0 (Linux; Android 7.0; SM-G892A Bulid/NRD90M; wv) AppleWebKit/537.36 (KHTML, like Gecko) Version/4.0 Chrome/60.0.3112.107 Moblie Safari/537.36" "earthmint.com"
20.0.16.78 - - [10/Sep/2022:14:13:15 -0700] "POST /wp-plain.php HTTP/1.1" 404 73 "www.google.com" "Mozilla/5.0 (Linux; Android 7.0; SM-G892A Bulid/NRD90M; wv) AppleWebKit/537.36 (KHTML, like Gecko) Version/4.0 Chrome/60.0.3112.107 Moblie Safari/537.36" "earthmint.com"
20.0.16.78 - - [10/Sep/2022:14:13:15 -0700] "GET /rnhhuvfn.php?Fox=d3wL7 HTTP/1.1" 404 73 "www.google.com" "Mozilla/5.0 (Linux; Android 7.0; SM-G892A Bulid/NRD90M; wv) AppleWebKit/537.36 (KHTML, like Gecko) Version/4.0 Chrome/60.0.3112.107 Moblie Safari/537.36" "earthmint.com"
117.248.21.243 - - [10/Sep/2022:14:18:07 -0700] "GET / HTTP/1.1" 200 379 "-" "Mozilla/5.0 (Windows NT 10.0; Win64; x64) AppleWebKit/537.36 (KHTML, like Gecko) Chrome/85.0.4183.121 Safari/537.36" "earthmint.com"
114.119.144.209 - - [10/Sep/2022:14:33:21 -0700] "GET /index_files/?C=S%3BO%3DA HTTP/1.1" 200 314 "https://earthmint.com/index_files?C=M%3BO%3DA" "Mozilla/5.0 (Linux; Android 7.0;) AppleWebKit/537.36 (KHTML, like Gecko) Mobile Safari/537.36 (compatible; PetalBot;+https://webmaster.petalsearch.com/site/petalbot)" "earthmint.com"
216.244.66.203 - - [10/Sep/2022:14:38:16 -0700] "GET /robots.txt HTTP/1.1" 404 73 "-" "Mozilla/5.0 (compatible; DotBot/1.2; +https://opensiteexplorer.org/dotbot; help@moz.com)" "www.earthmint.com"
54.36.148.209 - - [10/Sep/2022:15:18:27 -0700] "GET /robots.txt HTTP/1.1" 404 88 "-" "Mozilla/5.0 (compatible; AhrefsBot/7.0; +http://ahrefs.com/robot/)" "www.earthmint.com"
54.36.148.171 - - [10/Sep/2022:15:18:28 -0700] "GET /images/ HTTP/1.1" 200 311 "-" "Mozilla/5.0 (compatible; AhrefsBot/7.0; +http://ahrefs.com/robot/)" "www.earthmint.com"
157.55.39.18 - - [10/Sep/2022:17:20:53 -0700] "GET /robots.txt HTTP/1.1" 404 88 "-" "Mozilla/5.0 (compatible; bingbot/2.0; +http://www.bing.com/bingbot.htm)" "earthmint.com"
157.55.39.18 - - [10/Sep/2022:17:20:53 -0700] "GET /robots.txt HTTP/1.1" 404 88 "-" "Mozilla/5.0 (compatible; bingbot/2.0; +http://www.bing.com/bingbot.htm)" "earthmint.com"
207.46.13.206 - - [10/Sep/2022:17:21:02 -0700] "GET / HTTP/1.1" 200 379 "-" "Mozilla/5.0 (compatible; bingbot/2.0; +http://www.bing.com/bingbot.htm)" "earthmint.com"
174.55.252.202 - - [10/Sep/2022:17:40:45 -0700] "GET /Costs_New.htm HTTP/1.1" 404 88 "-" "Mozilla/5.0 (iPhone; CPU iPhone OS 15_6_1 like Mac OS X) AppleWebKit/605.1.15 (KHTML, like Gecko) Version/15.6.1 Mobile/15E148 Safari/604.1" "earthmint.com"
174.55.252.202 - - [10/Sep/2022:17:40:46 -0700] "GET /apple-touch-icon-120x120-precomposed.png HTTP/1.1" 404 88 "-" "MobileSafari/8613.3.9.0.16 CFNetwork/1335.0.3 Darwin/21.6.0" "earthmint.com"
174.55.252.202 - - [10/Sep/2022:17:40:46 -0700] "GET /apple-touch-icon-120x120.png HTTP/1.1" 404 88 "-" "MobileSafari/8613.3.9.0.16 CFNetwork/1335.0.3 Darwin/21.6.0" "earthmint.com"
174.55.252.202 - - [10/Sep/2022:17:40:46 -0700] "GET /apple-touch-icon-precomposed.png HTTP/1.1" 404 88 "-" "MobileSafari/8613.3.9.0.16 CFNetwork/1335.0.3 Darwin/21.6.0" "earthmint.com"
174.55.252.202 - - [10/Sep/2022:17:40:46 -0700] "GET /apple-touch-icon.png HTTP/1.1" 404 88 "-" "MobileSafari/8613.3.9.0.16 CFNetwork/1335.0.3 Darwin/21.6.0" "earthmint.com"
174.55.252.202 - - [10/Sep/2022:17:40:46 -0700] "GET /favicon.ico HTTP/1.1" 404 88 "-" "MobileSafari/8613.3.9.0.16 CFNetwork/1335.0.3 Darwin/21.6.0" "earthmint.com"
174.55.252.202 - - [10/Sep/2022:17:40:46 -0700] "GET /apple-touch-icon-120x120-precomposed.png HTTP/1.1" 404 88 "-" "MobileSafari/8613.3.9.0.16 CFNetwork/1335.0.3 Darwin/21.6.0" "earthmint.com"
174.55.252.202 - - [10/Sep/2022:17:40:46 -0700] "GET /apple-touch-icon-120x120.png HTTP/1.1" 404 88 "-" "MobileSafari/8613.3.9.0.16 CFNetwork/1335.0.3 Darwin/21.6.0" "earthmint.com"
174.55.252.202 - - [10/Sep/2022:17:40:46 -0700] "GET /apple-touch-icon-precomposed.png HTTP/1.1" 404 88 "-" "MobileSafari/8613.3.9.0.16 CFNetwork/1335.0.3 Darwin/21.6.0" "earthmint.com"
174.55.252.202 - - [10/Sep/2022:17:40:46 -0700] "GET /apple-touch-icon.png HTTP/1.1" 404 88 "-" "MobileSafari/8613.3.9.0.16 CFNetwork/1335.0.3 Darwin/21.6.0" "earthmint.com"
174.55.252.202 - - [10/Sep/2022:17:40:47 -0700] "GET /favicon.ico HTTP/1.1" 404 88 "-" "MobileSafari/8613.3.9.0.16 CFNetwork/1335.0.3 Darwin/21.6.0" "earthmint.com"
216.244.66.203 - - [10/Sep/2022:17:59:25 -0700] "GET /robots.txt HTTP/1.1" 404 73 "-" "Mozilla/5.0 (compatible; DotBot/1.2; +https://opensiteexplorer.org/dotbot; help@moz.com)" "www.earthmint.com"
114.119.129.36 - - [10/Sep/2022:17:59:43 -0700] "GET /?C=S%3BO%3DA HTTP/1.1" 200 379 "https://www.earthmint.com?C=M%3BO%3DA" "Mozilla/5.0 (Linux; Android 7.0;) AppleWebKit/537.36 (KHTML, like Gecko) Mobile Safari/537.36 (compatible; PetalBot;+https://webmaster.petalsearch.com/site/petalbot)" "www.earthmint.com"
118.184.177.10 - - [10/Sep/2022:18:08:32 -0700] "GET / HTTP/1.1" 200 379 "-" "Sogou web spider/4.0(+http://www.sogou.com/docs/help/webmasters.htm#07)" "earthmint.com"
216.244.66.203 - - [10/Sep/2022:18:28:07 -0700] "GET /?D=D HTTP/1.1" 200 849 "-" "Mozilla/5.0 (compatible; DotBot/1.2; +https://opensiteexplorer.org/dotbot; help@moz.com)" "www.earthmint.com"
51.222.253.4 - - [10/Sep/2022:18:54:02 -0700] "GET /robots.txt HTTP/1.1" 404 88 "-" "Mozilla/5.0 (compatible; AhrefsBot/7.0; +http://ahrefs.com/robot/)" "earthmint.com"
51.222.253.6 - - [10/Sep/2022:18:54:03 -0700] "GET / HTTP/1.1" 200 379 "-" "Mozilla/5.0 (compatible; AhrefsBot/7.0; +http://ahrefs.com/robot/)" "earthmint.com"
34.77.147.25 - - [10/Sep/2022:19:10:25 -0700] "GET / HTTP/1.1" 200 849 "-" "Mozilla/5.0 (Windows NT 10.0; Win64; x64) AppleWebKit/537.36 (KHTML, like Gecko) Chrome/84.0.4147.105 Safari/537.36" "www.earthmint.com"
58.250.125.143 - - [10/Sep/2022:19:15:39 -0700] "GET / HTTP/1.1" 200 379 "-" "Sogou web spider/4.0(+http://www.sogou.com/docs/help/webmasters.htm#07)" "www.earthmint.com"
34.170.150.87 - - [10/Sep/2022:19:32:59 -0700] "GET / HTTP/1.1" 200 379 "-" "Mozilla/5.0 (X11; Linux x86_64) AppleWebKit/537.36 (KHTML, like Gecko) Chrome/107.0.0.0 Safari/537.36" "earthmint.com"
34.170.150.87 - - [10/Sep/2022:19:33:00 -0700] "GET /favicon.ico HTTP/1.1" 404 88 "http://earthmint.com/" "Mozilla/5.0 (X11; Linux x86_64) AppleWebKit/537.36 (KHTML, like Gecko) Chrome/107.0.0.0 Safari/537.36" "earthmint.com"
114.119.148.4 - - [10/Sep/2022:19:48:15 -0700] "GET /robots.txt HTTP/1.1" 404 88 "-" "Mozilla/5.0 (compatible;PetalBot;+https://webmaster.petalsearch.com/site/petalbot)" "earthmint.com"
207.46.13.208 - - [10/Sep/2022:20:05:21 -0700] "GET / HTTP/1.1" 200 379 "-" "Mozilla/5.0 (compatible; bingbot/2.0; +http://www.bing.com/bingbot.htm)" "earthmint.com"
43.154.90.166 - - [10/Sep/2022:20:24:33 -0700] "GET / HTTP/1.1" 200 379 "-" "Mozilla/5.0 (Windows NT 6.1; Win64; x64) AppleWebKit/537.36 (KHTML, like Gecko) Chrome/79.0.3945.88 Safari/537.36" "earthmint.com"
216.244.66.203 - - [10/Sep/2022:20:27:59 -0700] "GET /robots.txt HTTP/1.1" 404 73 "-" "Mozilla/5.0 (compatible; DotBot/1.2; +https://opensiteexplorer.org/dotbot; help@moz.com)" "www.earthmint.com"
123.125.109.128 - - [10/Sep/2022:20:46:03 -0700] "GET / HTTP/1.1" 200 379 "-" "Sogou web spider/4.0(+http://www.sogou.com/docs/help/webmasters.htm#07)" "www.earthmint.com"
118.184.177.88 - - [10/Sep/2022:20:56:37 -0700] "GET / HTTP/1.1" 200 379 "-" "Sogou web spider/4.0(+http://www.sogou.com/docs/help/webmasters.htm#07)" "earthmint.com"
114.119.144.212 - - [10/Sep/2022:21:01:55 -0700] "GET /?C=N%3BO%3DD HTTP/1.1" 200 379 "https://www.earthmint.com?C=M%3BO%3DA" "Mozilla/5.0 (Linux; Android 7.0;) AppleWebKit/537.36 (KHTML, like Gecko) Mobile Safari/537.36 (compatible; PetalBot;+https://webmaster.petalsearch.com/site/petalbot)" "www.earthmint.com"
216.244.66.203 - - [10/Sep/2022:21:18:25 -0700] "GET /robots.txt HTTP/1.1" 404 73 "-" "Mozilla/5.0 (compatible; DotBot/1.2; +https://opensiteexplorer.org/dotbot; help@moz.com)" "earthmint.com"
114.119.129.36 - - [10/Sep/2022:22:24:01 -0700] "GET /?C=D%3BO%3DA HTTP/1.1" 200 379 "https://www.earthmint.com/?M=A" "Mozilla/5.0 (Linux; Android 7.0;) AppleWebKit/537.36 (KHTML, like Gecko) Mobile Safari/537.36 (compatible; PetalBot;+https://webmaster.petalsearch.com/site/petalbot)" "www.earthmint.com"
114.119.151.9 - - [10/Sep/2022:22:25:42 -0700] "GET /robots.txt HTTP/1.1" 404 88 "-" "Mozilla/5.0 (compatible;PetalBot;+https://webmaster.petalsearch.com/site/petalbot)" "earthmint.com"
114.119.144.23 - - [10/Sep/2022:22:29:51 -0700] "GET /tmp HTTP/1.1" 403 170 "https://www.earthmint.com/" "Mozilla/5.0 (Linux; Android 7.0;) AppleWebKit/537.36 (KHTML, like Gecko) Mobile Safari/537.36 (compatible; PetalBot;+https://webmaster.petalsearch.com/site/petalbot)" "www.earthmint.com"
34.66.205.192 - - [10/Sep/2022:22:32:07 -0700] "GET / HTTP/1.1" 200 379 "-" "Mozilla/5.0 (X11; Linux x86_64) AppleWebKit/537.36 (KHTML, like Gecko) Chrome/107.0.0.0 Safari/537.36" "earthmint.com"
34.66.205.192 - - [10/Sep/2022:22:32:09 -0700] "GET /favicon.ico HTTP/1.1" 404 88 "http://earthmint.com/" "Mozilla/5.0 (X11; Linux x86_64) AppleWebKit/537.36 (KHTML, like Gecko) Chrome/107.0.0.0 Safari/537.36" "earthmint.com"
66.249.79.90 - - [10/Sep/2022:22:35:33 -0700] "GET /robots.txt HTTP/1.1" 404 88 "-" "Mozilla/5.0 (compatible; Googlebot/2.1; +http://www.google.com/bot.html)" "earthmint.com"
114.119.130.168 - - [10/Sep/2022:22:49:45 -0700] "GET /robots.txt HTTP/1.1" 404 88 "-" "Mozilla/5.0 (compatible;PetalBot;+https://webmaster.petalsearch.com/site/petalbot)" "www.earthmint.com"
114.119.144.222 - - [10/Sep/2022:22:52:03 -0700] "GET /?C=N%3BO%3DD HTTP/1.1" 200 379 "https://www.earthmint.com/?M=A" "Mozilla/5.0 (Linux; Android 7.0;) AppleWebKit/537.36 (KHTML, like Gecko) Mobile Safari/537.36 (compatible; PetalBot;+https://webmaster.petalsearch.com/site/petalbot)" "www.earthmint.com"
207.46.13.208 - - [10/Sep/2022:23:38:52 -0700] "GET / HTTP/1.1" 200 379 "-" "Mozilla/5.0 (compatible; bingbot/2.0; +http://www.bing.com/bingbot.htm)" "www.earthmint.com"
157.55.39.18 - - [11/Sep/2022:00:15:48 -0700] "GET /robots.txt HTTP/1.1" 404 88 "-" "Mozilla/5.0 (compatible; bingbot/2.0; +http://www.bing.com/bingbot.htm)" "www.earthmint.com"
157.55.39.18 - - [11/Sep/2022:00:15:48 -0700] "GET /robots.txt HTTP/1.1" 404 88 "-" "Mozilla/5.0 (compatible; bingbot/2.0; +http://www.bing.com/bingbot.htm)" "www.earthmint.com"
207.46.13.206 - - [11/Sep/2022:00:15:51 -0700] "GET / HTTP/1.1" 200 379 "-" "Mozilla/5.0 (compatible; bingbot/2.0; +http://www.bing.com/bingbot.htm)" "www.earthmint.com"
65.109.14.218 - - [11/Sep/2022:01:08:29 -0700] "GET /wp-content/themes/seotheme/mar.php HTTP/1.1" 404 88 "www.google.com" "Mozlila/5.0 (Linux; Android 7.0; SM-G892A Bulid/NRD90M; wv) AppleWebKit/537.36 (KHTML, like Gecko) Version/4.0 Chrome/60.0.3112.107 Moblie Safari/537.36" "earthmint.com"
65.109.14.218 - - [11/Sep/2022:01:08:33 -0700] "GET /wp-content/themes/seotheme/mar.php HTTP/1.1" 404 88 "www.google.com" "Mozlila/5.0 (Linux; Android 7.0; SM-G892A Bulid/NRD90M; wv) AppleWebKit/537.36 (KHTML, like Gecko) Version/4.0 Chrome/60.0.3112.107 Moblie Safari/537.36" "earthmint.com"
123.125.109.128 - - [11/Sep/2022:02:11:13 -0700] "GET / HTTP/1.1" 200 379 "-" "Sogou web spider/4.0(+http://www.sogou.com/docs/help/webmasters.htm#07)" "www.earthmint.com"
114.119.144.222 - - [11/Sep/2022:02:23:54 -0700] "GET /index_files?C=N%3BO%3DD HTTP/1.1" 301 1428 "https://www.earthmint.com/index_files?C=D%3BO%3DA" "Mozilla/5.0 (Linux; Android 7.0;) AppleWebKit/537.36 (KHTML, like Gecko) Mobile Safari/537.36 (compatible; PetalBot;+https://webmaster.petalsearch.com/site/petalbot)" "www.earthmint.com"
114.119.144.222 - - [11/Sep/2022:02:23:57 -0700] "GET /index_files/?C=N%3BO%3DD HTTP/1.1" 200 314 "https://www.earthmint.com/index_files?C=D%3BO%3DA" "Mozilla/5.0 (Linux; Android 7.0;) AppleWebKit/537.36 (KHTML, like Gecko) Mobile Safari/537.36 (compatible; PetalBot;+https://webmaster.petalsearch.com/site/petalbot)" "www.earthmint.com"
207.46.13.206 - - [11/Sep/2022:03:27:19 -0700] "GET / HTTP/1.1" 200 379 "-" "Mozilla/5.0 (compatible; bingbot/2.0; +http://www.bing.com/bingbot.htm)" "earthmint.com"
118.184.177.87 - - [11/Sep/2022:03:38:44 -0700] "GET / HTTP/1.1" 200 379 "-" "Sogou web spider/4.0(+http://www.sogou.com/docs/help/webmasters.htm#07)" "earthmint.com"
54.36.148.3 - - [11/Sep/2022:03:48:49 -0700] "GET /robots.txt HTTP/1.1" 404 88 "-" "Mozilla/5.0 (compatible; AhrefsBot/7.0; +http://ahrefs.com/robot/)" "earthmint.com"
51.222.253.1 - - [11/Sep/2022:03:48:50 -0700] "GET / HTTP/1.1" 200 379 "-" "Mozilla/5.0 (compatible; AhrefsBot/7.0; +http://ahrefs.com/robot/)" "earthmint.com"
114.119.144.212 - - [11/Sep/2022:03:57:51 -0700] "GET /?C=D%3BO%3DA HTTP/1.1" 200 379 "https://earthmint.com/" "Mozilla/5.0 (Linux; Android 7.0;) AppleWebKit/537.36 (KHTML, like Gecko) Mobile Safari/537.36 (compatible; PetalBot;+https://webmaster.petalsearch.com/site/petalbot)" "earthmint.com"
114.119.144.222 - - [11/Sep/2022:04:06:16 -0700] "GET /index_files/ HTTP/1.1" 200 314 "https://www.earthmint.com/?M=A" "Mozilla/5.0 (Linux; Android 7.0;) AppleWebKit/537.36 (KHTML, like Gecko) Mobile Safari/537.36 (compatible; PetalBot;+https://webmaster.petalsearch.com/site/petalbot)" "www.earthmint.com"
114.119.144.226 - - [11/Sep/2022:04:14:23 -0700] "GET /?C=N%3BO%3DD HTTP/1.1" 200 379 "https://earthmint.com" "Mozilla/5.0 (Linux; Android 7.0;) AppleWebKit/537.36 (KHTML, like Gecko) Mobile Safari/537.36 (compatible; PetalBot;+https://webmaster.petalsearch.com/site/petalbot)" "earthmint.com"
216.244.66.203 - - [11/Sep/2022:04:59:09 -0700] "GET /robots.txt HTTP/1.1" 404 73 "-" "Mozilla/5.0 (compatible; DotBot/1.2; +https://opensiteexplorer.org/dotbot; help@moz.com)" "www.earthmint.com"
34.214.179.71 - - [11/Sep/2022:05:34:00 -0700] "GET / HTTP/1.1" 200 379 "-" "Mozilla/5.0 (X11; Linux x86_64) AppleWebKit/537.36 (KHTML, like Gecko) Chrome/83.0.4103.97 Safari/537.36" "earthmint.com"
34.221.237.161 - - [11/Sep/2022:05:34:03 -0700] "GET / HTTP/1.1" 200 379 "-" "Mozilla/5.0 (X11; Linux x86_64) AppleWebKit/537.36 (KHTML, like Gecko) Chrome/83.0.4103.97 Safari/537.36" "earthmint.com"
34.220.170.105 - - [11/Sep/2022:05:34:13 -0700] "GET /favicon.ico HTTP/1.1" 404 88 "-" "Mozilla/5.0 (X11; Linux x86_64) AppleWebKit/537.36 (KHTML, like Gecko) Chrome/83.0.4103.97 Safari/537.36" "earthmint.com"
34.220.170.105 - - [11/Sep/2022:05:34:14 -0700] "GET / HTTP/1.1" 200 379 "-" "Mozilla/5.0 (X11; Linux x86_64) AppleWebKit/537.36 (KHTML, like Gecko) Chrome/83.0.4103.97 Safari/537.36" "earthmint.com"
34.220.110.55 - - [11/Sep/2022:05:34:21 -0700] "GET /favicon.ico HTTP/1.1" 404 88 "-" "Mozilla/5.0 (X11; Linux x86_64) AppleWebKit/537.36 (KHTML, like Gecko) Chrome/83.0.4103.97 Safari/537.36" "earthmint.com"
34.220.110.55 - - [11/Sep/2022:05:34:23 -0700] "GET / HTTP/1.1" 200 379 "-" "Mozilla/5.0 (X11; Linux x86_64) AppleWebKit/537.36 (KHTML, like Gecko) Chrome/83.0.4103.97 Safari/537.36" "earthmint.com"
147.78.47.249 - - [11/Sep/2022:06:05:43 -0700] "GET /_ignition/health-check/ HTTP/1.1" 404 88 "-" "Mozilla/5.0 (Windows NT 10.0; Win64; x64) AppleWebKit/537.36 (KHTML, like Gecko) Chrome/105.0.0.0 Safari/537.36" "earthmint.com"
147.78.47.249 - - [11/Sep/2022:06:05:45 -0700] "GET /public/_ignition/health-check/ HTTP/1.1" 404 88 "-" "Mozilla/5.0 (Windows NT 10.0; Win64; x64) AppleWebKit/537.36 (KHTML, like Gecko) Chrome/105.0.0.0 Safari/537.36" "earthmint.com"
147.78.47.249 - - [11/Sep/2022:06:05:48 -0700] "GET /wp-includes/wlwmanifest.xml HTTP/1.1" 404 88 "-" "Mozilla/5.0 (Windows NT 10.0; Win64; x64) AppleWebKit/537.36 (KHTML, like Gecko) Chrome/105.0.0.0 Safari/537.36" "earthmint.com"
207.46.13.208 - - [11/Sep/2022:06:11:00 -0700] "GET / HTTP/1.1" 200 379 "-" "Mozilla/5.0 (compatible; bingbot/2.0; +http://www.bing.com/bingbot.htm)" "earthmint.com"
118.184.177.87 - - [11/Sep/2022:06:30:25 -0700] "GET / HTTP/1.1" 200 379 "-" "Sogou web spider/4.0(+http://www.sogou.com/docs/help/webmasters.htm#07)" "earthmint.com"
216.244.66.203 - - [11/Sep/2022:06:43:26 -0700] "GET /robots.txt HTTP/1.1" 404 73 "-" "Mozilla/5.0 (compatible; DotBot/1.2; +https://opensiteexplorer.org/dotbot; help@moz.com)" "earthmint.com"
123.125.109.128 - - [11/Sep/2022:06:50:04 -0700] "GET / HTTP/1.1" 200 379 "-" "Sogou web spider/4.0(+http://www.sogou.com/docs/help/webmasters.htm#07)" "www.earthmint.com"
35.222.24.223 - - [11/Sep/2022:07:00:26 -0700] "GET / HTTP/1.1" 200 379 "-" "Mozilla/5.0 (X11; Linux x86_64) AppleWebKit/537.36 (KHTML, like Gecko) Chrome/107.0.0.0 Safari/537.36" "earthmint.com"
35.222.24.223 - - [11/Sep/2022:07:00:28 -0700] "GET /favicon.ico HTTP/1.1" 404 88 "http://earthmint.com/" "Mozilla/5.0 (X11; Linux x86_64) AppleWebKit/537.36 (KHTML, like Gecko) Chrome/107.0.0.0 Safari/537.36" "earthmint.com"
114.119.144.212 - - [11/Sep/2022:08:20:31 -0700] "GET /images?C=S%3BO%3DA HTTP/1.1" 301 1422 "http://earthmint.com/images?S=D" "Mozilla/5.0 (Linux; Android 7.0;) AppleWebKit/537.36 (KHTML, like Gecko) Mobile Safari/537.36 (compatible; PetalBot;+https://webmaster.petalsearch.com/site/petalbot)" "earthmint.com"
114.119.144.212 - - [11/Sep/2022:08:20:32 -0700] "GET /images/?C=S%3BO%3DA HTTP/1.1" 200 311 "http://earthmint.com/images?S=D" "Mozilla/5.0 (Linux; Android 7.0;) AppleWebKit/537.36 (KHTML, like Gecko) Mobile Safari/537.36 (compatible; PetalBot;+https://webmaster.petalsearch.com/site/petalbot)" "earthmint.com"
114.119.144.212 - - [11/Sep/2022:08:30:48 -0700] "GET /?S=A HTTP/1.1" 200 379 "https://www.earthmint.com/" "Mozilla/5.0 (Linux; Android 7.0;) AppleWebKit/537.36 (KHTML, like Gecko) Mobile Safari/537.36 (compatible; PetalBot;+https://webmaster.petalsearch.com/site/petalbot)" "www.earthmint.com"
114.119.144.212 - - [11/Sep/2022:08:35:55 -0700] "GET /?M=A HTTP/1.1" 200 379 "-" "Mozilla/5.0 (Linux; Android 7.0;) AppleWebKit/537.36 (KHTML, like Gecko) Mobile Safari/537.36 (compatible; PetalBot;+https://webmaster.petalsearch.com/site/petalbot)" "earthmint.com"
54.36.148.13 - - [11/Sep/2022:08:45:51 -0700] "GET /robots.txt HTTP/1.1" 404 88 "-" "Mozilla/5.0 (compatible; AhrefsBot/7.0; +http://ahrefs.com/robot/)" "earthmint.com"
51.222.253.12 - - [11/Sep/2022:08:45:52 -0700] "GET / HTTP/1.1" 200 379 "-" "Mozilla/5.0 (compatible; AhrefsBot/7.0; +http://ahrefs.com/robot/)" "earthmint.com"
114.119.144.212 - - [11/Sep/2022:08:53:48 -0700] "GET /?D=A HTTP/1.1" 200 379 "https://www.earthmint.com/" "Mozilla/5.0 (Linux; Android 7.0;) AppleWebKit/537.36 (KHTML, like Gecko) Mobile Safari/537.36 (compatible; PetalBot;+https://webmaster.petalsearch.com/site/petalbot)" "www.earthmint.com"
138.197.173.15 - - [11/Sep/2022:09:08:13 -0700] "GET /wp-admin/install.php?step=1 HTTP/1.1" 404 88 "-" "Mozilla/5.0 (X11; Linux x86_64; rv:52.0) Gecko/20100101 Firefox/52.0" "earthmint.com"
138.197.173.15 - - [11/Sep/2022:09:08:13 -0700] "GET /wp-admin/setup-config.php HTTP/1.1" 404 88 "-" "Mozilla/5.0 (X11; Linux x86_64; rv:52.0) Gecko/20100101 Firefox/52.0" "earthmint.com"
138.197.173.15 - - [11/Sep/2022:09:08:13 -0700] "GET /new/wp-admin/install.php?step=1 HTTP/1.1" 404 88 "-" "Mozilla/5.0 (X11; Linux x86_64; rv:52.0) Gecko/20100101 Firefox/52.0" "earthmint.com"
138.197.173.15 - - [11/Sep/2022:09:08:13 -0700] "GET /new/wp-admin/setup-config.php HTTP/1.1" 404 88 "-" "Mozilla/5.0 (X11; Linux x86_64; rv:52.0) Gecko/20100101 Firefox/52.0" "earthmint.com"
138.197.173.15 - - [11/Sep/2022:09:08:14 -0700] "GET /blog/wp-admin/install.php?step=1 HTTP/1.1" 404 88 "-" "Mozilla/5.0 (X11; Linux x86_64; rv:52.0) Gecko/20100101 Firefox/52.0" "earthmint.com"
138.197.173.15 - - [11/Sep/2022:09:08:14 -0700] "GET /blog/wp-admin/setup-config.php HTTP/1.1" 404 88 "-" "Mozilla/5.0 (X11; Linux x86_64; rv:52.0) Gecko/20100101 Firefox/52.0" "earthmint.com"
138.197.173.15 - - [11/Sep/2022:09:08:14 -0700] "GET /blogs/wp-admin/install.php?step=1 HTTP/1.1" 404 88 "-" "Mozilla/5.0 (X11; Linux x86_64; rv:52.0) Gecko/20100101 Firefox/52.0" "earthmint.com"
138.197.173.15 - - [11/Sep/2022:09:08:14 -0700] "GET /blogs/wp-admin/setup-config.php HTTP/1.1" 404 88 "-" "Mozilla/5.0 (X11; Linux x86_64; rv:52.0) Gecko/20100101 Firefox/52.0" "earthmint.com"
138.197.173.15 - - [11/Sep/2022:09:08:14 -0700] "GET /demo/wp-admin/install.php?step=1 HTTP/1.1" 404 88 "-" "Mozilla/5.0 (X11; Linux x86_64; rv:52.0) Gecko/20100101 Firefox/52.0" "earthmint.com"
138.197.173.15 - - [11/Sep/2022:09:08:15 -0700] "GET /demo/wp-admin/setup-config.php HTTP/1.1" 404 88 "-" "Mozilla/5.0 (X11; Linux x86_64; rv:52.0) Gecko/20100101 Firefox/52.0" "earthmint.com"
138.197.173.15 - - [11/Sep/2022:09:08:15 -0700] "GET /wp/wp-admin/install.php?step=1 HTTP/1.1" 404 88 "-" "Mozilla/5.0 (X11; Linux x86_64; rv:52.0) Gecko/20100101 Firefox/52.0" "earthmint.com"
138.197.173.15 - - [11/Sep/2022:09:08:15 -0700] "GET /wp/wp-admin/setup-config.php HTTP/1.1" 404 88 "-" "Mozilla/5.0 (X11; Linux x86_64; rv:52.0) Gecko/20100101 Firefox/52.0" "earthmint.com"
138.197.173.15 - - [11/Sep/2022:09:08:15 -0700] "GET /wordpress/wp-admin/install.php?step=1 HTTP/1.1" 404 88 "-" "Mozilla/5.0 (X11; Linux x86_64; rv:52.0) Gecko/20100101 Firefox/52.0" "earthmint.com"
138.197.173.15 - - [11/Sep/2022:09:08:15 -0700] "GET /wordpress/wp-admin/setup-config.php HTTP/1.1" 404 88 "-" "Mozilla/5.0 (X11; Linux x86_64; rv:52.0) Gecko/20100101 Firefox/52.0" "earthmint.com"
138.197.173.15 - - [11/Sep/2022:09:08:16 -0700] "GET /tes/wp-admin/install.php?step=1 HTTP/1.1" 404 88 "-" "Mozilla/5.0 (X11; Linux x86_64; rv:52.0) Gecko/20100101 Firefox/52.0" "earthmint.com"
138.197.173.15 - - [11/Sep/2022:09:08:16 -0700] "GET /tes/wp-admin/setup-config.php HTTP/1.1" 404 88 "-" "Mozilla/5.0 (X11; Linux x86_64; rv:52.0) Gecko/20100101 Firefox/52.0" "earthmint.com"
138.197.173.15 - - [11/Sep/2022:09:08:16 -0700] "GET /test/wp-admin/install.php?step=1 HTTP/1.1" 404 88 "-" "Mozilla/5.0 (X11; Linux x86_64; rv:52.0) Gecko/20100101 Firefox/52.0" "earthmint.com"
138.197.173.15 - - [11/Sep/2022:09:08:16 -0700] "GET /test/wp-admin/setup-config.php HTTP/1.1" 404 88 "-" "Mozilla/5.0 (X11; Linux x86_64; rv:52.0) Gecko/20100101 Firefox/52.0" "earthmint.com"
138.197.173.15 - - [11/Sep/2022:09:08:16 -0700] "GET /web/wp-admin/install.php?step=1 HTTP/1.1" 404 88 "-" "Mozilla/5.0 (X11; Linux x86_64; rv:52.0) Gecko/20100101 Firefox/52.0" "earthmint.com"
138.197.173.15 - - [11/Sep/2022:09:08:17 -0700] "GET /web/wp-admin/setup-config.php HTTP/1.1" 404 88 "-" "Mozilla/5.0 (X11; Linux x86_64; rv:52.0) Gecko/20100101 Firefox/52.0" "earthmint.com"
138.197.173.15 - - [11/Sep/2022:09:08:17 -0700] "GET /cms/wp-admin/install.php?step=1 HTTP/1.1" 404 88 "-" "Mozilla/5.0 (X11; Linux x86_64; rv:52.0) Gecko/20100101 Firefox/52.0" "earthmint.com"
138.197.173.15 - - [11/Sep/2022:09:08:17 -0700] "GET /cms/wp-admin/setup-config.php HTTP/1.1" 404 88 "-" "Mozilla/5.0 (X11; Linux x86_64; rv:52.0) Gecko/20100101 Firefox/52.0" "earthmint.com"
138.197.173.15 - - [11/Sep/2022:09:08:17 -0700] "POST /wp-admin/admin-ajax.php HTTP/1.1" 404 88 "-" "Mozilla/5.0 (X11; Linux x86_64; rv:52.0) Gecko/20100101 Firefox/52.0" "earthmint.com"
138.197.173.15 - - [11/Sep/2022:09:08:17 -0700] "GET /wp-admin/ HTTP/1.1" 404 88 "-" "Mozilla/5.0 (X11; Linux x86_64; rv:52.0) Gecko/20100101 Firefox/52.0" "earthmint.com"
207.46.13.208 - - [11/Sep/2022:09:46:10 -0700] "GET / HTTP/1.1" 200 379 "-" "Mozilla/5.0 (compatible; bingbot/2.0; +http://www.bing.com/bingbot.htm)" "www.earthmint.com"
216.244.66.203 - - [11/Sep/2022:10:05:25 -0700] "GET /robots.txt HTTP/1.1" 404 73 "-" "Mozilla/5.0 (compatible; DotBot/1.2; +https://opensiteexplorer.org/dotbot; help@moz.com)" "earthmint.com"
207.46.13.206 - - [11/Sep/2022:10:13:48 -0700] "GET / HTTP/1.1" 200 379 "-" "Mozilla/5.0 (compatible; bingbot/2.0; +http://www.bing.com/bingbot.htm)" "www.earthmint.com"
54.147.144.98 - - [11/Sep/2022:11:00:09 -0700] "GET / HTTP/1.1" 200 379 "-" "Mozilla/5.0 (Windows NT 10.0; Win64; x64) AppleWebKit/537.36 (KHTML, like Gecko) Chrome/100.0.4896.88 Safari/537.36" "earthmint.com"
79.137.65.179 - - [11/Sep/2022:11:28:15 -0700] "GET /wp-login.php HTTP/1.1" 404 88 "-" "Mozilla/5.0 (Windows NT 10.0; Win64; x64; rv:96.0) Gecko/20100101 Firefox/96" "earthmint.com"
114.119.143.214 - - [11/Sep/2022:13:28:48 -0700] "GET /robots.txt HTTP/1.1" 404 88 "-" "Mozilla/5.0 (compatible;PetalBot;+https://webmaster.petalsearch.com/site/petalbot)" "www.earthmint.com"
207.46.13.206 - - [11/Sep/2022:15:27:18 -0700] "GET / HTTP/1.1" 200 379 "-" "Mozilla/5.0 (compatible; bingbot/2.0; +http://www.bing.com/bingbot.htm)" "earthmint.com"
184.94.240.88 - - [11/Sep/2022:17:12:42 -0700] "GET / HTTP/1.1" 200 849 "-" "Mozilla/5.0 (Windows NT 10.0; Win64; x64; rv:65.0) Gecko/20100101 Firefox/65.0" "www.earthmint.com"
184.94.240.88 - - [11/Sep/2022:17:12:43 -0700] "GET /images/ HTTP/1.1" 200 550 "-" "Mozilla/5.0 (Windows NT 10.0; Win64; x64; rv:65.0) Gecko/20100101 Firefox/65.0" "www.earthmint.com"
184.94.240.88 - - [11/Sep/2022:17:12:44 -0700] "GET /?C=N;O=D HTTP/1.1" 200 849 "-" "Mozilla/5.0 (Windows NT 10.0; Win64; x64; rv:65.0) Gecko/20100101 Firefox/65.0" "www.earthmint.com"
184.94.240.88 - - [11/Sep/2022:17:12:44 -0700] "GET /?C=N;O=A HTTP/1.1" 200 849 "-" "Mozilla/5.0 (Windows NT 10.0; Win64; x64; rv:65.0) Gecko/20100101 Firefox/65.0" "www.earthmint.com"
184.94.240.88 - - [11/Sep/2022:17:12:50 -0700] "GET /?C=M;O=A HTTP/1.1" 200 849 "-" "Mozilla/5.0 (Windows NT 10.0; Win64; x64; rv:65.0) Gecko/20100101 Firefox/65.0" "www.earthmint.com"
184.94.240.88 - - [11/Sep/2022:17:12:50 -0700] "GET /?C=M;O=D HTTP/1.1" 200 849 "-" "Mozilla/5.0 (Windows NT 10.0; Win64; x64; rv:65.0) Gecko/20100101 Firefox/65.0" "www.earthmint.com"
184.94.240.88 - - [11/Sep/2022:17:12:51 -0700] "GET /?C=S;O=A HTTP/1.1" 200 849 "-" "Mozilla/5.0 (Windows NT 10.0; Win64; x64; rv:65.0) Gecko/20100101 Firefox/65.0" "www.earthmint.com"
184.94.240.88 - - [11/Sep/2022:17:12:51 -0700] "GET /?C=D;O=A HTTP/1.1" 200 849 "-" "Mozilla/5.0 (Windows NT 10.0; Win64; x64; rv:65.0) Gecko/20100101 Firefox/65.0" "www.earthmint.com"
184.94.240.88 - - [11/Sep/2022:17:12:52 -0700] "GET /_private/ HTTP/1.1" 403 239 "-" "Mozilla/5.0 (Windows NT 10.0; Win64; x64; rv:65.0) Gecko/20100101 Firefox/65.0" "www.earthmint.com"
184.94.240.88 - - [11/Sep/2022:17:12:54 -0700] "GET /index_files/ HTTP/1.1" 200 560 "-" "Mozilla/5.0 (Windows NT 10.0; Win64; x64; rv:65.0) Gecko/20100101 Firefox/65.0" "www.earthmint.com"
184.94.240.88 - - [11/Sep/2022:17:12:54 -0700] "GET /images/?C=N;O=D HTTP/1.1" 200 550 "-" "Mozilla/5.0 (Windows NT 10.0; Win64; x64; rv:65.0) Gecko/20100101 Firefox/65.0" "www.earthmint.com"
184.94.240.88 - - [11/Sep/2022:17:12:55 -0700] "GET /images/?C=D;O=A HTTP/1.1" 200 550 "-" "Mozilla/5.0 (Windows NT 10.0; Win64; x64; rv:65.0) Gecko/20100101 Firefox/65.0" "www.earthmint.com"
184.94.240.88 - - [11/Sep/2022:17:12:55 -0700] "GET /images/?C=M;O=A HTTP/1.1" 200 550 "-" "Mozilla/5.0 (Windows NT 10.0; Win64; x64; rv:65.0) Gecko/20100101 Firefox/65.0" "www.earthmint.com"
184.94.240.88 - - [11/Sep/2022:17:12:56 -0700] "GET /images/?C=S;O=A HTTP/1.1" 200 550 "-" "Mozilla/5.0 (Windows NT 10.0; Win64; x64; rv:65.0) Gecko/20100101 Firefox/65.0" "www.earthmint.com"
184.94.240.88 - - [11/Sep/2022:17:12:57 -0700] "GET /index_files/?C=M;O=A HTTP/1.1" 200 560 "-" "Mozilla/5.0 (Windows NT 10.0; Win64; x64; rv:65.0) Gecko/20100101 Firefox/65.0" "www.earthmint.com"
184.94.240.88 - - [11/Sep/2022:17:12:58 -0700] "GET /index_files/?C=N;O=D HTTP/1.1" 200 560 "-" "Mozilla/5.0 (Windows NT 10.0; Win64; x64; rv:65.0) Gecko/20100101 Firefox/65.0" "www.earthmint.com"
184.94.240.88 - - [11/Sep/2022:17:12:58 -0700] "GET /index_files/?C=D;O=A HTTP/1.1" 200 560 "-" "Mozilla/5.0 (Windows NT 10.0; Win64; x64; rv:65.0) Gecko/20100101 Firefox/65.0" "www.earthmint.com"
184.94.240.88 - - [11/Sep/2022:17:13:00 -0700] "GET /index_files/?C=S;O=A HTTP/1.1" 200 560 "-" "Mozilla/5.0 (Windows NT 10.0; Win64; x64; rv:65.0) Gecko/20100101 Firefox/65.0" "www.earthmint.com"
114.119.144.209 - - [11/Sep/2022:17:29:48 -0700] "GET /index_files/?C=M%3BO%3DA HTTP/1.1" 200 314 "https://www.earthmint.com/index_files?N=D" "Mozilla/5.0 (Linux; Android 7.0;) AppleWebKit/537.36 (KHTML, like Gecko) Mobile Safari/537.36 (compatible; PetalBot;+https://webmaster.petalsearch.com/site/petalbot)" "www.earthmint.com"
51.222.253.15 - - [11/Sep/2022:17:55:18 -0700] "GET /robots.txt HTTP/1.1" 404 88 "-" "Mozilla/5.0 (compatible; AhrefsBot/7.0; +http://ahrefs.com/robot/)" "earthmint.com"
51.222.253.20 - - [11/Sep/2022:17:55:19 -0700] "GET / HTTP/1.1" 200 379 "-" "Mozilla/5.0 (compatible; AhrefsBot/7.0; +http://ahrefs.com/robot/)" "earthmint.com"
58.250.125.132 - - [11/Sep/2022:18:07:25 -0700] "GET / HTTP/1.1" 200 379 "-" "Sogou web spider/4.0(+http://www.sogou.com/docs/help/webmasters.htm#07)" "earthmint.com"
51.222.253.18 - - [11/Sep/2022:18:10:52 -0700] "GET /robots.txt HTTP/1.1" 404 88 "-" "Mozilla/5.0 (compatible; AhrefsBot/7.0; +http://ahrefs.com/robot/)" "www.earthmint.com"
157.55.39.86 - - [11/Sep/2022:18:48:24 -0700] "GET /robots.txt HTTP/1.1" 404 88 "-" "Mozilla/5.0 (compatible; bingbot/2.0; +http://www.bing.com/bingbot.htm)" "earthmint.com"
207.46.13.208 - - [11/Sep/2022:18:48:33 -0700] "GET / HTTP/1.1" 200 379 "-" "Mozilla/5.0 (compatible; bingbot/2.0; +http://www.bing.com/bingbot.htm)" "earthmint.com"
61.135.159.152 - - [11/Sep/2022:19:10:00 -0700] "GET / HTTP/1.1" 200 379 "-" "Sogou web spider/4.0(+http://www.sogou.com/docs/help/webmasters.htm#07)" "www.earthmint.com"
208.100.26.237 - - [11/Sep/2022:19:19:08 -0700] "HEAD /core/misc/drupal.js HTTP/1.1" 404 - "-" "Mozilla/5.0 (Windows NT 10.0; WOW64; Trident/7.0; Touch; MDDCJS; rv:11.0) like Gecko" "earthmint.com"
208.100.26.237 - - [11/Sep/2022:19:19:08 -0700] "HEAD /misc/drupal.js HTTP/1.1" 404 - "-" "Mozilla/5.0 (Windows NT 10.0; WOW64; Trident/7.0; Touch; MDDCJS; rv:11.0) like Gecko" "earthmint.com"
216.244.66.203 - - [11/Sep/2022:19:27:07 -0700] "GET /robots.txt HTTP/1.1" 404 73 "-" "Mozilla/5.0 (compatible; DotBot/1.2; +https://opensiteexplorer.org/dotbot; help@moz.com)" "www.earthmint.com"
46.4.107.115 - - [11/Sep/2022:19:46:50 -0700] "GET /robots.txt HTTP/1.1" 404 88 "-" "Mozilla/5.0 (compatible; BLEXBot/1.0; +http://webmeup-crawler.com/)" "earthmint.com"
46.4.107.115 - - [11/Sep/2022:19:46:50 -0700] "GET / HTTP/1.1" 200 379 "-" "Mozilla/5.0 (compatible; BLEXBot/1.0; +http://webmeup-crawler.com/)" "www.earthmint.com"
123.125.109.128 - - [11/Sep/2022:20:24:14 -0700] "GET / HTTP/1.1" 200 379 "-" "Sogou web spider/4.0(+http://www.sogou.com/docs/help/webmasters.htm#07)" "earthmint.com"
61.135.159.129 - - [11/Sep/2022:20:40:10 -0700] "GET / HTTP/1.1" 200 379 "-" "Sogou web spider/4.0(+http://www.sogou.com/docs/help/webmasters.htm#07)" "www.earthmint.com"
27.66.242.108 - - [11/Sep/2022:20:50:08 -0700] "GET / HTTP/1.1" 200 379 "-" "Mozilla/5.0 (Windows NT 10.0; Win64; x64) AppleWebKit/537.36 (KHTML, like Gecko) Chrome/85.0.4183.121 Safari/537.36" "earthmint.com"
216.244.66.203 - - [11/Sep/2022:21:09:47 -0700] "GET /robots.txt HTTP/1.1" 404 73 "-" "Mozilla/5.0 (compatible; DotBot/1.2; +https://opensiteexplorer.org/dotbot; help@moz.com)" "www.earthmint.com"
195.201.9.240 - - [11/Sep/2022:21:35:03 -0700] "GET / HTTP/1.1" 200 849 "-" "Mozilla/5.0 (X11; Linux x86_64) AppleWebKit/537.36 (KHTML, like Gecko) Chrome/90.0.4430.212 Safari/537.36" "www.earthmint.com"
195.201.9.240 - - [11/Sep/2022:21:35:03 -0700] "GET / HTTP/1.1" 200 849 "-" "Mozilla/5.0 (X11; Linux x86_64) AppleWebKit/537.36 (KHTML, like Gecko) Chrome/90.0.4430.212 Safari/537.36" "www.earthmint.com"
114.119.144.23 - - [11/Sep/2022:22:19:18 -0700] "GET /index_files?S=A HTTP/1.1" 301 1419 "https://www.earthmint.com/index_files?M=D" "Mozilla/5.0 (Linux; Android 7.0;) AppleWebKit/537.36 (KHTML, like Gecko) Mobile Safari/537.36 (compatible; PetalBot;+https://webmaster.petalsearch.com/site/petalbot)" "www.earthmint.com"
114.119.144.23 - - [11/Sep/2022:22:19:23 -0700] "GET /index_files/?S=A HTTP/1.1" 200 314 "https://www.earthmint.com/index_files?M=D" "Mozilla/5.0 (Linux; Android 7.0;) AppleWebKit/537.36 (KHTML, like Gecko) Mobile Safari/537.36 (compatible; PetalBot;+https://webmaster.petalsearch.com/site/petalbot)" "www.earthmint.com"
207.46.13.208 - - [11/Sep/2022:22:22:13 -0700] "GET / HTTP/1.1" 200 379 "-" "Mozilla/5.0 (compatible; bingbot/2.0; +http://www.bing.com/bingbot.htm)" "www.earthmint.com"
114.119.136.14 - - [11/Sep/2022:22:33:37 -0700] "GET /robots.txt HTTP/1.1" 404 88 "-" "Mozilla/5.0 (compatible;PetalBot;+https://webmaster.petalsearch.com/site/petalbot)" "earthmint.com"
114.119.144.212 - - [11/Sep/2022:22:49:44 -0700] "GET / HTTP/1.1" 200 379 "http://www.newcanaannewsonline.com/news/article/Drilling-away-the-oil-A-New-Canaan-resident-goes-3563466.php" "Mozilla/5.0 (Linux; Android 7.0;) AppleWebKit/537.36 (KHTML, like Gecko) Mobile Safari/537.36 (compatible; PetalBot;+https://webmaster.petalsearch.com/site/petalbot)" "www.earthmint.com"
207.46.13.206 - - [11/Sep/2022:22:50:19 -0700] "GET / HTTP/1.1" 200 379 "-" "Mozilla/5.0 (compatible; bingbot/2.0; +http://www.bing.com/bingbot.htm)" "www.earthmint.com"
51.222.253.12 - - [11/Sep/2022:22:51:57 -0700] "GET /robots.txt HTTP/1.1" 404 88 "-" "Mozilla/5.0 (compatible; AhrefsBot/7.0; +http://ahrefs.com/robot/)" "earthmint.com"
51.222.253.2 - - [11/Sep/2022:22:51:58 -0700] "GET / HTTP/1.1" 200 379 "-" "Mozilla/5.0 (compatible; AhrefsBot/7.0; +http://ahrefs.com/robot/)" "earthmint.com"
114.119.129.36 - - [11/Sep/2022:23:03:59 -0700] "GET /index_files?D=D HTTP/1.1" 301 1414 "http://earthmint.com/index_files?D=A" "Mozilla/5.0 (Linux; Android 7.0;) AppleWebKit/537.36 (KHTML, like Gecko) Mobile Safari/537.36 (compatible; PetalBot;+https://webmaster.petalsearch.com/site/petalbot)" "earthmint.com"
114.119.129.36 - - [11/Sep/2022:23:04:10 -0700] "GET /index_files/?D=D HTTP/1.1" 200 314 "http://earthmint.com/index_files?D=A" "Mozilla/5.0 (Linux; Android 7.0;) AppleWebKit/537.36 (KHTML, like Gecko) Mobile Safari/537.36 (compatible; PetalBot;+https://webmaster.petalsearch.com/site/petalbot)" "earthmint.com"
114.119.144.212 - - [11/Sep/2022:23:15:15 -0700] "GET /index_files HTTP/1.1" 301 1414 "https://earthmint.com?C=D%3BO%3DA" "Mozilla/5.0 (Linux; Android 7.0;) AppleWebKit/537.36 (KHTML, like Gecko) Mobile Safari/537.36 (compatible; PetalBot;+https://webmaster.petalsearch.com/site/petalbot)" "earthmint.com"
114.119.144.212 - - [11/Sep/2022:23:15:25 -0700] "GET /index_files/ HTTP/1.1" 200 314 "https://earthmint.com?C=D%3BO%3DA" "Mozilla/5.0 (Linux; Android 7.0;) AppleWebKit/537.36 (KHTML, like Gecko) Mobile Safari/537.36 (compatible; PetalBot;+https://webmaster.petalsearch.com/site/petalbot)" "earthmint.com"
216.244.66.203 - - [11/Sep/2022:23:42:00 -0700] "GET /robots.txt HTTP/1.1" 404 73 "-" "Mozilla/5.0 (compatible; DotBot/1.2; +https://opensiteexplorer.org/dotbot; help@moz.com)" "www.earthmint.com"
114.119.144.23 - - [12/Sep/2022:00:25:26 -0700] "GET /index_files?S=A HTTP/1.1" 301 1414 "http://earthmint.com/index_files?M=A" "Mozilla/5.0 (Linux; Android 7.0;) AppleWebKit/537.36 (KHTML, like Gecko) Mobile Safari/537.36 (compatible; PetalBot;+https://webmaster.petalsearch.com/site/petalbot)" "earthmint.com"
114.119.144.23 - - [12/Sep/2022:00:25:36 -0700] "GET /index_files/?S=A HTTP/1.1" 200 314 "http://earthmint.com/index_files?M=A" "Mozilla/5.0 (Linux; Android 7.0;) AppleWebKit/537.36 (KHTML, like Gecko) Mobile Safari/537.36 (compatible; PetalBot;+https://webmaster.petalsearch.com/site/petalbot)" "earthmint.com"
114.119.144.229 - - [12/Sep/2022:01:02:41 -0700] "GET /images?M=D HTTP/1.1" 301 1414 "https://www.earthmint.com/images?M=A" "Mozilla/5.0 (Linux; Android 7.0;) AppleWebKit/537.36 (KHTML, like Gecko) Mobile Safari/537.36 (compatible; PetalBot;+https://webmaster.petalsearch.com/site/petalbot)" "www.earthmint.com"
114.119.144.229 - - [12/Sep/2022:01:02:50 -0700] "GET /images/?M=D HTTP/1.1" 200 311 "https://www.earthmint.com/images?M=A" "Mozilla/5.0 (Linux; Android 7.0;) AppleWebKit/537.36 (KHTML, like Gecko) Mobile Safari/537.36 (compatible; PetalBot;+https://webmaster.petalsearch.com/site/petalbot)" "www.earthmint.com"
114.119.148.132 - - [12/Sep/2022:01:06:37 -0700] "GET /robots.txt HTTP/1.1" 404 88 "-" "Mozilla/5.0 (compatible;PetalBot;+https://webmaster.petalsearch.com/site/petalbot)" "earthmint.com"
216.244.66.203 - - [12/Sep/2022:01:23:40 -0700] "GET /robots.txt HTTP/1.1" 404 73 "-" "Mozilla/5.0 (compatible; DotBot/1.2; +https://opensiteexplorer.org/dotbot; help@moz.com)" "earthmint.com"
114.119.151.64 - - [12/Sep/2022:01:26:57 -0700] "GET /robots.txt HTTP/1.1" 404 88 "-" "Mozilla/5.0 (compatible;PetalBot;+https://webmaster.petalsearch.com/site/petalbot)" "www.earthmint.com"
123.125.109.128 - - [12/Sep/2022:01:28:21 -0700] "GET / HTTP/1.1" 200 379 "-" "Sogou web spider/4.0(+http://www.sogou.com/docs/help/webmasters.htm#07)" "earthmint.com"
162.55.85.227 - - [12/Sep/2022:01:39:18 -0700] "GET /robots.txt HTTP/1.1" 404 88 "-" "Mozilla/5.0 (compatible; BLEXBot/1.0; +http://webmeup-crawler.com/)" "www.earthmint.com"
162.55.85.227 - - [12/Sep/2022:01:39:18 -0700] "GET / HTTP/1.1" 200 379 "-" "Mozilla/5.0 (compatible; BLEXBot/1.0; +http://webmeup-crawler.com/)" "www.earthmint.com"
207.46.13.206 - - [12/Sep/2022:02:00:57 -0700] "GET / HTTP/1.1" 200 379 "-" "Mozilla/5.0 (compatible; bingbot/2.0; +http://www.bing.com/bingbot.htm)" "earthmint.com"
61.135.159.129 - - [12/Sep/2022:02:01:21 -0700] "GET / HTTP/1.1" 200 379 "-" "Sogou web spider/4.0(+http://www.sogou.com/docs/help/webmasters.htm#07)" "www.earthmint.com"
114.119.144.229 - - [12/Sep/2022:02:03:46 -0700] "GET /logs/ HTTP/1.1" 403 170 "http://earthmint.com/" "Mozilla/5.0 (Linux; Android 7.0;) AppleWebKit/537.36 (KHTML, like Gecko) Mobile Safari/537.36 (compatible; PetalBot;+https://webmaster.petalsearch.com/site/petalbot)" "earthmint.com"
216.244.66.203 - - [12/Sep/2022:02:14:21 -0700] "GET /robots.txt HTTP/1.1" 404 73 "-" "Mozilla/5.0 (compatible; DotBot/1.2; +https://opensiteexplorer.org/dotbot; help@moz.com)" "earthmint.com"
114.119.144.23 - - [12/Sep/2022:03:16:14 -0700] "GET /index_files?D=D HTTP/1.1" 301 1419 "https://www.earthmint.com/index_files?D=A" "Mozilla/5.0 (Linux; Android 7.0;) AppleWebKit/537.36 (KHTML, like Gecko) Mobile Safari/537.36 (compatible; PetalBot;+https://webmaster.petalsearch.com/site/petalbot)" "www.earthmint.com"
114.119.144.23 - - [12/Sep/2022:03:16:26 -0700] "GET /index_files/?D=D HTTP/1.1" 200 314 "https://www.earthmint.com/index_files?D=A" "Mozilla/5.0 (Linux; Android 7.0;) AppleWebKit/537.36 (KHTML, like Gecko) Mobile Safari/537.36 (compatible; PetalBot;+https://webmaster.petalsearch.com/site/petalbot)" "www.earthmint.com"
35.187.118.85 - - [12/Sep/2022:04:40:32 -0700] "GET / HTTP/1.1" 200 849 "-" "Mozilla/5.0 (Windows NT 10.0; Win64; x64) AppleWebKit/537.36 (KHTML, like Gecko) Chrome/84.0.4147.105 Safari/537.36" "www.earthmint.com"
114.119.144.23 - - [12/Sep/2022:04:48:54 -0700] "GET /?C=M%3BO%3DA HTTP/1.1" 200 379 "https://earthmint.com" "Mozilla/5.0 (Linux; Android 7.0;) AppleWebKit/537.36 (KHTML, like Gecko) Mobile Safari/537.36 (compatible; PetalBot;+https://webmaster.petalsearch.com/site/petalbot)" "earthmint.com"
157.55.39.86 - - [12/Sep/2022:04:54:52 -0700] "GET /robots.txt HTTP/1.1" 404 88 "-" "Mozilla/5.0 (compatible; bingbot/2.0; +http://www.bing.com/bingbot.htm)" "earthmint.com"
207.46.13.208 - - [12/Sep/2022:04:55:02 -0700] "GET / HTTP/1.1" 200 379 "-" "Mozilla/5.0 (compatible; bingbot/2.0; +http://www.bing.com/bingbot.htm)" "earthmint.com"
107.178.207.138 - - [12/Sep/2022:04:58:44 -0700] "GET / HTTP/1.1" 200 379 "-" "Mozilla/5.0 (Windows NT 10.0; Win64; x64) AppleWebKit/537.36 (KHTML, like Gecko) Chrome/70.0.3538.102 Safari/537.36 Edge/18.19582" "earthmint.com"
52.13.39.251 - - [12/Sep/2022:05:16:51 -0700] "GET / HTTP/1.1" 200 379 "-" "Mozilla/5.0 (X11; Linux x86_64) AppleWebKit/537.36 (KHTML, like Gecko) Chrome/83.0.4103.97 Safari/537.36" "earthmint.com"
54.191.192.107 - - [12/Sep/2022:05:17:10 -0700] "GET /favicon.ico HTTP/1.1" 404 88 "-" "Mozilla/5.0 (X11; Linux x86_64) AppleWebKit/537.36 (KHTML, like Gecko) Chrome/83.0.4103.97 Safari/537.36" "earthmint.com"
54.191.192.107 - - [12/Sep/2022:05:17:11 -0700] "GET / HTTP/1.1" 200 379 "-" "Mozilla/5.0 (X11; Linux x86_64) AppleWebKit/537.36 (KHTML, like Gecko) Chrome/83.0.4103.97 Safari/537.36" "earthmint.com"
